000
CXUS55 KDVN 221000
CF6CID
PRELIMINARY LOCAL CLIMATOLOGICAL DATA (WS FORM: F-6)
STATION: CEDAR RAPIDS IA
MONTH: APRIL
YEAR: 2024
LATITUDE: 41 52 N
LONGITUDE: 91 42 W
TEMPERATURE IN F: :PCPN: SNOW: WIND :SUNSHINE: SKY :PK WND
================================================================================
1 2 3 4 5 6A 6B 7 8 9 10 11 12 13 14 15 16 17 18
12Z AVG MX 2MIN
DY MAX MIN AVG DEP HDD CDD WTR SNW DPTH SPD SPD DIR MIN PSBL S-S WX SPD DR
================================================================================
1 46 40 43 0 22 0 0.10 M M 16.3 25 70 M M 10 1 35 90
2 41 33 37 -7 28 0 1.16 M M 18.5 29 330 M M 10 1 41 330
3 43 33 38 -6 27 0 0.30 M M 24.4 37 330 M M 10 18 54 350
4 47 34 41 -4 24 0 0.00 M M 14.8 29 350 M M 10 36 320
5 52 29 41 -4 24 0 0.00 M M 7.3 17 40 M M 3 22 40
6 57 24 41 -4 24 0 0.00 M M 15.0 28 120 M M 0 37 110
7 63 42 53 7 12 0 0.05 M M 17.9 32 130 M M 8 1 48 120
8 68 44 56 10 9 0 0.00 M M 12.5 24 230 M M 0 33 220
9 65 36 51 5 14 0 0.00 M M 9.9 23 290 M M 1 30 280
10 72 35 54 7 11 0 0.00 M M 4.2 12 240 M M 2 8 16 230
11 63 45 54 7 11 0 0.03 M M 15.9 31 310 M M 6 13 40 310
12 65 39 52 4 13 0 0.00 M M 17.8 31 310 M M 1 43 320
13 80 35 58 10 7 0 0.00 M M 11.0 28 190 M M 0 37 190
14 86 54 70 22 0 5 0.00 M M 11.2 20 310 M M 0 26 330
15 78 45 62 13 3 0 0.00 M M 11.7 22 80 M M 0 36 110
16 72 57 65 16 0 0 0.59 M M 19.4 37 230 M M 6 123 52 240
17 61 45 53 4 12 0 T M M 17.2 31 280 M M 7 1 40 290
18 51 36 44 -6 21 0 0.28 M M 8.6 18 330 M M 7 1 23 340
19 57 30 44 -6 21 0 0.00 M M 14.7 32 300 M M 0 43 280
20 44 27 36 -14 29 0 0.00 M M 13.8 23 310 M M 6 29 330
21 60 26 43 -8 22 0 0.00 M M 10.3 22 300 M M 0 32 290
================================================================================
SM 1271 789 334 5 2.51 M 292.4 M 87
================================================================================
AV 60.5 37.6 13.9 FASTST M M 4 MAX(MPH)
MISC ----> # 37 330 54 350
================================================================================
NOTES:
# LAST OF SEVERAL OCCURRENCES
COLUMN 17 PEAK WIND IN M.P.H.
PRELIMINARY LOCAL CLIMATOLOGICAL DATA (WS FORM: F-6) , PAGE 2
STATION: CEDAR RAPIDS IA
MONTH: APRIL
YEAR: 2024
LATITUDE: 41 52 N
LONGITUDE: 91 42 W
[TEMPERATURE DATA] [PRECIPITATION DATA] SYMBOLS USED IN COLUMN 16
AVERAGE MONTHLY: 49.0 TOTAL FOR MONTH: 2.51 1 = FOG OR MIST
DPTR FM NORMAL: 1.9 DPTR FM NORMAL: 0.16 2 = FOG REDUCING VISIBILITY
HIGHEST: 86 ON 14 GRTST 24HR 1.16 ON 2- 2 TO 1/4 MILE OR LESS
LOWEST: 24 ON 6 3 = THUNDER
SNOW, ICE PELLETS, HAIL 4 = ICE PELLETS
TOTAL MONTH: M 5 = HAIL
GRTST 24HR M ON M 6 = FREEZING RAIN OR DRIZZLE
GRTST DEPTH: M ON M 7 = DUSTSTORM OR SANDSTORM:
VSBY 1/2 MILE OR LESS
8 = SMOKE OR HAZE
[NO. OF DAYS WITH] [WEATHER - DAYS WITH] 9 = BLOWING SNOW
X = TORNADO
MAX 32 OR BELOW: 0 0.01 INCH OR MORE: 7
MAX 90 OR ABOVE: 0 0.10 INCH OR MORE: 5
MIN 32 OR BELOW: 5 0.50 INCH OR MORE: 2
MIN 0 OR BELOW: 0 1.00 INCH OR MORE: 1
[HDD (BASE 65) ]
TOTAL THIS MO. 334 CLEAR (SCALE 0-3) 11
DPTR FM NORMAL -42 PTCLDY (SCALE 4-7) 6
TOTAL FM JUL 1 5272 CLOUDY (SCALE 8-10) 4
DPTR FM NORMAL -1215
[CDD (BASE 65) ]
TOTAL THIS MO. 5
DPTR FM NORMAL 5 [PRESSURE DATA]
TOTAL FM JAN 1 5 HIGHEST SLP M ON M
DPTR FM NORMAL 4 LOWEST SLP 29.41 ON 16
[REMARKS]