000
CXUS55 KDVN 011100
CF6CID
PRELIMINARY LOCAL CLIMATOLOGICAL DATA (WS FORM: F-6)
STATION: CEDAR RAPIDS IA
MONTH: NOVEMBER
YEAR: 2020
LATITUDE: 41 52 N
LONGITUDE: 91 42 W
TEMPERATURE IN F: :PCPN: SNOW: WIND :SUNSHINE: SKY :PK WND
================================================================================
1 2 3 4 5 6A 6B 7 8 9 10 11 12 13 14 15 16 17 18
12Z AVG MX 2MIN
DY MAX MIN AVG DEP HDD CDD WTR SNW DPTH SPD SPD DIR MIN PSBL S-S WX SPD DR
================================================================================
1 42 19 31 -14 34 0 0.00 M M 18.0 32 310 M M 0 44 300
2 58 17 38 -6 27 0 0.00 M M 9.2 22 240 M M 0 8 32 240
3 72 29 51 7 14 0 0.00 M M 9.8 22 200 M M 0 28 190
4 71 42 57 14 8 0 0.00 M M 10.2 21 210 M M 0 25 190
5 70 40 55 12 10 0 0.00 M M 4.3 9 200 M M 0 8 14 250
6 73 40 57 15 8 0 0.00 M M 9.1 20 190 M M 0 1 25 190
7 71 48 60 18 5 0 0.00 M M 12.8 24 190 M M 0 33 210
8 74 53 64 23 1 0 0.00 M M 13.5 23 180 M M 2 33 160
9 74 50 62 21 3 0 T M M 16.1 29 200 M M 8 38 220
10 55 30 43 3 22 0 0.99 M M 17.6 37 260 M M 10 1 49 260
11 46 23 35 -5 30 0 0.00 M M 7.4 21 280 M M 2 26 280
12 51 24 38 -1 27 0 0.00 M M 9.1 26 320 M M 5 1 34 320
13 37 16 27 -12 38 0 0.00 M M 7.7 17 310 M M 0 22 320
14 51 28 40 2 25 0 0.03 M M 15.0 24 160 M M 7 1 31 140
15 46 28 37 -1 28 0 0.04 M M 20.8 40 290 M M 6 1 54 290
16 52 22 37 0 28 0 0.00 M M 12.8 31 310 M M 2 42 290
17 38 18 28 -8 37 0 0.00 M M 6.7 13 160 M M 3 18 19 160
18 54 31 43 7 22 0 0.00 M M 16.8 25 170 M M 0 39 190
19 69 43 56 21 9 0 0.00 M M 14.4 26 210 M M 0 36 200
20 50 35 43 8 22 0 0.00 M M 8.9 18 340 M M 0 18 22 340
21 42 26 34 0 31 0 0.00 M M 5.8 9 50 M M 0 18 19 360
22 49 25 37 3 28 0 0.00 M M 8.0 22 290 M M 3 18 29 290
23 36 18 27 -6 38 0 0.10 M M 5.8 12 160 M M 3 1 15 330
24 43 31 37 5 28 0 0.38 M M 11.2 23 130 M M 10 12 30 130
25 42 37 40 8 25 0 0.61 M M 9.4 21 30 M M 10 12 27 40
26 46 30 38 7 27 0 0.00 M M 9.9 21 200 M M 5 1 26 190
27 42 24 33 2 32 0 0.00 M M 8.8 21 300 M M 5 1 27 290
28 54 23 39 9 26 0 0.00 M M 9.7 18 220 M M 0 25 210
29 40 26 33 3 32 0 0.00 M M 16.0 31 330 M M 3 40 340
30 31 15 23 -6 42 0 0.00 M M 12.3 23 340 M M 2 30 350
================================================================================
SM 1579 891 707 0 2.15 M 337.1 M 86
================================================================================
AV 52.6 29.7 11.2 FASTST M M 3 MAX(MPH)
MISC ----> 40 290 54 290
================================================================================
NOTES:
# LAST OF SEVERAL OCCURRENCES
COLUMN 17 PEAK WIND IN M.P.H.
PRELIMINARY LOCAL CLIMATOLOGICAL DATA (WS FORM: F-6) , PAGE 2
STATION: CEDAR RAPIDS IA
MONTH: NOVEMBER
YEAR: 2020
LATITUDE: 41 52 N
LONGITUDE: 91 42 W
[TEMPERATURE DATA] [PRECIPITATION DATA] SYMBOLS USED IN COLUMN 16
AVERAGE MONTHLY: 41.2 TOTAL FOR MONTH: 2.15 1 = FOG OR MIST
DPTR FM NORMAL: 4.1 DPTR FM NORMAL: 0.04 2 = FOG REDUCING VISIBILITY
HIGHEST: 74 ON 9, 8 GRTST 24HR 0.99 ON 9-10 TO 1/4 MILE OR LESS
LOWEST: 15 ON 30 3 = THUNDER
SNOW, ICE PELLETS, HAIL 4 = ICE PELLETS
TOTAL MONTH: M 5 = HAIL
GRTST 24HR M ON M 6 = FREEZING RAIN OR DRIZZLE
GRTST DEPTH: M ON M 7 = DUSTSTORM OR SANDSTORM:
VSBY 1/2 MILE OR LESS
8 = SMOKE OR HAZE
[NO. OF DAYS WITH] [WEATHER - DAYS WITH] 9 = BLOWING SNOW
X = TORNADO
MAX 32 OR BELOW: 1 0.01 INCH OR MORE: 6
MAX 90 OR ABOVE: 0 0.10 INCH OR MORE: 4
MIN 32 OR BELOW: 21 0.50 INCH OR MORE: 2
MIN 0 OR BELOW: 0 1.00 INCH OR MORE: 0
[HDD (BASE 65) ]
TOTAL THIS MO. 707 CLEAR (SCALE 0-3) 19
DPTR FM NORMAL -129 PTCLDY (SCALE 4-7) 8
TOTAL FM JUL 1 1442 CLOUDY (SCALE 8-10) 3
DPTR FM NORMAL -4
[CDD (BASE 65) ]
TOTAL THIS MO. 0
DPTR FM NORMAL 0 [PRESSURE DATA]
TOTAL FM JAN 1 792 HIGHEST SLP 30.59 ON 21
DPTR FM NORMAL 44 LOWEST SLP 29.36 ON 14
[REMARKS]
#FINAL-11-20#