000
CXUS55 KOHX 011647
CF6CKV
PRELIMINARY LOCAL CLIMATOLOGICAL DATA (WS FORM: F-6)
STATION: CLARKSVILLE
MONTH: JANUARY
YEAR: 2024
LATITUDE: 36 37 N
LONGITUDE: 87 25 W
TEMPERATURE IN F: :PCPN: SNOW: WIND :SUNSHINE: SKY :PK WND
================================================================================
1 2 3 4 5 6A 6B 7 8 9 10 11 12 13 14 15 16 17 18
12Z AVG MX 2MIN
DY MAX MIN AVG DEP HDD CDD WTR SNW DPTH SPD SPD DIR MIN PSBL S-S WX SPD DR
================================================================================
1 38 34 36 -1 29 0 0.00 M M 7.1 15 340 M M 10 19 320
2 42 27 35 -2 30 0 0.00 M M 2.3 8 250 M M 6 11 220
3 42 22 32 -5 33 0 M M M 2.7 13 350 M M 2 1 18 350
4 44 28 36 -1 29 0 0.00 M M 8.2 17 350 M M 6 22 30
5 45 23 34 -3 31 0 0.03 M M 5.8 14 140 M M 3 18 150
6 43 37 40 3 25 0 0.44 M M 5.7 12 270 M M 10 1 17 260
7 48 30 39 2 26 0 T M M 7.3 18 270 M M 7 27 250
8 48 27 38 1 27 0 1.24 M M 8.6 18 110 M M 3 1 24 130
9 52 37 45 8 20 0 0.67 M M 15.2 31 230 M M 10 1 47 250
10 44 35 40 3 25 0 0.00 M M 10.4 21 260 M M 10 33 260
11 57 37 47 10 18 0 0.00 M M 8.0 17 200 M M 0 24 200
12 56 28 42 5 23 0 0.96 M M 17.3 31 250 M M 9 13 50 250
13 41 26 34 -3 31 0 0.00 M M 10.0 26 270 M M 5 40 280
14 32 11 22 -15 43 0 0.01 M M 11.2 20 340 M M 6 25 320
15 13 8 11 -26 54 0 T M M 9.4 14 330 M M 10 18 330
16 18 4 11 -26 54 0 0.00 M M 9.1 18 320 M M 5 24 320
17 29 3 16 -21 49 0 0.00 M M 8.5 16 200 M M 0 24 210
18 33 17 25 -12 40 0 T M M 5.7 15 310 M M 6 1 24 230
19 31 10 21 -16 44 0 T M M 12.1 26 320 M M 5 18 34 320
20 18 6 12 -25 53 0 T M M 7.4 18 340 M M 2 8 23 360
21 29 4 17 -20 48 0 0.00 M M 5.1 15 110 M M 0 18 110
22 50 21 36 -1 29 0 0.00 M M 6.7 14 150 M M 5 18 200
23 54 43 49 12 16 0 0.10 M M 7.9 14 150 M M 10 1 22 180
24 61 51 56 19 9 0 1.17 M M 5.8 13 150 M M 10 12 19 160
25 61 54 58 21 7 0 0.26 M M 5.6 20 90 M M 10 12 25 100
26 56 46 51 14 14 0 0.00 M M 4.0 15 250 M M 9 1 22 270
27 51 41 46 9 19 0 0.70 M M 12.7 26 80 M M 10 13 35 80
28 44 36 40 3 25 0 T M M 15.0 23 290 M M 10 1 32 300
29 41 27 34 -4 31 0 0.00 M M 5.2 14 310 M M 8 1 17 320
30 56 26 41 3 24 0 0.00 M M 8.8 25 330 M M 5 1 30 330
31 49 32 41 3 24 0 0.00 M M 4.7 13 340 M M 6 17 330
================================================================================
SM 1326 831 930 0 5.58 M 253.5 M 198
================================================================================
AV 42.8 26.8 8.2 FASTST M M 6 MAX(MPH)
MISC ----> # 31 230 50 250
================================================================================
NOTES:
# LAST OF SEVERAL OCCURRENCES
COLUMN 17 PEAK WIND IN M.P.H.
PRELIMINARY LOCAL CLIMATOLOGICAL DATA (WS FORM: F-6) , PAGE 2
STATION: CLARKSVILLE
MONTH: JANUARY
YEAR: 2024
LATITUDE: 36 37 N
LONGITUDE: 87 25 W
[TEMPERATURE DATA] [PRECIPITATION DATA] SYMBOLS USED IN COLUMN 16
AVERAGE MONTHLY: 34.8 TOTAL FOR MONTH: 5.58 1 = FOG OR MIST
DPTR FM NORMAL: -2.2 DPTR FM NORMAL: 2.30 2 = FOG REDUCING VISIBILITY
HIGHEST: 61 ON 25,24 GRTST 24HR 1.90 ON 8- 9 TO 1/4 MILE OR LESS
LOWEST: 3 ON 17 3 = THUNDER
SNOW, ICE PELLETS, HAIL 4 = ICE PELLETS
TOTAL MONTH: M 5 = HAIL
GRTST 24HR M ON M 6 = FREEZING RAIN OR DRIZZLE
GRTST DEPTH: M ON M 7 = DUSTSTORM OR SANDSTORM:
VSBY 1/2 MILE OR LESS
8 = SMOKE OR HAZE
[NO. OF DAYS WITH] [WEATHER - DAYS WITH] 9 = BLOWING SNOW
X = TORNADO
MAX 32 OR BELOW: 7 0.01 INCH OR MORE: 10
MAX 90 OR ABOVE: 0 0.10 INCH OR MORE: 8
MIN 32 OR BELOW: 20 0.50 INCH OR MORE: 5
MIN 0 OR BELOW: 0 1.00 INCH OR MORE: 2
[HDD (BASE 65) ]
TOTAL THIS MO. 930 CLEAR (SCALE 0-3) 7
DPTR FM NORMAL 60 PTCLDY (SCALE 4-7) 12
TOTAL FM JUL 1 1808 CLOUDY (SCALE 8-10) 12
DPTR FM NORMAL -589
[CDD (BASE 65) ]
TOTAL THIS MO. 0
DPTR FM NORMAL 0 [PRESSURE DATA]
TOTAL FM JAN 1 0 HIGHEST SLP 30.74 ON 21
DPTR FM NORMAL 0 LOWEST SLP 29.19 ON 9
[REMARKS]
#FINAL-01-24#