000
CXUS55 KOHX 011110
CF6CKV
PRELIMINARY LOCAL CLIMATOLOGICAL DATA (WS FORM: F-6)
STATION: CLARKSVILLE
MONTH: SEPTEMBER
YEAR: 2021
LATITUDE: 36 37 N
LONGITUDE: 87 25 W
TEMPERATURE IN F: :PCPN: SNOW: WIND :SUNSHINE: SKY :PK WND
================================================================================
1 2 3 4 5 6A 6B 7 8 9 10 11 12 13 14 15 16 17 18
12Z AVG MX 2MIN
DY MAX MIN AVG DEP HDD CDD WTR SNW DPTH SPD SPD DIR MIN PSBL S-S WX SPD DR
================================================================================
1 83 66 75 0 0 10 0.00 M M 6.6 18 20 M M 4 23 10
2 82 60 71 -4 0 6 0.00 M M 5.3 13 30 M M 1 18 20
3 82 58 70 -4 0 5 0.00 M M 1.2 9 250 M M 0 1 12 270
4 82 59 71 -3 0 6 0.00 M M 4.9 15 250 M M 2 12 19 250
5 78 61 70 -4 0 5 0.31 M M 4.2 13 10 M M 6 12 17 250
6 84 57 71 -3 0 6 0.00 M M 2.4 12 80 M M 0 1 17 70
7 83 54 69 -4 0 4 0.00 M M 3.1 10 220 M M 0 12 14 210
8 78 60 69 -4 0 4 0.22 M M 4.6 18 310 M M 3 13 23 320
9 81 56 69 -4 0 4 0.00 M M 5.0 16 340 M M 1 21 350
10 81 53 67 -5 0 2 0.00 M M 1.3 9 210 M M 0 1 14 240
11 82 58 70 -2 0 5 0.00 M M 6.0 15 190 M M 0 1 21 200
12 84 62 73 1 0 8 0.00 M M 5.1 15 200 M M 0 1 19 200
13 88 64 76 4 0 11 0.00 M M 4.1 12 190 M M 1 12 14 250
14 88 68 78 7 0 13 T M M 5.5 17 280 M M 3 1 23 280
15 77 66 72 1 0 7 0.35 M M 3.7 12 210 M M 7 128 15 220
16 84 66 75 4 0 10 0.00 M M 4.1 12 140 M M 6 12 16 150
17 75 67 71 1 0 6 0.87 M M 3.8 12 130 M M 7 13 16 80
18 79 68 74 4 0 9 0.11 M M 4.2 10 90 M M 5 1 14 90
19 76 67 72 2 0 7 0.05 M M 6.7 14 130 M M 7 1 19 130
20 78 67 73 4 0 8 0.05 M M 6.6 17 140 M M 7 13 24 150
21 82 64 73 4 0 8 0.36 M M 4.6 17 320 M M 8 138 22 300
22 68 52 60 -8 5 0 0.37 M M 9.2 26 330 M M 7 18 37 340
23 71 49 60 -8 5 0 0.00 M M 5.5 18 310 M M 1 12 25 300
24 76 46 61 -7 4 0 0.00 M M 2.1 9 280 M M 2 12 13 260
25 76 50 63 -4 2 0 0.01 M M 1.8 13 340 M M 2 12 15 340
26 78 45 62 -5 3 0 0.00 M M 2.0 9 150 M M 2 12 13 220
27 82 53 68 1 0 3 0.00 M M 5.8 15 210 M M 0 1 21 220
28 84 58 71 5 0 6 0.00 M M 3.0 13 280 M M 1 128 16 220
29 86 61 74 8 0 9 0.00 M M 1.6 8 140 M M 3 12 12 160
30 85 62 74 9 0 9 0.00 M M 2.3 10 140 M M 0 18 15 130
================================================================================
SM 2413 1777 19 171 2.70 M 126.3 M 86
================================================================================
AV 80.4 59.2 4.2 FASTST M M 3 MAX(MPH)
MISC ----> 26 330 37 340
================================================================================
NOTES:
# LAST OF SEVERAL OCCURRENCES
COLUMN 17 PEAK WIND IN M.P.H.
PRELIMINARY LOCAL CLIMATOLOGICAL DATA (WS FORM: F-6) , PAGE 2
STATION: CLARKSVILLE
MONTH: SEPTEMBER
YEAR: 2021
LATITUDE: 36 37 N
LONGITUDE: 87 25 W
[TEMPERATURE DATA] [PRECIPITATION DATA] SYMBOLS USED IN COLUMN 16
AVERAGE MONTHLY: 69.8 TOTAL FOR MONTH: 2.70 1 = FOG OR MIST
DPTR FM NORMAL: -0.8 DPTR FM NORMAL: -0.77 2 = FOG REDUCING VISIBILITY
HIGHEST: 88 ON 14,13 GRTST 24HR 0.87 ON 17-17 TO 1/4 MILE OR LESS
LOWEST: 45 ON 26 3 = THUNDER
SNOW, ICE PELLETS, HAIL 4 = ICE PELLETS
TOTAL MONTH: M 5 = HAIL
GRTST 24HR M ON M 6 = FREEZING RAIN OR DRIZZLE
GRTST DEPTH: M ON M 7 = DUSTSTORM OR SANDSTORM:
VSBY 1/2 MILE OR LESS
8 = SMOKE OR HAZE
[NO. OF DAYS WITH] [WEATHER - DAYS WITH] 9 = BLOWING SNOW
X = TORNADO
MAX 32 OR BELOW: 0 0.01 INCH OR MORE: 10
MAX 90 OR ABOVE: 0 0.10 INCH OR MORE: 7
MIN 32 OR BELOW: 0 0.50 INCH OR MORE: 1
MIN 0 OR BELOW: 0 1.00 INCH OR MORE: 0
[HDD (BASE 65) ]
TOTAL THIS MO. 19 CLEAR (SCALE 0-3) 19
DPTR FM NORMAL -9 PTCLDY (SCALE 4-7) 10
TOTAL FM JUL 1 19 CLOUDY (SCALE 8-10) 1
DPTR FM NORMAL -6
[CDD (BASE 65) ]
TOTAL THIS MO. 171
DPTR FM NORMAL -23 [PRESSURE DATA]
TOTAL FM JAN 1 1458 HIGHEST SLP 30.23 ON 12
DPTR FM NORMAL -8 LOWEST SLP 29.70 ON 1
[REMARKS]
#FINAL-09-21#