000
CXUS55 KOHX 011110
CF6CKV
PRELIMINARY LOCAL CLIMATOLOGICAL DATA (WS FORM: F-6)
STATION: CLARKSVILLE
MONTH: JULY
YEAR: 2021
LATITUDE: 36 37 N
LONGITUDE: 87 25 W
TEMPERATURE IN F: :PCPN: SNOW: WIND :SUNSHINE: SKY :PK WND
================================================================================
1 2 3 4 5 6A 6B 7 8 9 10 11 12 13 14 15 16 17 18
12Z AVG MX 2MIN
DY MAX MIN AVG DEP HDD CDD WTR SNW DPTH SPD SPD DIR MIN PSBL S-S WX SPD DR
================================================================================
1 76 71 74 -3 0 9 0.88 M M 5.1 13 240 M M 7 1 20 230
2 82 62 72 -6 0 7 0.00 M M 8.1 18 20 M M 3 12 23 20
3 82 58 70 -8 0 5 0.00 M M 4.2 12 20 M M 1 8 16 360
4 86 60 73 -5 0 8 0.00 M M 2.3 9 220 M M 0 18 12 260
5 90 64 77 -1 0 12 0.00 M M 1.9 9 190 M M 1 18 16 140
6 90 69 80 2 0 15 0.00 M M 2.6 12 200 M M 1 128 18 200
7 86 69 78 0 0 13 0.00 M M 6.8 20 200 M M 4 1 24 200
8 89 70 80 2 0 15 0.13 M M 6.5 17 210 M M 6 13 24 210
9 90 71 81 3 0 16 0.00 M M 4.2 14 230 M M 5 19 220
10 87 70 79 1 0 14 1.10 M M 9.4 21 200 M M 3 13 27 210
11 83 71 77 -1 0 12 0.76 M M 8.3 18 200 M M 5 13 25 200
12 83 70 77 -1 0 12 0.01 M M 8.2 17 250 M M 6 1 26 240
13 85 70 78 0 0 13 0.57 M M 6.9 20 280 M M 4 123 29 270
14 87 69 78 0 0 13 0.00 M M 5.3 13 210 M M 4 1 16 200
15 89 72 81 3 0 16 0.00 M M 7.1 15 210 M M 2 20 190
16 89 74 82 4 0 17 0.01 M M 10.1 21 190 M M 1 3 28 190
17 87 73 80 2 0 15 0.01 M M 5.7 12 280 M M 4 3 17 200
18 83 70 77 -1 0 12 0.05 M M 3.1 20 340 M M 5 13 27 280
19 86 71 79 1 0 14 0.00 M M 7.2 17 40 M M 4 1 24 20
20 86 70 78 0 0 13 0.00 M M 8.5 16 10 M M 0 8 23 30
21 88 67 78 0 0 13 0.00 M M 4.3 12 20 M M 1 18 17 40
22 88 66 77 -1 0 12 0.00 M M 3.7 12 40 M M 1 18 15 70
23 88 66 77 -1 0 12 0.00 M M 3.4 12 40 M M 0 18 14 40
24 91 66 79 1 0 14 0.00 M M 2.8 9 210 M M 0 128 12 230
25 93 72 83 5 0 18 0.02 M M 3.9 24 10 M M 2 138 36 360
26 91 71 81 3 0 16 0.49 M M 3.3 13 200 M M 2 138 17 210
27 93 72 83 5 0 18 0.00 M M 4.6 15 350 M M 1 12 20 350
28 94 69 82 4 0 17 0.00 M M 1.5 8 40 M M 0 1 11 50
29 92 70 81 3 0 16 0.00 M M 4.8 15 280 M M 1 128 20 280
30 91 72 82 4 0 17 0.00 M M 7.0 17 310 M M 2 18 26 300
31 90 67 79 1 0 14 M M M 5.3 16 230 M M 3 138 24 220
================================================================================
SM 2715 2132 0 418 4.03 M 166.1 M 79
================================================================================
AV 87.6 68.8 5.4 FASTST M M 3 MAX(MPH)
MISC ----> 24 10 36 360
================================================================================
NOTES:
# LAST OF SEVERAL OCCURRENCES
COLUMN 17 PEAK WIND IN M.P.H.
PRELIMINARY LOCAL CLIMATOLOGICAL DATA (WS FORM: F-6) , PAGE 2
STATION: CLARKSVILLE
MONTH: JULY
YEAR: 2021
LATITUDE: 36 37 N
LONGITUDE: 87 25 W
[TEMPERATURE DATA] [PRECIPITATION DATA] SYMBOLS USED IN COLUMN 16
AVERAGE MONTHLY: 78.2 TOTAL FOR MONTH: 4.03 1 = FOG OR MIST
DPTR FM NORMAL: 0.0 DPTR FM NORMAL: 0.29 2 = FOG REDUCING VISIBILITY
HIGHEST: 94 ON 28 GRTST 24HR 1.81 ON 10-11 TO 1/4 MILE OR LESS
LOWEST: 58 ON 3 3 = THUNDER
SNOW, ICE PELLETS, HAIL 4 = ICE PELLETS
TOTAL MONTH: M 5 = HAIL
GRTST 24HR M ON M 6 = FREEZING RAIN OR DRIZZLE
GRTST DEPTH: M ON M 7 = DUSTSTORM OR SANDSTORM:
VSBY 1/2 MILE OR LESS
8 = SMOKE OR HAZE
[NO. OF DAYS WITH] [WEATHER - DAYS WITH] 9 = BLOWING SNOW
X = TORNADO
MAX 32 OR BELOW: 0 0.01 INCH OR MORE: 11
MAX 90 OR ABOVE: 11 0.10 INCH OR MORE: 6
MIN 32 OR BELOW: 0 0.50 INCH OR MORE: 4
MIN 0 OR BELOW: 0 1.00 INCH OR MORE: 1
[HDD (BASE 65) ]
TOTAL THIS MO. 0 CLEAR (SCALE 0-3) 19
DPTR FM NORMAL 0 PTCLDY (SCALE 4-7) 12
TOTAL FM JUL 1 0 CLOUDY (SCALE 8-10) 0
DPTR FM NORMAL 0
[CDD (BASE 65) ]
TOTAL THIS MO. 418
DPTR FM NORMAL 9 [PRESSURE DATA]
TOTAL FM JAN 1 860 HIGHEST SLP 30.24 ON 14
DPTR FM NORMAL -26 LOWEST SLP 29.78 ON 11
[REMARKS]
#FINAL-07-21#