000
CXUS55 KOHX 030156
CF6CKV
PRELIMINARY LOCAL CLIMATOLOGICAL DATA (WS FORM: F-6)
STATION: CLARKSVILLE
MONTH: MARCH
YEAR: 2021
LATITUDE: 36 37 N
LONGITUDE: 87 25 W
TEMPERATURE IN F: :PCPN: SNOW: WIND :SUNSHINE: SKY :PK WND
================================================================================
1 2 3 4 5 6A 6B 7 8 9 10 11 12 13 14 15 16 17 18
12Z AVG MX 2MIN
DY MAX MIN AVG DEP HDD CDD WTR SNW DPTH SPD SPD DIR MIN PSBL S-S WX SPD DR
================================================================================
1 57 31 44 0 21 0 0.13 M M 10.9 26 350 M M 2 1 35 330
2 49 31 40 -4 25 0 0.00 M M 4.7 10 20 M M 0 15 80
3 64 27 46 1 19 0 0.00 M M 4.2 13 290 M M 0 1 17 320
4 68 33 51 6 14 0 0.00 M M 5.5 14 360 M M 0 1 19 50
5 46 34 40 -5 25 0 0.00 M M 8.6 20 70 M M 0 26 60
6 55 29 42 -4 23 0 0.00 M M 7.7 16 360 M M 0 21 350
7 61 26 44 -2 21 0 0.00 M M 2.3 12 10 M M 0 18 18 10
8 68 29 49 3 16 0 0.00 M M 5.6 17 190 M M 0 1 25 210
9 71 35 53 6 12 0 0.00 M M 6.7 20 200 M M 0 27 200
10 72 47 60 13 5 0 0.00 M M 14.1 25 190 M M 1 35 190
11 74 62 68 21 0 3 0.00 M M 15.0 24 220 M M 9 34 180
12 65 54 60 12 5 0 0.41 M M 6.4 16 10 M M 10 12 20 10
13 55 49 52 4 13 0 0.99 M M 7.9 22 140 M M 10 1 31 130
14 60 49 55 7 10 0 0.00 M M 11.4 22 70 M M 9 29 70
15 69 48 59 10 6 0 0.63 M M 8.1 18 110 M M 6 18 27 80
16 74 50 62 13 3 0 0.00 M M 4.9 16 10 M M 2 12 20 360
17 61 49 55 6 10 0 1.45 M M 8.7 20 80 M M 6 123 29 150
18 61 44 53 3 12 0 0.03 M M 11.5 22 260 M M 9 1 33 250
19 54 38 46 -4 19 0 T M M 11.0 21 40 M M 5 1 30 20
20 64 36 50 0 15 0 0.00 M M 5.5 13 60 M M 0 21 50
21 67 32 50 0 15 0 0.00 M M 3.5 13 70 M M 0 16 80
22 71 44 58 7 7 0 0.00 M M 6.4 15 140 M M 4 22 180
23 66 55 61 10 4 0 0.03 M M 11.4 28 160 M M 7 44 180
24 75 54 65 14 0 0 0.00 M M 8.4 20 210 M M 2 25 230
25 71 51 61 9 4 0 0.56 M M 9.8 26 260 M M 6 13 41 250
26 71 50 61 9 4 0 0.00 M M 5.8 16 260 M M 3 23 260
27 72 47 60 8 5 0 0.61 M M 6.6 18 210 M M 6 123 27 230
28 65 39 52 0 13 0 1.01 M M 13.1 28 330 M M 4 13 38 320
29 70 34 52 -1 13 0 0.00 M M 4.2 13 140 M M 0 8 17 150
30 77 43 60 7 5 0 0.88 M M 9.5 24 190 M M 4 1 34 200
31 61 39 50 -3 15 0 0.03 M M 14.3 31 340 M M 6 1 43 350
================================================================================
SM 2014 1289 359 3 6.76 M 253.7 M 111
================================================================================
AV 65.0 41.6 8.2 FASTST M M 4 MAX(MPH)
MISC ----> 31 340 44 180
================================================================================
NOTES:
# LAST OF SEVERAL OCCURRENCES
COLUMN 17 PEAK WIND IN M.P.H.
PRELIMINARY LOCAL CLIMATOLOGICAL DATA (WS FORM: F-6) , PAGE 2
STATION: CLARKSVILLE
MONTH: MARCH
YEAR: 2021
LATITUDE: 36 37 N
LONGITUDE: 87 25 W
[TEMPERATURE DATA] [PRECIPITATION DATA] SYMBOLS USED IN COLUMN 16
AVERAGE MONTHLY: 53.3 TOTAL FOR MONTH: 6.76 1 = FOG OR MIST
DPTR FM NORMAL: 4.5 DPTR FM NORMAL: 2.69 2 = FOG REDUCING VISIBILITY
HIGHEST: 77 ON 30 GRTST 24HR 2.48 ON 28- 1 TO 1/4 MILE OR LESS
LOWEST: 26 ON 7 3 = THUNDER
SNOW, ICE PELLETS, HAIL 4 = ICE PELLETS
TOTAL MONTH: M 5 = HAIL
GRTST 24HR M ON M 6 = FREEZING RAIN OR DRIZZLE
GRTST DEPTH: M ON M 7 = DUSTSTORM OR SANDSTORM:
VSBY 1/2 MILE OR LESS
8 = SMOKE OR HAZE
[NO. OF DAYS WITH] [WEATHER - DAYS WITH] 9 = BLOWING SNOW
X = TORNADO
MAX 32 OR BELOW: 0 0.01 INCH OR MORE: 12
MAX 90 OR ABOVE: 0 0.10 INCH OR MORE: 9
MIN 32 OR BELOW: 7 0.50 INCH OR MORE: 7
MIN 0 OR BELOW: 0 1.00 INCH OR MORE: 2
[HDD (BASE 65) ]
TOTAL THIS MO. 359 CLEAR (SCALE 0-3) 16
DPTR FM NORMAL -150 PTCLDY (SCALE 4-7) 10
TOTAL FM JUL 1 3433 CLOUDY (SCALE 8-10) 5
DPTR FM NORMAL -261
[CDD (BASE 65) ]
TOTAL THIS MO. 3
DPTR FM NORMAL -3 [PRESSURE DATA]
TOTAL FM JAN 1 3 HIGHEST SLP 30.54 ON 8
DPTR FM NORMAL -5 LOWEST SLP 29.52 ON 18
[REMARKS]
#FINAL-03-21#