000
CXUS55 KOHX 041411
CF6CKV
PRELIMINARY LOCAL CLIMATOLOGICAL DATA (WS FORM: F-6)
STATION: CLARKSVILLE
MONTH: MARCH
YEAR: 2020
LATITUDE: 36 37 N
LONGITUDE: 87 25 W
TEMPERATURE IN F: :PCPN: SNOW: WIND :SUNSHINE: SKY :PK WND
================================================================================
1 2 3 4 5 6A 6B 7 8 9 10 11 12 13 14 15 16 17 18
12Z AVG MX 2MIN
DY MAX MIN AVG DEP HDD CDD WTR SNW DPTH SPD SPD DIR MIN PSBL S-S WX SPD DR
================================================================================
1 69 29 49 5 16 0 0.14 M M 10.9 26 210 M M 2 1 40 200
2 68 50 59 15 6 0 0.77 M M 11.1 22 220 M M 9 13 34 220
3 64 43 54 9 11 0 0.90 M M 8.5 21 340 M M 4 13 28 320
4 67 40 54 9 11 0 0.00 M M 5.9 17 270 M M 0 21 290
5 66 37 52 7 13 0 0.00 M M 7.6 20 310 M M 1 29 320
6 51 33 42 -4 23 0 0.00 M M 14.8 29 340 M M 3 40 340
7 53 25 39 -7 26 0 0.00 M M 3.8 12 110 M M 0 19 70
8 69 30 50 4 15 0 0.00 M M 8.4 23 200 M M 0 30 200
9 67 49 58 11 7 0 0.08 M M 12.5 26 200 M M 4 1 37 210
10 65 47 56 9 9 0 0.16 M M 9.8 20 200 M M 10 1 32 180
11 58 46 52 5 13 0 0.03 M M 4.2 14 130 M M 8 18 18 130
12 74 48 61 13 4 0 0.11 M M 9.8 26 330 M M 8 13 39 230
13 64 47 56 8 9 0 0.00 M M 10.6 18 350 M M 7 27 350
14 49 41 45 -3 20 0 0.41 M M 9.4 17 360 M M 10 1 22 10
15 44 39 42 -7 23 0 0.00 M M 9.3 16 20 M M 10 22 20
16 47 41 44 -5 21 0 0.10 M M 3.2 9 160 M M 10 1 12 150
17 57 46 52 3 13 0 0.68 M M 6.2 14 20 M M 9 1 17 40
18 66 48 57 7 8 0 0.94 M M 5.8 15 190 M M 7 1 23 180
19 78 58 68 18 0 3 0.12 M M 9.2 25 210 M M 7 13 35 210
20 73 45 59 9 6 0 0.71 M M 11.4 23 340 M M 8 13 34 190
21 50 36 43 -7 22 0 0.00 M M 9.2 15 360 M M 7 1 19 340
22 55 35 45 -6 20 0 0.04 M M 6.4 16 120 M M 4 18 20 120
23 57 47 52 1 13 0 0.19 M M 5.1 12 360 M M 6 13 15 330
24 56 42 49 -2 16 0 0.97 M M 5.8 18 10 M M 5 13 26 350
25 61 47 54 2 11 0 0.00 M M 5.8 13 150 M M 6 1 17 140
26 85 45 65 13 0 0 0.00 M M 9.3 25 210 M M 0 1 35 200
27 81 66 74 22 0 9 0.00 M M 9.0 17 200 M M 2 24 210
28 81 65 73 21 0 8 0.74 M M 12.3 43 260 M M 4 13 63 260
29 70 55 63 10 2 0 0.00 M M 12.0 28 260 M M 1 37 260
30 65 45 55 2 10 0 0.00 M M 2.7 8 270 M M 0 11 220
31 57 42 50 -3 15 0 0.57 M M 9.0 22 350 M M 9 1 31 340
================================================================================
SM 1967 1367 363 20 7.66 M 259.0 M 161
================================================================================
AV 63.5 44.1 8.4 FASTST M M 5 MAX(MPH)
MISC ----> # 43 260 # 63 260
================================================================================
NOTES:
# LAST OF SEVERAL OCCURRENCES
COLUMN 17 PEAK WIND IN M.P.H.
PRELIMINARY LOCAL CLIMATOLOGICAL DATA (WS FORM: F-6) , PAGE 2
STATION: CLARKSVILLE
MONTH: MARCH
YEAR: 2020
LATITUDE: 36 37 N
LONGITUDE: 87 25 W
[TEMPERATURE DATA] [PRECIPITATION DATA] SYMBOLS USED IN COLUMN 16
AVERAGE MONTHLY: 53.8 TOTAL FOR MONTH: 7.66 1 = FOG OR MIST
DPTR FM NORMAL: 5.0 DPTR FM NORMAL: 3.59 2 = FOG REDUCING VISIBILITY
HIGHEST: 85 ON 26 GRTST 24HR 0.97 ON 24-24 TO 1/4 MILE OR LESS
LOWEST: 25 ON 7 3 = THUNDER
SNOW, ICE PELLETS, HAIL 4 = ICE PELLETS
TOTAL MONTH: M 5 = HAIL
GRTST 24HR M ON M 6 = FREEZING RAIN OR DRIZZLE
GRTST DEPTH: M ON M 7 = DUSTSTORM OR SANDSTORM:
VSBY 1/2 MILE OR LESS
8 = SMOKE OR HAZE
[NO. OF DAYS WITH] [WEATHER - DAYS WITH] 9 = BLOWING SNOW
X = TORNADO
MAX 32 OR BELOW: 0 0.01 INCH OR MORE: 18
MAX 90 OR ABOVE: 0 0.10 INCH OR MORE: 15
MIN 32 OR BELOW: 3 0.50 INCH OR MORE: 8
MIN 0 OR BELOW: 0 1.00 INCH OR MORE: 0
[HDD (BASE 65) ]
TOTAL THIS MO. 363 CLEAR (SCALE 0-3) 10
DPTR FM NORMAL -146 PTCLDY (SCALE 4-7) 13
TOTAL FM JUL 1 3213 CLOUDY (SCALE 8-10) 8
DPTR FM NORMAL -481
[CDD (BASE 65) ]
TOTAL THIS MO. 20
DPTR FM NORMAL 14 [PRESSURE DATA]
TOTAL FM JAN 1 20 HIGHEST SLP 30.61 ON 7
DPTR FM NORMAL 12 LOWEST SLP 29.61 ON 3
[REMARKS]
#FINAL-03-20#