000
CXUS54 KHGX 011410
CF6CLL
PRELIMINARY LOCAL CLIMATOLOGICAL DATA (WS FORM: F-6)
STATION: COLLEGE STATION
MONTH: SEPTEMBER
YEAR: 2021
LATITUDE: 30 34 N
LONGITUDE: 96 22 W
TEMPERATURE IN F: :PCPN: SNOW: WIND :SUNSHINE: SKY :PK WND
================================================================================
1 2 3 4 5 6A 6B 7 8 9 10 11 12 13 14 15 16 17 18
12Z AVG MX 2MIN
DY MAX MIN AVG DEP HDD CDD WTR SNW DPTH SPD SPD DIR MIN PSBL S-S WX SPD DR
================================================================================
1 98 77 88 4 0 23 0.03 0.0 0 5.3 23 160 M M 2 138 26 160
2 97 78 88 4 0 23 0.00 0.0 0 6.4 18 160 M M 2 18 25 150
3 95 78 87 3 0 22 0.21 0.0 0 6.0 25 210 M M 2 3 33 210
4 96 76 86 3 0 21 0.00 0.0 0 6.3 14 190 M M 1 17 240
5 99 77 88 5 0 23 0.00 0.0 0 5.5 14 240 M M 0 22 250
6 97 77 87 4 0 22 0.00 0.0 0 6.3 17 40 M M 1 21 30
7 96 74 85 2 0 20 0.00 0.0 0 5.0 12 50 M M 0 15 50
8 97 69 83 1 0 18 0.00 0.0 0 5.3 18 10 M M 0 25 30
9 96 70 83 1 0 18 0.00 0.0 0 7.8 17 20 M M 0 23 40
10 94 68 81 -1 0 16 0.00 0.0 0 5.6 14 90 M M 0 17 50
11 93 63 78 -4 0 13 0.00 0.0 0 3.5 13 80 M M 0 17 100
12 95 69 82 0 0 17 0.00 0.0 0 5.6 14 90 M M 1 20 120
13 89 72 81 0 0 16 T 0.0 0 8.6 29 130 M M 5 1 37 130
14 81 72 77 -4 0 12 T 0.0 0 12.8 22 40 M M 10 18 28 50
15 89 72 81 0 0 16 T 0.0 0 9.5 18 10 M M 9 18 23 10
16 89 70 80 -1 0 15 0.00 0.0 0 7.8 14 60 M M 3 22 40
17 94 69 82 2 0 17 0.00 0.0 0 3.3 12 30 M M 3 1 15 30
18 94 72 83 3 0 18 T 0.0 0 3.9 18 10 M M 1 3 22 10
19 96 73 85 5 0 20 T 0.0 0 4.8 15 150 M M 2 18 160
20 98 75 87 7 0 22 T 0.0 0 8.1 15 170 M M 2 1 20 180
21 98 76 87 8 0 22 0.00 0.0 0 9.6 23 350 M M 3 18 29 350
22 87 64 76 -3 0 11 0.00 0.0 0 12.2 22 50 M M 0 29 20
23 87 55 71 -8 0 6 0.00 0.0 0 2.8 9 120 M M 0 12 10
24 87 59 73 -5 0 8 0.00 0.0 0 3.5 14 130 M M 0 26 130
25 89 59 74 -4 0 9 0.00 0.0 0 2.3 12 30 M M 0 16 350
26 90 61 76 -2 0 11 0.00 0.0 0 4.6 15 140 M M 0 19 120
27 90 67 79 1 0 14 0.00 0.0 0 4.2 13 250 M M 1 19 150
28 94 70 82 5 0 17 1.02 0.0 0 7.0 26 270 M M 5 13 32 270
29 86 68 77 0 0 12 1.49 0.0 0 5.8 16 110 M M 2 138 23 110
30 92 72 82 5 0 17 0.00 0.0 0 5.4 28 140 M M 5 1 35 140
================================================================================
SM 2783 2102 0 499 2.75 0.0 184.8 M 60
================================================================================
AV 92.8 70.1 6.2 FASTST M M 2 MAX(MPH)
MISC ----> 29 130 37 130
================================================================================
NOTES:
# LAST OF SEVERAL OCCURRENCES
COLUMN 17 PEAK WIND IN M.P.H.
PRELIMINARY LOCAL CLIMATOLOGICAL DATA (WS FORM: F-6) , PAGE 2
STATION: COLLEGE STATION
MONTH: SEPTEMBER
YEAR: 2021
LATITUDE: 30 34 N
LONGITUDE: 96 22 W
[TEMPERATURE DATA] [PRECIPITATION DATA] SYMBOLS USED IN COLUMN 16
AVERAGE MONTHLY: 81.4 TOTAL FOR MONTH: 2.75 1 = FOG OR MIST
DPTR FM NORMAL: 0.8 DPTR FM NORMAL: -0.75 2 = FOG REDUCING VISIBILITY
HIGHEST: 99 ON 5 GRTST 24HR 1.49 ON 29-29 TO 1/4 MILE OR LESS
LOWEST: 55 ON 23 3 = THUNDER
SNOW, ICE PELLETS, HAIL 4 = ICE PELLETS
TOTAL MONTH: 0.0 INCH 5 = HAIL
GRTST 24HR 0.0 6 = FREEZING RAIN OR DRIZZLE
GRTST DEPTH: 0 7 = DUSTSTORM OR SANDSTORM:
VSBY 1/2 MILE OR LESS
8 = SMOKE OR HAZE
[NO. OF DAYS WITH] [WEATHER - DAYS WITH] 9 = BLOWING SNOW
X = TORNADO
MAX 32 OR BELOW: 0 0.01 INCH OR MORE: 4
MAX 90 OR ABOVE: 21 0.10 INCH OR MORE: 3
MIN 32 OR BELOW: 0 0.50 INCH OR MORE: 2
MIN 0 OR BELOW: 0 1.00 INCH OR MORE: 2
[HDD (BASE 65) ]
TOTAL THIS MO. 0 CLEAR (SCALE 0-3) 23
DPTR FM NORMAL -1 PTCLDY (SCALE 4-7) 5
TOTAL FM JUL 1 0 CLOUDY (SCALE 8-10) 2
DPTR FM NORMAL 0
[CDD (BASE 65) ]
TOTAL THIS MO. 499
DPTR FM NORMAL 30 [PRESSURE DATA]
TOTAL FM JAN 1 2835 HIGHEST SLP 30.28 ON 22
DPTR FM NORMAL -36 LOWEST SLP 29.75 ON 1
[REMARKS]
#FINAL-09-21#