000
CXUS52 KGSP 011125
CF6CLT
PRELIMINARY LOCAL CLIMATOLOGICAL DATA (WS FORM: F-6)
STATION: CHARLOTTE NC
MONTH: JUNE
YEAR: 2022
LATITUDE: 35 12 N
LONGITUDE: 80 57 W
TEMPERATURE IN F: :PCPN: SNOW: WIND :SUNSHINE: SKY :PK WND
================================================================================
1 2 3 4 5 6A 6B 7 8 9 10 11 12 13 14 15 16 17 18
12Z AVG MX 2MIN
DY MAX MIN AVG DEP HDD CDD WTR SNW DPTH SPD SPD DIR MIN PSBL S-S WX SPD DR
================================================================================
1 95 65 80 7 0 15 0.00 0.0 0 2.8 9 210 M M 3 12 220
2 94 68 81 8 0 16 T 0.0 0 4.3 17 350 M M 4 23 340
3 85 66 76 2 0 11 0.26 0.0 0 6.5 16 10 M M 7 13 25 10
4 84 63 74 0 0 9 0.00 0.0 0 8.8 18 50 M M 5 27 70
5 84 59 72 -2 0 7 0.00 0.0 0 8.2 18 80 M M 5 30 80
6 85 60 73 -1 0 8 0.00 0.0 0 6.5 14 150 M M 3 M M
7 85 66 76 1 0 11 0.00 0.0 0 6.9 12 180 M M 7 M M
8 92 70 81 6 0 16 0.00 0.0 0 6.9 17 240 M M 8 23 240
9 92 71 82 7 0 17 0.01 0.0 0 7.6 15 350 M M 7 3 19 350
10 85 64 75 0 0 10 0.00 0.0 0 6.4 16 360 M M 6 21 360
11 89 64 77 1 0 12 0.00 0.0 0 5.8 17 150 M M 7 20 20
12 94 71 83 7 0 18 0.00 0.0 0 5.3 13 210 M M 6 1 18 250
13 98 74 86 10 0 21 0.00 0.0 0 4.4 13 220 M M 3 17 210
14 90 72 81 5 0 16 0.46 0.0 0 4.1 24 360 M M 7 13 33 350
15 98 73 86 9 0 21 0.00 0.0 0 5.8 14 40 M M 5 22 70
16 97 70 84 7 0 19 0.05 0.0 0 9.1 20 90 M M 6 13 28 320
17 98 71 85 8 0 20 T 0.0 0 M 23 280 M M 5 3 31 280
18 92 65 79 2 0 14 0.00 0.0 0 9.4 18 10 M M 2 28 350
19 85 59 72 -6 0 7 0.00 0.0 0 M 17 20 M M 4 24 40
20 86 55 71 -7 0 6 0.00 0.0 0 5.3 12 60 M M 6 21 80
21 93 58 76 -2 0 11 0.00 0.0 0 4.4 14 360 M M 7 21 50
22 101 62 82 4 0 17 0.00 0.0 0 4.4 14 350 M M 3 18 340
23 94 72 83 5 0 18 T 0.0 0 4.8 15 40 M M 8 3 30 60
24 91 73 82 4 0 17 0.00 0.0 0 6.5 13 80 M M 6 22 80
25 91 73 82 3 0 17 0.00 0.0 0 5.8 13 180 M M 7 17 190
26 91 70 81 2 0 16 0.00 0.0 0 5.6 13 200 M M 7 18 200
27 90 71 81 2 0 16 0.31 0.0 0 7.3 23 360 M M 8 13 31 360
28 82 68 75 -4 0 10 T 0.0 0 8.3 15 80 M M 10 24 70
29 86 71 79 0 0 14 0.08 0.0 0 3.7 15 140 M M 8 3 17 150
30 91 68 80 1 0 15 0.00 0.0 0 4.7 17 170 M M 8 23 160
================================================================================
SM 2718 2012 0 425 1.17 0.0 169.6 M 178
================================================================================
AV 90.6 67.1 6.1 FASTST M M 6 MAX(MPH)
MISC ----> 24 360 33 350
================================================================================
NOTES:
# LAST OF SEVERAL OCCURRENCES
COLUMN 17 PEAK WIND IN M.P.H.
PRELIMINARY LOCAL CLIMATOLOGICAL DATA (WS FORM: F-6) , PAGE 2
STATION: CHARLOTTE NC
MONTH: JUNE
YEAR: 2022
LATITUDE: 35 12 N
LONGITUDE: 80 57 W
[TEMPERATURE DATA] [PRECIPITATION DATA] SYMBOLS USED IN COLUMN 16
AVERAGE MONTHLY: 78.8 TOTAL FOR MONTH: 1.17 1 = FOG OR MIST
DPTR FM NORMAL: 2.2 DPTR FM NORMAL: -2.82 2 = FOG REDUCING VISIBILITY
HIGHEST: 101 ON 22 GRTST 24HR 0.46 ON 14-14 TO 1/4 MILE OR LESS
LOWEST: 55 ON 20 3 = THUNDER
SNOW, ICE PELLETS, HAIL 4 = ICE PELLETS
TOTAL MONTH: 0.0 INCH 5 = HAIL
GRTST 24HR 0.0 6 = FREEZING RAIN OR DRIZZLE
GRTST DEPTH: 0 7 = DUSTSTORM OR SANDSTORM:
VSBY 1/2 MILE OR LESS
8 = SMOKE OR HAZE
[NO. OF DAYS WITH] [WEATHER - DAYS WITH] 9 = BLOWING SNOW
X = TORNADO
MAX 32 OR BELOW: 0 0.01 INCH OR MORE: 6
MAX 90 OR ABOVE: 19 0.10 INCH OR MORE: 3
MIN 32 OR BELOW: 0 0.50 INCH OR MORE: 0
MIN 0 OR BELOW: 0 1.00 INCH OR MORE: 0
[HDD (BASE 65) ]
TOTAL THIS MO. 0 CLEAR (SCALE 0-3) 4
DPTR FM NORMAL -2 PTCLDY (SCALE 4-7) 25
TOTAL FM JUL 1 2526 CLOUDY (SCALE 8-10) 1
DPTR FM NORMAL -531
[CDD (BASE 65) ]
TOTAL THIS MO. 425
DPTR FM NORMAL 77 [PRESSURE DATA]
TOTAL FM JAN 1 744 HIGHEST SLP M ON M
DPTR FM NORMAL 172 LOWEST SLP M ON M
[REMARKS]
#FINAL-06-22#