000
CXUS52 KGSP 011031
CF6CLT
PRELIMINARY LOCAL CLIMATOLOGICAL DATA (WS FORM: F-6)
STATION: CHARLOTTE NC
MONTH: JUNE
YEAR: 2020
LATITUDE: 35 12 N
LONGITUDE: 80 57 W
TEMPERATURE IN F: :PCPN: SNOW: WIND :SUNSHINE: SKY :PK WND
================================================================================
1 2 3 4 5 6A 6B 7 8 9 10 11 12 13 14 15 16 17 18
12Z AVG MX 2MIN
DY MAX MIN AVG DEP HDD CDD WTR SNW DPTH SPD SPD DIR MIN PSBL S-S WX SPD DR
================================================================================
1 79 57 68 -4 0 3 0.00 0.0 0 6.0 20 30 M M 2 28 40
2 84 59 72 0 0 7 0.00 0.0 0 8.2 17 230 M M 4 22 210
3 88 66 77 5 0 12 0.00 0.0 0 7.9 15 220 M M 4 19 220
4 91 70 81 8 0 16 0.00 0.0 0 8.5 26 180 M M 7 8 33 180
5 87 69 78 5 0 13 0.00 0.0 0 7.7 20 190 M M 8 3 26 200
6 91 68 80 7 0 15 0.00 0.0 0 4.7 12 220 M M 7 18 16 360
7 91 72 82 9 0 17 0.32 0.0 0 5.1 12 140 M M 7 18 15 100
8 89 75 82 8 0 17 0.00 0.0 0 5.3 12 120 M M 9 14 170
9 90 74 82 8 0 17 0.34 0.0 0 6.3 20 220 M M 7 13 24 210
10 90 72 81 7 0 16 0.17 0.0 0 10.0 18 170 M M 6 13 27 220
11 89 74 82 8 0 17 T 0.0 0 6.6 18 40 M M 8 13 25 40
12 85 64 75 0 0 10 0.00 0.0 0 9.2 20 10 M M 6 25 20
13 84 61 73 -2 0 8 0.00 0.0 0 7.3 14 30 M M 4 19 90
14 82 61 72 -3 0 7 0.00 0.0 0 8.2 15 130 M M 4 8 22 80
15 72 58 65 -10 0 0 0.01 0.0 0 12.0 20 10 M M 8 18 26 70
16 61 57 59 -17 6 0 0.63 0.0 0 11.4 20 30 M M 10 1 25 20
17 73 59 66 -10 0 1 0.01 0.0 0 5.2 13 10 M M 9 1 16 360
18 80 64 72 -4 0 7 0.03 0.0 0 5.8 18 160 M M 8 1 22 170
19 84 67 76 0 0 11 0.01 0.0 0 3.6 18 360 M M 7 13 23 360
20 86 61 74 -2 0 9 0.00 0.0 0 2.9 15 20 M M 4 1 18 20
21 91 65 78 1 0 13 0.00 0.0 0 2.9 12 160 M M 4 12 13 160
22 91 71 81 4 0 16 0.39 0.0 0 6.2 22 280 M M 5 38 34 290
23 82 69 76 -1 0 11 0.02 0.0 0 8.9 20 230 M M 7 24 230
24 88 70 79 2 0 14 T 0.0 0 5.2 16 210 M M 7 1 22 210
25 87 70 79 2 0 14 0.03 0.0 0 5.0 14 250 M M 7 3 18 260
26 89 65 77 0 0 12 0.00 0.0 0 5.3 13 240 M M 4 1 16 270
27 87 66 77 -1 0 12 0.00 0.0 0 6.0 14 240 M M 6 8 20 270
28 92 69 81 3 0 16 0.33 0.0 0 5.6 15 240 M M 7 138 22 230
29 91 72 82 4 0 17 0.46 0.0 0 5.2 23 310 M M 8 3 35 300
30 89 72 81 3 0 16 0.06 0.0 0 3.5 24 360 M M 7 13 31 350
================================================================================
SM 2563 1997 6 344 2.81 0.0 195.7 M 191
================================================================================
AV 85.4 66.6 6.5 FASTST M M 6 MAX(MPH)
MISC ----> 26 180 35 300
================================================================================
NOTES:
# LAST OF SEVERAL OCCURRENCES
COLUMN 17 PEAK WIND IN M.P.H.
PRELIMINARY LOCAL CLIMATOLOGICAL DATA (WS FORM: F-6) , PAGE 2
STATION: CHARLOTTE NC
MONTH: JUNE
YEAR: 2020
LATITUDE: 35 12 N
LONGITUDE: 80 57 W
[TEMPERATURE DATA] [PRECIPITATION DATA] SYMBOLS USED IN COLUMN 16
AVERAGE MONTHLY: 76.0 TOTAL FOR MONTH: 2.81 1 = FOG OR MIST
DPTR FM NORMAL: 0.7 DPTR FM NORMAL: -0.93 2 = FOG REDUCING VISIBILITY
HIGHEST: 92 ON 28 GRTST 24HR 0.64 ON 15-16 TO 1/4 MILE OR LESS
LOWEST: 57 ON 16, 1 3 = THUNDER
SNOW, ICE PELLETS, HAIL 4 = ICE PELLETS
TOTAL MONTH: 0.0 INCH 5 = HAIL
GRTST 24HR 0.0 6 = FREEZING RAIN OR DRIZZLE
GRTST DEPTH: 0 7 = DUSTSTORM OR SANDSTORM:
VSBY 1/2 MILE OR LESS
8 = SMOKE OR HAZE
[NO. OF DAYS WITH] [WEATHER - DAYS WITH] 9 = BLOWING SNOW
X = TORNADO
MAX 32 OR BELOW: 0 0.01 INCH OR MORE: 14
MAX 90 OR ABOVE: 9 0.10 INCH OR MORE: 7
MIN 32 OR BELOW: 0 0.50 INCH OR MORE: 1
MIN 0 OR BELOW: 0 1.00 INCH OR MORE: 0
[HDD (BASE 65) ]
TOTAL THIS MO. 6 CLEAR (SCALE 0-3) 1
DPTR FM NORMAL 3 PTCLDY (SCALE 4-7) 23
TOTAL FM JUL 1 2606 CLOUDY (SCALE 8-10) 6
DPTR FM NORMAL -779
[CDD (BASE 65) ]
TOTAL THIS MO. 344
DPTR FM NORMAL 33 [PRESSURE DATA]
TOTAL FM JAN 1 557 HIGHEST SLP 30.29 ON 1
DPTR FM NORMAL 83 LOWEST SLP 29.79 ON 23
[REMARKS]
#FINAL-06-20#