511
CXUS56 KLOX 011725
CF6CMA
PRELIMINARY LOCAL CLIMATOLOGICAL DATA (WS FORM: F-6)
STATION: CAMARILLO AIRPORT CA
MONTH: AUGUST
YEAR: 2020
LATITUDE: 34 12 N
LONGITUDE: 119 6 W
TEMPERATURE IN F: :PCPN: SNOW: WIND :SUNSHINE: SKY :PK WND
================================================================================
1 2 3 4 5 6A 6B 7 8 9 10 11 12 13 14 15 16 17 18
12Z AVG MX 2MIN
DY MAX MIN AVG DEP HDD CDD WTR SNW DPTH SPD SPD DIR MIN PSBL S-S WX SPD DR
================================================================================
1 81 56 69 2 0 4 0.00 0.0 0 4.1 16 230 M M 0 18 22 230
2 77 58 68 1 0 3 0.00 0.0 0 5.4 14 210 M M 0 1 17 230
3 75 58 67 0 0 2 0.00 0.0 0 4.8 13 210 M M 4 18 17 220
4 75 61 68 1 0 3 0.00 0.0 0 4.8 14 270 M M 6 18 18 250
5 74 59 67 0 0 2 0.00 0.0 0 5.0 14 240 M M 6 18 19 240
6 75 59 67 0 0 2 0.00 0.0 0 5.4 16 270 M M 3 18 19 250
7 75 55 65 -3 0 0 0.00 0.0 0 5.4 14 260 M M 0 19 210
8 75 59 67 -1 0 2 0.00 0.0 0 4.6 14 260 M M 3 8 19 250
9 74 59 67 -1 0 2 0.00 0.0 0 4.4 14 240 M M 4 18 19 230
10 74 58 66 -2 0 1 0.00 0.0 0 4.4 13 270 M M 4 18 17 270
11 74 57 66 -2 0 1 0.00 0.0 0 4.4 13 260 M M 4 18 18 260
12 80 55 68 0 0 3 0.00 0.0 0 4.6 12 280 M M 2 128 16 240
13 88 63 76 8 0 11 0.00 0.0 0 4.0 16 260 M M 1 18 270
14 89 68 79 11 0 14 0.00 0.0 0 4.7 13 230 M M 0 18 250
15 93 68 81 13 0 16 0.00 0.0 0 5.3 17 200 M M 0 21 200
16 88 70 79 11 0 14 0.00 0.0 0 6.3 16 240 M M 0 8 22 230
17 88 69 79 11 0 14 0.00 0.0 0 4.8 14 280 M M 2 128 17 270
18 95 69 82 14 0 17 0.00 0.0 0 4.1 14 260 M M 0 8 18 260
19 94 71 83 15 0 18 0.00 0.0 0 4.4 14 230 M M 0 8 16 230
20 91 71 81 13 0 16 0.00 0.0 0 4.8 12 270 M M 0 8 18 240
21 88 71 80 12 0 15 0.00 0.0 0 4.2 15 210 M M 2 8 19 210
22 88 69 79 11 0 14 0.00 0.0 0 4.6 14 230 M M 0 8 17 230
23 88 71 80 12 0 15 0.00 0.0 0 4.7 15 240 M M 0 8 18 260
24 81 70 76 8 0 11 0.00 0.0 0 5.3 13 260 M M 5 8 17 260
25 83 67 75 7 0 10 0.00 0.0 0 4.5 14 270 M M 4 18 16 270
26 83 67 75 7 0 10 0.00 0.0 0 4.4 12 230 M M 4 18 16 260
27 82 63 73 5 0 8 0.00 0.0 0 4.5 12 250 M M 0 8 16 270
28 76 61 69 1 0 4 0.00 0.0 0 4.8 13 260 M M 4 18 16 260
29 78 64 71 3 0 6 0.00 0.0 0 4.5 13 240 M M 4 18 250
30 77 64 71 3 0 6 0.00 0.0 0 5.1 13 260 M M 5 17 270
31 77 64 71 3 0 6 0.00 0.0 0 5.1 14 240 M M 6 8 17 240
================================================================================
SM 2536 1974 0 250 0.00 0.0 147.4 M 73
================================================================================
AV 81.8 63.7 4.8 FASTST M M 2 MAX(MPH)
MISC ----> # 17 200 # 22 230
================================================================================
NOTES:
# LAST OF SEVERAL OCCURRENCES
COLUMN 17 PEAK WIND IN M.P.H.
PRELIMINARY LOCAL CLIMATOLOGICAL DATA (WS FORM: F-6) , PAGE 2
STATION: CAMARILLO AIRPORT CA
MONTH: AUGUST
YEAR: 2020
LATITUDE: 34 12 N
LONGITUDE: 119 6 W
[TEMPERATURE DATA] [PRECIPITATION DATA] SYMBOLS USED IN COLUMN 16
AVERAGE MONTHLY: 72.7 TOTAL FOR MONTH: 0.00 1 = FOG OR MIST
DPTR FM NORMAL: 5.0 DPTR FM NORMAL: -0.04 2 = FOG REDUCING VISIBILITY
HIGHEST: 95 ON 18 GRTST 24HR 0.00 ON 31-31 TO 1/4 MILE OR LESS
LOWEST: 55 ON 12, 7 3 = THUNDER
SNOW, ICE PELLETS, HAIL 4 = ICE PELLETS
TOTAL MONTH: 0.0 INCH 5 = HAIL
GRTST 24HR 0.0 6 = FREEZING RAIN OR DRIZZLE
GRTST DEPTH: 0 7 = DUSTSTORM OR SANDSTORM:
VSBY 1/2 MILE OR LESS
8 = SMOKE OR HAZE
[NO. OF DAYS WITH] [WEATHER - DAYS WITH] 9 = BLOWING SNOW
X = TORNADO
MAX 32 OR BELOW: 0 0.01 INCH OR MORE: 0
MAX 90 OR ABOVE: 4 0.10 INCH OR MORE: 0
MIN 32 OR BELOW: 0 0.50 INCH OR MORE: 0
MIN 0 OR BELOW: 0 1.00 INCH OR MORE: 0
[HDD (BASE 65) ]
TOTAL THIS MO. 0 CLEAR (SCALE 0-3) 18
DPTR FM NORMAL -5 PTCLDY (SCALE 4-7) 13
TOTAL FM JUL 1 1 CLOUDY (SCALE 8-10) 0
DPTR FM NORMAL -14
[CDD (BASE 65) ]
TOTAL THIS MO. 250
DPTR FM NORMAL 163 [PRESSURE DATA]
TOTAL FM JAN 1 610 HIGHEST SLP M ON M
DPTR FM NORMAL 398 LOWEST SLP 29.69 ON 20
[REMARKS]
#FINAL-08-20#