415
CXUS51 KILN 010539
CF6CMH
PRELIMINARY LOCAL CLIMATOLOGICAL DATA (WS FORM: F-6)
STATION: COLUMBUS OH
MONTH: AUGUST
YEAR: 2020
LATITUDE: 40 0 N
LONGITUDE: 82 53 W
TEMPERATURE IN F: :PCPN: SNOW: WIND :SUNSHINE: SKY :PK WND
================================================================================
1 2 3 4 5 6A 6B 7 8 9 10 11 12 13 14 15 16 17 18
12Z AVG MX 2MIN
DY MAX MIN AVG DEP HDD CDD WTR SNW DPTH SPD SPD DIR MIN PSBL S-S WX SPD DR
================================================================================
1 85 68 77 2 0 12 0.56 0.0 0 6.9 20 180 M M 9 1 25 140
2 74 68 71 -4 0 6 0.57 0.0 0 10.5 23 240 M M 9 1 29 230
3 82 64 73 -2 0 8 0.46 0.0 0 4.6 14 350 M M 7 13 19 180
4 77 62 70 -5 0 5 0.28 0.0 0 5.8 17 310 M M 7 18 25 310
5 78 56 67 -8 0 2 0.00 0.0 0 3.7 13 330 M M 4 1 17 330
6 80 60 70 -5 0 5 0.00 0.0 0 3.8 9 30 M M 6 11 40
7 83 63 73 -2 0 8 0.00 0.0 0 5.6 12 360 M M 6 15 50
8 85 62 74 -1 0 9 0.00 0.0 0 3.4 9 220 M M 4 12 230
9 88 63 76 2 0 11 0.00 0.0 0 3.8 12 200 M M 3 15 210
10 89 67 78 4 0 13 0.01 0.0 0 6.8 16 300 M M 4 18 22 170
11 86 71 79 5 0 14 0.00 0.0 0 6.2 13 240 M M 8 19 240
12 89 69 79 5 0 14 0.00 0.0 0 2.6 10 40 M M 7 14 10
13 92 67 80 6 0 15 0.00 0.0 0 5.1 15 10 M M 4 18 10
14 88 71 80 6 0 15 T 0.0 0 5.2 18 180 M M 9 3 23 180
15 82 65 74 0 0 9 0.75 0.0 0 5.8 22 90 M M 6 13 30 90
16 81 61 71 -3 0 6 0.01 0.0 0 4.7 13 350 M M 4 1 15 290
17 84 63 74 0 0 9 0.00 0.0 0 7.3 21 300 M M 4 18 30 290
18 79 60 70 -4 0 5 0.00 0.0 0 5.8 15 10 M M 7 19 10
19 80 54 67 -7 0 2 0.00 0.0 0 6.4 17 40 M M 2 22 10
20 83 58 71 -3 0 6 0.00 0.0 0 3.4 10 110 M M 2 14 120
21 85 62 74 0 0 9 0.00 0.0 0 3.1 9 360 M M 8 13 90
22 87 66 77 3 0 12 0.00 0.0 0 3.7 15 150 M M 7 3 19 140
23 87 67 77 3 0 12 0.00 0.0 0 4.0 13 180 M M 6 123 16 180
24 87 69 78 5 0 13 0.58 0.0 0 5.9 22 210 M M 4 123 30 200
25 94 71 83 10 0 18 0.09 0.0 0 8.0 33 10 M M 4 13 42 10
26 90 68 79 6 0 14 0.01 0.0 0 6.2 16 220 M M 3 13 22 230
27 88 73 81 8 0 16 0.04 0.0 0 9.0 22 220 M M 7 3 28 240
28 86 70 78 5 0 13 1.39 0.0 0 5.3 25 290 M M 9 13 28 290
29 84 68 76 4 0 11 0.00 0.0 0 10.5 24 300 M M 6 29 300
30 78 57 68 -4 0 3 0.00 0.0 0 4.6 14 340 M M 4 16 330
31 78 61 70 -2 0 5 0.00 0.0 0 4.9 10 220 M M 7 15 140
================================================================================
SM 2609 2004 0 300 4.75 0.0 172.6 M 177
================================================================================
AV 84.2 64.6 5.6 FASTST M M 6 MAX(MPH)
MISC ----> 33 10 42 10
================================================================================
NOTES:
# LAST OF SEVERAL OCCURRENCES
COLUMN 17 PEAK WIND IN M.P.H.
PRELIMINARY LOCAL CLIMATOLOGICAL DATA (WS FORM: F-6) , PAGE 2
STATION: COLUMBUS OH
MONTH: AUGUST
YEAR: 2020
LATITUDE: 40 0 N
LONGITUDE: 82 53 W
[TEMPERATURE DATA] [PRECIPITATION DATA] SYMBOLS USED IN COLUMN 16
AVERAGE MONTHLY: 74.4 TOTAL FOR MONTH: 4.75 1 = FOG OR MIST
DPTR FM NORMAL: 0.5 DPTR FM NORMAL: 1.43 2 = FOG REDUCING VISIBILITY
HIGHEST: 94 ON 25 GRTST 24HR 1.39 ON 28-28 TO 1/4 MILE OR LESS
LOWEST: 54 ON 19 3 = THUNDER
SNOW, ICE PELLETS, HAIL 4 = ICE PELLETS
TOTAL MONTH: 0.0 INCH 5 = HAIL
GRTST 24HR 0.0 6 = FREEZING RAIN OR DRIZZLE
GRTST DEPTH: 0 7 = DUSTSTORM OR SANDSTORM:
VSBY 1/2 MILE OR LESS
8 = SMOKE OR HAZE
[NO. OF DAYS WITH] [WEATHER - DAYS WITH] 9 = BLOWING SNOW
X = TORNADO
MAX 32 OR BELOW: 0 0.01 INCH OR MORE: 12
MAX 90 OR ABOVE: 3 0.10 INCH OR MORE: 7
MIN 32 OR BELOW: 0 0.50 INCH OR MORE: 5
MIN 0 OR BELOW: 0 1.00 INCH OR MORE: 1
[HDD (BASE 65) ]
TOTAL THIS MO. 0 CLEAR (SCALE 0-3) 4
DPTR FM NORMAL 0 PTCLDY (SCALE 4-7) 23
TOTAL FM JUL 1 0 CLOUDY (SCALE 8-10) 4
DPTR FM NORMAL 0
[CDD (BASE 65) ]
TOTAL THIS MO. 300
DPTR FM NORMAL 19 [PRESSURE DATA]
TOTAL FM JAN 1 1098 HIGHEST SLP 30.19 ON 8
DPTR FM NORMAL 209 LOWEST SLP 29.62 ON 29
[REMARKS]
#FINAL-08-20#