000
CXUS53 KILX 011731
CLMCMI
CLIMATE REPORT
NATIONAL WEATHER SERVICE LINCOLN IL
1131 AM CST FRI DEC 01 2023
...................................
...THE CHAMPAIGN IL AIRPORT CLIMATE SUMMARY FOR THE MONTH OF NOVEMBER 2023...
CLIMATE NORMAL PERIOD 1991 TO 2020
CLIMATE RECORD PERIOD 9999 TO 9999
WEATHER OBSERVED NORMAL DEPART LAST YEAR`S
VALUE DATE(S) VALUE FROM VALUE
NORMAL
..............................................................
TEMPERATURE (F)
RECORD
HIGH MM MM
LOW 9 11/20/2022
HIGHEST 80 11/08 MM MM 78
LOWEST 14 11/28 MM MM 9
AVG. MAXIMUM 55.1 51.5 3.6 53.2
AVG. MINIMUM 31.9 32.2 -0.3 31.5
MEAN 43.5 41.9 1.6 42.3
DAYS MAX >= 90 0 0.0 0.0 0
DAYS MAX <= 32 2 1.3 0.7 1
DAYS MIN <= 32 19 15.9 3.1 16
DAYS MIN <= 0 0 0.0 0.0 0
PRECIPITATION (INCHES)
RECORD
MAXIMUM 2.34 2020
MINIMUM 0.88 2023
TOTALS 0.88R 2.90 -2.02 1.73
DAILY AVG. 0.03 0.10 -0.07 0.06
DAYS >= .01 5 9.1 -4.1 6
DAYS >= .10 4 5.3 -1.3 2
DAYS >= .50 0 1.9 -1.9 1
DAYS >= 1.00 0 0.6 -0.6 1
GREATEST
24 HR. TOTAL 0.45 11/20 TO 11/21 1.15
DEGREE DAYS
HEATING TOTAL 639 695 -56 677
SINCE 7/1 948 1104 -156 MM
COOLING TOTAL 1 1 0 3
SINCE 1/1 1074 1054 20 MM
..............................................................
WIND (MPH)
AVERAGE WIND SPEED 10.3
HIGHEST WIND SPEED/DIRECTION 30/230 DATE 11/06
HIGHEST GUST SPEED/DIRECTION 38/210 DATE 11/06
38/270 11/26
38/280 11/27
AVERAGE RH (PERCENT) 67
WEATHER CONDITIONS. NUMBER OF DAYS WITH
THUNDERSTORM 0 MIXED PRECIP 0
HEAVY RAIN 1 RAIN 2
LIGHT RAIN 5 FREEZING RAIN 0
LT FREEZING RAIN 0 HAIL 0
HEAVY SNOW 0 SNOW 1
LIGHT SNOW 1 SLEET 0
FOG 10 FOG W/VIS <= 1/4 MILE 1
HAZE 0
- INDICATES NEGATIVE NUMBERS.
R INDICATES RECORD WAS SET OR TIED.
MM INDICATES DATA IS MISSING.
T INDICATES TRACE AMOUNT.
$$