000
CXUS53 KICT 010800
CF6CNU
PRELIMINARY LOCAL CLIMATOLOGICAL DATA (WS FORM: F-6)
STATION: CHANUTE KS
MONTH: APRIL
YEAR: 2020
LATITUDE: 37 40 N
LONGITUDE: 95 29 W
TEMPERATURE IN F: :PCPN: SNOW: WIND :SUNSHINE: SKY :PK WND
================================================================================
1 2 3 4 5 6A 6B 7 8 9 10 11 12 13 14 15 16 17 18
12Z AVG MX 2MIN
DY MAX MIN AVG DEP HDD CDD WTR SNW DPTH SPD SPD DIR MIN PSBL S-S WX SPD DR
================================================================================
1 70 47 59 7 6 0 0.00 M M 12.4 24 170 M M 0 32 170
2 74 48 61 9 4 0 T M M 17.3 37 140 M M 4 50 130
3 48 32 40 -13 25 0 0.24 M M 13.4 21 350 M M 10 136 29 350
4 42 32 37 -16 28 0 0.00 M M 7.7 15 30 M M 10 18 22 30
5 58 42 50 -4 15 0 0.00 M M 5.9 14 140 M M 9 19 160
6 71 55 63 9 2 0 0.00 M M 13.8 23 190 M M 8 31 180
7 84 59 72 18 0 7 0.00 M M 10.3 18 190 M M 4 1 27 210
8 90 50 70 16 0 5 0.00 M M 6.9 26 350 M M 0 128 37 350
9 65 44 55 0 10 0 0.00 M M 10.3 21 30 M M 1 29 20
10 60 32 46 -9 19 0 0.00 M M 7.9 15 30 M M 0 22 30
11 76 46 61 6 4 0 0.02 M M 18.4 29 180 M M 3 3 40 200
12 64 35 50 -6 15 0 0.07 M M 17.8 35 340 M M 9 13 52 350
13 48 30 39 -17 26 0 0.00 M M 10.1 28 350 M M 2 40 350
14 53 36 45 -11 20 0 0.00 M M 6.6 20 250 M M 8 29 260
15 62 35 49 -8 16 0 0.00 M M 7.2 14 270 M M 2 19 220
16 71 41 56 -1 9 0 0.01 M M 13.6 29 170 M M 3 38 170
17 52 30 41 -16 24 0 0.07 M M 10.5 23 330 M M 8 1 32 340
18 67 30 49 -9 16 0 0.00 M M 9.2 20 170 M M 1 29 190
19 75 49 62 4 3 0 0.00 M M 7.6 20 40 M M 1 27 40
20 79 45 62 4 3 0 0.00 M M 9.3 24 310 M M 1 35 300
21 78 41 60 1 5 0 0.00 M M 4.8 12 110 M M 0 18 20
22 64 55 60 1 5 0 0.76 M M 10.6 26 160 M M 8 13 38 160
23 79 56 68 9 0 3 T M M 6.0 15 260 M M 5 21 270
24 70 55 63 3 2 0 0.61 M M 9.2 25 300 M M 8 13 36 300
25 71 46 59 -1 6 0 T M M 11.9 23 300 M M 3 3 34 320
26 75 43 59 -1 6 0 0.00 M M 5.8 15 150 M M 2 21 140
27 74 55 65 5 0 0 T M M 12.7 25 190 M M 4 35 190
28 80 56 68 7 0 3 0.66 M M 11.6 20 340 0 0 0 44 340
29 70 51 61 0 4 0 0.00 M M 15.7 30 330 M M 3 44 330
30 76 47 62 1 3 0 0.00 M M 5.6 12 280 M M 0 17 310
================================================================================
SM 2046 1323 276 18 2.44 M 310.1 0 117
================================================================================
AV 68.2 44.1 10.3 FASTST 0 0 4 MAX(MPH)
MISC ----> # 37 140 # 52 350
================================================================================
NOTES:
# LAST OF SEVERAL OCCURRENCES
COLUMN 17 PEAK WIND IN M.P.H.
PRELIMINARY LOCAL CLIMATOLOGICAL DATA (WS FORM: F-6) , PAGE 2
STATION: CHANUTE KS
MONTH: APRIL
YEAR: 2020
LATITUDE: 37 40 N
LONGITUDE: 95 29 W
[TEMPERATURE DATA] [PRECIPITATION DATA] SYMBOLS USED IN COLUMN 16
AVERAGE MONTHLY: 56.2 TOTAL FOR MONTH: 2.44 1 = FOG OR MIST
DPTR FM NORMAL: -0.7 DPTR FM NORMAL: -1.96 2 = FOG REDUCING VISIBILITY
HIGHEST: 90 ON 8 GRTST 24HR 0.76 ON 22-22 TO 1/4 MILE OR LESS
LOWEST: 30 ON 18,17 3 = THUNDER
SNOW, ICE PELLETS, HAIL 4 = ICE PELLETS
TOTAL MONTH: M 5 = HAIL
GRTST 24HR M ON M 6 = FREEZING RAIN OR DRIZZLE
GRTST DEPTH: M ON M 7 = DUSTSTORM OR SANDSTORM:
VSBY 1/2 MILE OR LESS
8 = SMOKE OR HAZE
[NO. OF DAYS WITH] [WEATHER - DAYS WITH] 9 = BLOWING SNOW
X = TORNADO
MAX 32 OR BELOW: 0 0.01 INCH OR MORE: 8
MAX 90 OR ABOVE: 1 0.10 INCH OR MORE: 4
MIN 32 OR BELOW: 6 0.50 INCH OR MORE: 3
MIN 0 OR BELOW: 0 1.00 INCH OR MORE: 0
[HDD (BASE 65) ]
TOTAL THIS MO. 276 CLEAR (SCALE 0-3) 16
DPTR FM NORMAL 5 PTCLDY (SCALE 4-7) 9
TOTAL FM JUL 1 3883 CLOUDY (SCALE 8-10) 5
DPTR FM NORMAL -519
[CDD (BASE 65) ]
TOTAL THIS MO. 18
DPTR FM NORMAL -9 [PRESSURE DATA]
TOTAL FM JAN 1 32 HIGHEST SLP 0.00 ON 28
DPTR FM NORMAL 1 LOWEST SLP 0.00 ON 28
[REMARKS]
#FINAL-04-20#