000
CXUS55 KGJT 011630
CF6CNY
PRELIMINARY LOCAL CLIMATOLOGICAL DATA (WS FORM: F-6)
STATION: CANYONLANDS AIRPORT UT
MONTH: DECEMBER
YEAR: 2023
LATITUDE: 38 46 N
LONGITUDE: 109 45 W
TEMPERATURE IN F: :PCPN: SNOW: WIND :SUNSHINE: SKY :PK WND
================================================================================
1 2 3 4 5 6A 6B 7 8 9 10 11 12 13 14 15 16 17 18
12Z AVG MX 2MIN
DY MAX MIN AVG DEP HDD CDD WTR SNW DPTH SPD SPD DIR MIN PSBL S-S WX SPD DR
================================================================================
1 42 26 34 2 31 0 T M M 3.3 12 330 M M 5 1 14 330
2 46 22 34 2 31 0 0.00 M M 5.6 15 190 M M 3 20 220
3 50 27 39 8 26 0 0.00 M M 4.1 10 340 M M 0 13 330
4 54 27 41 10 24 0 0.00 M M 2.5 8 350 M M 1 11 270
5 51 26 39 9 26 0 0.00 M M 2.6 10 330 M M 0 13 330
6 52 22 37 7 28 0 0.00 M M 1.8 10 320 M M 0 12 330
7 52 23 38 8 27 0 0.00 M M 5.5 21 320 M M 2 24 320
8 45 28 37 8 28 0 T M M 12.7 33 270 M M 4 8 41 270
9 40 15 28 -1 37 0 0.00 M M 2.8 15 280 M M 0 18 280
10 38 15 27 -2 38 0 0.00 M M 2.1 8 250 M M 0 11 140
11 42 16 29 1 36 0 0.00 M M 2.3 9 320 M M 0 12 340
12 41 19 30 2 35 0 0.00 M M 3.0 9 310 M M 1 12 300
13 45 21 33 5 32 0 0.00 M M 3.0 15 310 M M 2 16 320
14 50 24 37 10 28 0 0.00 M M 1.7 8 60 M M 4 14 340
15 49 20 35 8 30 0 0.00 M M 3.2 13 100 M M 0 1 16 100
16 46 18 32 5 33 0 0.00 M M 1.7 8 320 M M 0 11 340
17 44 16 30 3 35 0 0.00 M M 2.2 10 300 M M 0 13 300
18 41 18 30 4 35 0 0.00 M M 2.3 10 320 M M 0 11 330
19 45 20 33 7 32 0 0.00 M M 2.9 10 310 M M 5 11 310
20 48 26 37 11 28 0 0.02 M M 3.4 12 320 M M 8 13 320
21 47 36 42 16 23 0 0.00 M M 2.7 10 320 M M 10 11 320
22 48 33 41 15 24 0 0.06 M M 3.3 9 330 M M 7 1 12 130
23 44 30 37 11 28 0 0.29 M M 6.6 22 290 M M 8 1 30 290
24 38 21 30 4 35 0 0.00 M M 3.9 17 280 M M 1 22 280
25 36 17 27 1 38 0 0.00 M M 1.3 8 80 M M 0 10 80
26 35 14 25 -1 40 0 0.00 M M 2.1 9 160 M M 0 13 150
27 36 10 23 -3 42 0 0.00 M M 2.1 14 320 M M 0 16 330
28 38 12 25 -1 40 0 0.00 M M 1.7 9 80 M M 0 11 80
29 42 14 28 2 37 0 0.00 M M 1.4 12 60 M M 0 14 60
30 39 15 27 1 38 0 0.00 M M 3.1 13 320 M M 1 15 330
31 44 14 29 3 36 0 0.00 M M 1.8 8 330 M M 0 10 340
================================================================================
SM 1368 645 1001 0 0.37 M 98.7 M 62
================================================================================
AV 44.1 20.8 3.2 FASTST M M 2 MAX(MPH)
MISC ----> 33 270 41 270
================================================================================
NOTES:
# LAST OF SEVERAL OCCURRENCES
COLUMN 17 PEAK WIND IN M.P.H.
PRELIMINARY LOCAL CLIMATOLOGICAL DATA (WS FORM: F-6) , PAGE 2
STATION: CANYONLANDS AIRPORT UT
MONTH: DECEMBER
YEAR: 2023
LATITUDE: 38 46 N
LONGITUDE: 109 45 W
[TEMPERATURE DATA] [PRECIPITATION DATA] SYMBOLS USED IN COLUMN 16
AVERAGE MONTHLY: 32.5 TOTAL FOR MONTH: 0.37 1 = FOG OR MIST
DPTR FM NORMAL: 4.9 DPTR FM NORMAL: -0.16 2 = FOG REDUCING VISIBILITY
HIGHEST: 54 ON 4 GRTST 24HR 0.35 ON 22-23 TO 1/4 MILE OR LESS
LOWEST: 10 ON 27 3 = THUNDER
SNOW, ICE PELLETS, HAIL 4 = ICE PELLETS
TOTAL MONTH: M 5 = HAIL
GRTST 24HR M ON M 6 = FREEZING RAIN OR DRIZZLE
GRTST DEPTH: M ON M 7 = DUSTSTORM OR SANDSTORM:
VSBY 1/2 MILE OR LESS
8 = SMOKE OR HAZE
[NO. OF DAYS WITH] [WEATHER - DAYS WITH] 9 = BLOWING SNOW
X = TORNADO
MAX 32 OR BELOW: 0 0.01 INCH OR MORE: 3
MAX 90 OR ABOVE: 0 0.10 INCH OR MORE: 1
MIN 32 OR BELOW: 29 0.50 INCH OR MORE: 0
MIN 0 OR BELOW: 0 1.00 INCH OR MORE: 0
[HDD (BASE 65) ]
TOTAL THIS MO. 1001 CLEAR (SCALE 0-3) 23
DPTR FM NORMAL -156 PTCLDY (SCALE 4-7) 6
TOTAL FM JUL 1 2041 CLOUDY (SCALE 8-10) 2
DPTR FM NORMAL -268
[CDD (BASE 65) ]
TOTAL THIS MO. 0
DPTR FM NORMAL 0 [PRESSURE DATA]
TOTAL FM JAN 1 1436 HIGHEST SLP 30.64 ON 9
DPTR FM NORMAL 22 LOWEST SLP 29.80 ON 23
[REMARKS]
#FINAL-12-23#