000
CXUS55 KGJT 010910
CF6CNY
PRELIMINARY LOCAL CLIMATOLOGICAL DATA (WS FORM: F-6)
STATION: CANYONLANDS AIRPORT UT
MONTH: AUGUST
YEAR: 2023
LATITUDE: 38 46 N
LONGITUDE: 109 45 W
TEMPERATURE IN F: :PCPN: SNOW: WIND :SUNSHINE: SKY :PK WND
================================================================================
1 2 3 4 5 6A 6B 7 8 9 10 11 12 13 14 15 16 17 18
12Z AVG MX 2MIN
DY MAX MIN AVG DEP HDD CDD WTR SNW DPTH SPD SPD DIR MIN PSBL S-S WX SPD DR
================================================================================
1 92 64 78 -3 0 13 0.05 M M 7.5 32 290 M M 2 3 40 300
2 97 62 80 -1 0 15 0.04 M M 7.9 46 270 M M 1 3 60 270
3 92 60 76 -5 0 11 0.00 M M 3.9 43 260 M M 0 3 59 260
4 94 55 75 -6 0 10 0.00 M M 4.3 23 290 M M 0 33 290
5 98 67 83 2 0 18 0.00 M M 6.7 26 70 M M 0 34 60
6 100 63 82 2 0 17 0.00 M M 7.5 25 230 M M 0 35 280
7 99 59 79 -1 0 14 0.00 M M 6.3 30 270 M M 0 38 270
8 95 56 76 -4 0 11 0.00 M M 9.2 29 310 M M 0 36 310
9 95 56 76 -4 0 11 0.00 M M 4.8 20 280 M M 0 27 250
10 94 65 80 0 0 15 0.00 M M 9.4 26 270 M M 0 33 270
11 93 59 76 -3 0 11 0.00 M M 4.9 23 240 M M 0 31 260
12 95 65 80 1 0 15 0.00 M M 5.5 18 240 M M 1 24 250
13 96 63 80 1 0 15 0.00 M M 4.8 16 60 M M 0 23 70
14 96 72 84 5 0 19 0.00 M M 11.4 32 150 M M 0 40 150
15 97 70 84 6 0 19 0.00 M M 5.4 24 180 M M 0 3 32 180
16 96 67 82 4 0 17 0.00 M M 4.9 24 10 M M 0 3 30 360
17 100 68 84 6 0 19 0.02 M M 9.7 32 250 M M 1 3 42 240
18 92 64 78 0 0 13 T M M 5.5 23 300 M M 1 3 28 290
19 93 65 79 2 0 14 0.00 M M 5.8 18 290 M M 1 25 270
20 100 69 85 8 0 20 0.00 M M 19.1 31 160 M M 0 41 160
21 97 72 85 8 0 20 0.00 M M 9.9 30 160 M M 1 42 150
22 92 65 79 3 0 14 0.45 M M 8.9 32 260 M M 2 3 43 250
23 87 65 76 0 0 11 0.03 M M 5.6 22 170 M M 4 29 170
24 78 64 71 -5 0 6 0.42 M M 5.2 16 140 M M 7 1 20 320
25 87 62 75 -1 0 10 0.00 M M 2.5 9 250 M M 1 18 250
26 93 67 80 5 0 15 0.00 M M 7.7 29 270 M M 0 3 38 270
27 95 68 82 7 0 17 0.00 M M 4.1 16 270 M M 0 23 260
28 95 65 80 5 0 15 0.00 M M 4.5 20 310 M M 0 25 290
29 96 65 81 6 0 16 0.00 M M 4.3 14 150 M M 0 19 120
30 98 66 82 8 0 17 0.00 M M 7.9 24 260 M M 0 42 250
31 98 58 78 4 0 13 T M M 6.8 29 250 M M 0 38 240
================================================================================
SM 2930 1986 0 451 1.01 M 211.9 M 22
================================================================================
AV 94.5 64.1 6.8 FASTST M M 1 MAX(MPH)
MISC ----> 46 270 60 270
================================================================================
NOTES:
# LAST OF SEVERAL OCCURRENCES
COLUMN 17 PEAK WIND IN M.P.H.
PRELIMINARY LOCAL CLIMATOLOGICAL DATA (WS FORM: F-6) , PAGE 2
STATION: CANYONLANDS AIRPORT UT
MONTH: AUGUST
YEAR: 2023
LATITUDE: 38 46 N
LONGITUDE: 109 45 W
[TEMPERATURE DATA] [PRECIPITATION DATA] SYMBOLS USED IN COLUMN 16
AVERAGE MONTHLY: 79.3 TOTAL FOR MONTH: 1.01 1 = FOG OR MIST
DPTR FM NORMAL: 1.3 DPTR FM NORMAL: 0.38 2 = FOG REDUCING VISIBILITY
HIGHEST: 100 ON 20,17 GRTST 24HR 0.48 ON 22-23 TO 1/4 MILE OR LESS
LOWEST: 55 ON 4 3 = THUNDER
SNOW, ICE PELLETS, HAIL 4 = ICE PELLETS
TOTAL MONTH: M 5 = HAIL
GRTST 24HR M ON M 6 = FREEZING RAIN OR DRIZZLE
GRTST DEPTH: M ON M 7 = DUSTSTORM OR SANDSTORM:
VSBY 1/2 MILE OR LESS
8 = SMOKE OR HAZE
[NO. OF DAYS WITH] [WEATHER - DAYS WITH] 9 = BLOWING SNOW
X = TORNADO
MAX 32 OR BELOW: 0 0.01 INCH OR MORE: 6
MAX 90 OR ABOVE: 28 0.10 INCH OR MORE: 2
MIN 32 OR BELOW: 0 0.50 INCH OR MORE: 0
MIN 0 OR BELOW: 0 1.00 INCH OR MORE: 0
[HDD (BASE 65) ]
TOTAL THIS MO. 0 CLEAR (SCALE 0-3) 29
DPTR FM NORMAL -1 PTCLDY (SCALE 4-7) 2
TOTAL FM JUL 1 0 CLOUDY (SCALE 8-10) 0
DPTR FM NORMAL 0
[CDD (BASE 65) ]
TOTAL THIS MO. 451
DPTR FM NORMAL 49 [PRESSURE DATA]
TOTAL FM JAN 1 1291 HIGHEST SLP M ON M
DPTR FM NORMAL 29 LOWEST SLP 29.65 ON 31
[REMARKS]
#FINAL-08-23#