000
CXUS54 KCRP 222311
CF6COT
PRELIMINARY LOCAL CLIMATOLOGICAL DATA (WS FORM: F-6)
STATION: COTULLA
MONTH: MARCH
YEAR: 2022
LATITUDE: 28 27 N
LONGITUDE: 99 13 W
TEMPERATURE IN F: :PCPN: SNOW: WIND :SUNSHINE: SKY :PK WND
================================================================================
1 2 3 4 5 6A 6B 7 8 9 10 11 12 13 14 15 16 17 18
12Z AVG MX 2MIN
DY MAX MIN AVG DEP HDD CDD WTR SNW DPTH SPD SPD DIR MIN PSBL S-S WX SPD DR
================================================================================
1 78 35 57 -7 8 0 0.00 0.0 0 6.6 15 130 M M 0 18 100
2 80 44 62 -2 3 0 0.00 0.0 0 7.3 20 140 M M 1 128 23 140
3 81 56 69 4 0 4 0.00 0.0 0 8.4 17 130 M M 6 22 150
4 88 68 78 13 0 13 0.00 0.0 0 13.2 23 130 M M 7 30 140
5 91 62 77 12 0 12 0.00 0.0 0 10.4 22 150 M M 2 29 150
6 89 70 80 15 0 15 0.00 0.0 0 12.1 21 140 M M 5 26 150
7 74 54 64 -1 1 0 0.02 0.0 0 11.0 25 20 M M 9 1 33 10
8 68 47 58 -8 7 0 T 0.0 0 9.3 15 20 M M 6 22 20
9 70 46 58 -8 7 0 0.00 0.0 0 6.3 14 40 M M 0 21 30
10 80 40 60 -6 5 0 0.00 0.0 0 7.8 18 150 M M 2 128 25 160
11 66 44 55 -11 10 0 T 0.0 0 12.7 25 350 M M 7 33 340
12 62 34 48 -18 17 0 0.00 0.0 0 6.2 14 360 M M 0 19 10
13 76 36 56 -11 9 0 0.00 0.0 0 11.5 28 130 M M 0 35 130
14 89 51 70 3 0 5 0.00 0.0 0 7.9 20 350 M M 0 29 230
15 88 55 72 5 0 7 0.00 0.0 0 9.4 22 340 M M 0 30 320
16 92 50 71 4 0 6 0.00 0.0 0 9.8 22 140 M M 0 30 140
17 92 58 75 7 0 10 0.00 0.0 0 7.9 18 150 M M 1 25 150
18 82 59 71 3 0 6 0.00 0.0 0 11.2 22 330 M M 1 30 350
19 84 50 67 -1 0 2 0.00 0.0 0 9.2 22 140 M M 0 30 130
20 86 49 68 0 0 3 0.00 0.0 0 14.1 28 130 M M 1 37 130
21 97 67 82 14 0 17 0.01 0.0 0 12.0 22 180 M M 5 18 36 190
22 78 57 68 0 0 3 0.00 0.0 0 16.8 33 320 M M 0 3 46 330
23 75 48 62 -7 3 0 0.00 0.0 0 6.9 24 310 M M 0 36 320
24 86 42 64 -5 1 0 0.00 0.0 0 7.3 24 330 M M 0 36 320
25 95 43 69 0 0 4 0.00 0.0 0 5.4 15 140 M M 0 22 150
26 98 53 76 7 0 11 0.00 0.0 0 8.3 16 150 M M 0 25 200
27 95 53 74 4 0 9 0.00 0.0 0 9.7 22 130 M M 0 29 130
28 95 62 79 9 0 14 0.00 0.0 0 12.7 22 130 M M 1 31 120
29 94 66 80 10 0 15 0.00 0.0 0 15.4 28 140 M M 1 41 150
30 91 67 79 9 0 14 T 0.0 0 14.3 32 320 M M 2 50 300
31 91 52 72 2 0 7 0.00 0.0 0 8.1 21 130 M M 0 27 130
================================================================================
SM 2611 1618 71 177 0.03 0.0 309.2 M 57
================================================================================
AV 84.2 52.2 10.0 FASTST M M 2 MAX(MPH)
MISC ----> 33 320 50 300
================================================================================
NOTES:
# LAST OF SEVERAL OCCURRENCES
COLUMN 17 PEAK WIND IN M.P.H.
PRELIMINARY LOCAL CLIMATOLOGICAL DATA (WS FORM: F-6) , PAGE 2
STATION: COTULLA
MONTH: MARCH
YEAR: 2022
LATITUDE: 28 27 N
LONGITUDE: 99 13 W
[TEMPERATURE DATA] [PRECIPITATION DATA] SYMBOLS USED IN COLUMN 16
AVERAGE MONTHLY: 68.2 TOTAL FOR MONTH: 0.03 1 = FOG OR MIST
DPTR FM NORMAL: 1.0 DPTR FM NORMAL: -1.54 2 = FOG REDUCING VISIBILITY
HIGHEST: 98 ON 26 GRTST 24HR 0.02 ON 7- 7 TO 1/4 MILE OR LESS
LOWEST: 34 ON 12 3 = THUNDER
SNOW, ICE PELLETS, HAIL 4 = ICE PELLETS
TOTAL MONTH: 0.0 INCH 5 = HAIL
GRTST 24HR 0.0 6 = FREEZING RAIN OR DRIZZLE
GRTST DEPTH: 0 7 = DUSTSTORM OR SANDSTORM:
VSBY 1/2 MILE OR LESS
8 = SMOKE OR HAZE
[NO. OF DAYS WITH] [WEATHER - DAYS WITH] 9 = BLOWING SNOW
X = TORNADO
MAX 32 OR BELOW: 0 0.01 INCH OR MORE: 2
MAX 90 OR ABOVE: 11 0.10 INCH OR MORE: 0
MIN 32 OR BELOW: 0 0.50 INCH OR MORE: 0
MIN 0 OR BELOW: 0 1.00 INCH OR MORE: 0
[HDD (BASE 65) ]
TOTAL THIS MO. 71 CLEAR (SCALE 0-3) 24
DPTR FM NORMAL -5 PTCLDY (SCALE 4-7) 6
TOTAL FM JUL 1 748 CLOUDY (SCALE 8-10) 1
DPTR FM NORMAL -237
[CDD (BASE 65) ]
TOTAL THIS MO. 177
DPTR FM NORMAL 31 [PRESSURE DATA]
TOTAL FM JAN 1 240 HIGHEST SLP 30.61 ON 12
DPTR FM NORMAL 10 LOWEST SLP 29.44 ON 29
[REMARKS]
#FINAL-03-22#