000
CXUS54 KCRP 031412
CF6COT
PRELIMINARY LOCAL CLIMATOLOGICAL DATA (WS FORM: F-6)
STATION: COTULLA
MONTH: NOVEMBER
YEAR: 2023
LATITUDE: 28 27 N
LONGITUDE: 99 13 W
TEMPERATURE IN F: :PCPN: SNOW: WIND :SUNSHINE: SKY :PK WND
================================================================================
1 2 3 4 5 6A 6B 7 8 9 10 11 12 13 14 15 16 17 18
12Z AVG MX 2MIN
DY MAX MIN AVG DEP HDD CDD WTR SNW DPTH SPD SPD DIR MIN PSBL S-S WX SPD DR
================================================================================
1 68 35 52 -17 13 0 0.00 0.0 0 5.6 14 70 M M 0 19 60
2 73 49 61 -8 4 0 0.00 0.0 0 6.9 16 140 M M 6 23 140
3 82 57 70 2 0 5 0.00 0.0 0 5.9 14 150 M M 4 20 200
4 85 57 71 3 0 6 0.00 0.0 0 6.0 14 180 M M 1 1 20 190
5 87 61 74 6 0 9 0.00 0.0 0 5.8 13 130 M M 0 18 140
6 86 64 75 8 0 10 0.00 0.0 0 5.7 14 170 M M 0 1 24 160
7 91 63 77 10 0 12 0.00 0.0 0 6.7 14 140 M M 0 19 140
8 93 66 80 14 0 15 0.00 0.0 0 7.1 14 130 M M 0 21 130
9 85 64 75 9 0 10 0.07 0.0 0 6.6 17 360 M M 6 1 23 10
10 64 58 61 -5 4 0 0.03 0.0 0 7.9 17 360 M M 10 1 24 10
11 63 60 62 -3 3 0 0.07 0.0 0 5.1 13 30 M M 10 1 17 30
12 63 60 62 -3 3 0 0.47 0.0 0 5.4 12 40 M M 10 1 16 40
13 63 58 61 -4 4 0 0.16 0.0 0 6.2 12 360 M M 10 1 16 20
14 75 58 67 3 0 2 0.00 0.0 0 5.9 15 310 M M 7 20 320
15 80 54 67 3 0 2 0.00 0.0 0 1.9 7 350 M M 0 1 9 350
16 79 53 66 2 0 1 0.00 0.0 0 4.9 10 100 M M 0 1 18 160
17 85 54 70 7 0 5 0.00 0.0 0 3.9 12 50 M M 2 12 18 50
18 79 61 70 7 0 5 0.00 0.0 0 6.3 15 40 M M 2 22 30
19 76 60 68 5 0 3 0.00 0.0 0 5.8 12 150 M M 7 18 16 170
20 87 60 74 12 0 9 T 0.0 0 8.9 23 330 M M 4 1 39 310
21 70 47 59 -3 6 0 0.00 0.0 0 10.1 22 350 M M 2 29 330
22 70 36 53 -9 12 0 T 0.0 0 3.8 12 310 M M 0 17 330
23 66 47 57 -5 8 0 0.07 0.0 0 5.3 12 120 M M 5 18 110
24 73 46 60 -1 5 0 0.00 0.0 0 7.8 14 130 M M 3 19 100
25 62 57 60 -1 5 0 0.17 0.0 0 6.9 13 80 M M 10 1 18 70
26 65 54 60 -1 5 0 T 0.0 0 6.9 17 20 M M 9 1 24 40
27 57 51 54 -6 11 0 0.00 0.0 0 6.4 13 80 M M 10 M M
28 62 52 57 -3 8 0 0.00 0.0 0 3.3 9 110 M M 10 11 110
29 62 55 59 -1 6 0 0.02 0.0 0 3.1 8 140 M M 10 18 11 130
30 67 56 62 2 3 0 0.04 0.0 0 2.0 8 360 M M 9 1 10 270
================================================================================
SM 2218 1653 100 94 1.10 0.0 174.1 M 147
================================================================================
AV 73.9 55.1 5.8 FASTST M M 5 MAX(MPH)
MISC ----> 23 330 39 310
================================================================================
NOTES:
# LAST OF SEVERAL OCCURRENCES
COLUMN 17 PEAK WIND IN M.P.H.
PRELIMINARY LOCAL CLIMATOLOGICAL DATA (WS FORM: F-6) , PAGE 2
STATION: COTULLA
MONTH: NOVEMBER
YEAR: 2023
LATITUDE: 28 27 N
LONGITUDE: 99 13 W
[TEMPERATURE DATA] [PRECIPITATION DATA] SYMBOLS USED IN COLUMN 16
AVERAGE MONTHLY: 64.5 TOTAL FOR MONTH: 1.10 1 = FOG OR MIST
DPTR FM NORMAL: 0.5 DPTR FM NORMAL: -0.05 2 = FOG REDUCING VISIBILITY
HIGHEST: 93 ON 8 GRTST 24HR 0.51 ON 12-13 TO 1/4 MILE OR LESS
LOWEST: 35 ON 1 3 = THUNDER
SNOW, ICE PELLETS, HAIL 4 = ICE PELLETS
TOTAL MONTH: 0.0 INCH 5 = HAIL
GRTST 24HR 0.0 6 = FREEZING RAIN OR DRIZZLE
GRTST DEPTH: 0 7 = DUSTSTORM OR SANDSTORM:
VSBY 1/2 MILE OR LESS
8 = SMOKE OR HAZE
[NO. OF DAYS WITH] [WEATHER - DAYS WITH] 9 = BLOWING SNOW
X = TORNADO
MAX 32 OR BELOW: 0 0.01 INCH OR MORE: 9
MAX 90 OR ABOVE: 2 0.10 INCH OR MORE: 3
MIN 32 OR BELOW: 0 0.50 INCH OR MORE: 0
MIN 0 OR BELOW: 0 1.00 INCH OR MORE: 0
[HDD (BASE 65) ]
TOTAL THIS MO. 100 CLEAR (SCALE 0-3) 13
DPTR FM NORMAL -25 PTCLDY (SCALE 4-7) 7
TOTAL FM JUL 1 131 CLOUDY (SCALE 8-10) 10
DPTR FM NORMAL -12
[CDD (BASE 65) ]
TOTAL THIS MO. 94
DPTR FM NORMAL -3 [PRESSURE DATA]
TOTAL FM JAN 1 4911 HIGHEST SLP 30.51 ON 1
DPTR FM NORMAL 989 LOWEST SLP 29.62 ON 20
[REMARKS]
#FINAL-11-23#