000
CXUS54 KFWD 010730
CF6CPT
PRELIMINARY LOCAL CLIMATOLOGICAL DATA (WS FORM: F-6)
STATION: CLEBURNE
MONTH: MAY
YEAR: 2023
LATITUDE: 32 20 N
LONGITUDE: 97 24 W
TEMPERATURE IN F: :PCPN: SNOW: WIND :SUNSHINE: SKY :PK WND
================================================================================
1 2 3 4 5 6A 6B 7 8 9 10 11 12 13 14 15 16 17 18
12Z AVG MX 2MIN
DY MAX MIN AVG DEP HDD CDD WTR SNW DPTH SPD SPD DIR MIN PSBL S-S WX SPD DR
================================================================================
1 77 54 66 -3 0 1 0.00 M M 9.9 14 70 M M 0 20 80
2 82 57 70 1 0 5 0.00 M M 7.6 12 120 M M 5 17 120
3 82 64 73 4 0 8 0.00 M M 9.1 14 90 M M 3 21 100
4 81 64 73 3 0 8 0.13 M M 11.8 20 200 M M 3 35 200
5 93 64 79 9 0 14 0.10 M M 11.9 17 190 M M 3 1 35 170
6 86 66 76 6 0 11 0.06 M M 10.7 16 140 M M 4 3 24 200
7 M M M M M M 0.00 M M M M M M M 0 M M
8 88 70 79 8 0 14 0.00 M M 10.6 16 170 M M 2 31 170
9 82 68 75 4 0 10 0.03 M M 10.0 17 130 M M 3 1 23 160
10 72 66 69 -2 0 4 0.43 M M 5.6 8 130 M M 5 1 14 110
11 86 66 76 5 0 11 0.01 M M 10.2 18 160 M M 6 1 28 160
12 86 73 80 8 0 15 0.00 M M 12.8 20 140 M M 6 18 28 180
13 79 64 72 0 0 7 0.03 M M 6.6 16 230 M M 3 29 230
14 75 66 71 -1 0 6 0.42 M M 3.1 8 130 M M 3 1 M M
15 84 64 74 2 0 9 0.38 M M 5.4 14 170 M M 3 13 23 170
16 77 64 71 -2 0 6 0.00 M M 5.7 13 330 M M 4 1 18 340
17 84 61 73 0 0 8 0.00 M M 4.6 8 100 M M 0 12 99
18 86 63 75 2 0 10 0.00 M M 8.4 14 110 M M 0 18 110
19 90 70 80 6 0 15 0.15 M M 8.5 15 180 M M 3 3 21 220
20 77 63 70 -4 0 5 0.01 M M 10.4 17 350 M M 3 18 24 350
21 75 59 67 -7 0 2 0.00 M M 2.7 7 20 M M 0 12 0
22 82 61 72 -2 0 7 0.00 M M 5.1 10 120 M M 2 1 15 140
23 86 64 75 0 0 10 0.38 M M 7.7 13 120 M M 2 13 21 120
24 84 64 74 -1 0 9 0.45 M M 6.8 13 100 M M 4 13 28 170
25 82 66 74 -1 0 9 0.00 M M 6.9 13 100 M M 3 16 100
26 84 66 75 0 0 10 0.00 M M 7.8 14 110 M M 1 18 110
27 82 63 73 -3 0 8 0.00 M M 6.6 10 110 M M 1 16 110
28 84 68 76 0 0 11 0.00 M M 7.6 13 180 M M 1 22 170
29 88 66 77 1 0 12 0.00 M M 6.7 18 80 M M 1 24 80
30 90 64 77 1 0 12 0.00 M M 7.3 21 130 M M 0 23 130
31 88 66 77 0 0 12 0.00 M M 6.2 12 160 M M 1 15 160
================================================================================
SM 2492 1934 0 269 2.58 M 234.2 M 75
================================================================================
AV 83.1 64.5 7.8 FASTST M M 2 MAX(MPH)
MISC ----> 21 130 # 35 200
================================================================================
NOTES:
# LAST OF SEVERAL OCCURRENCES
COLUMN 17 PEAK WIND IN M.P.H.
PRELIMINARY LOCAL CLIMATOLOGICAL DATA (WS FORM: F-6) , PAGE 2
STATION: CLEBURNE
MONTH: MAY
YEAR: 2023
LATITUDE: 32 20 N
LONGITUDE: 97 24 W
[TEMPERATURE DATA] [PRECIPITATION DATA] SYMBOLS USED IN COLUMN 16
AVERAGE MONTHLY: 73.8 TOTAL FOR MONTH: 2.58 1 = FOG OR MIST
DPTR FM NORMAL: 1.1 DPTR FM NORMAL: -2.27 2 = FOG REDUCING VISIBILITY
HIGHEST: 93 ON 5 GRTST 24HR 0.45 ON 24-24 TO 1/4 MILE OR LESS
LOWEST: 54 ON 1 3 = THUNDER
SNOW, ICE PELLETS, HAIL 4 = ICE PELLETS
TOTAL MONTH: M 5 = HAIL
GRTST 24HR M ON M 6 = FREEZING RAIN OR DRIZZLE
GRTST DEPTH: M ON M 7 = DUSTSTORM OR SANDSTORM:
VSBY 1/2 MILE OR LESS
8 = SMOKE OR HAZE
[NO. OF DAYS WITH] [WEATHER - DAYS WITH] 9 = BLOWING SNOW
X = TORNADO
MAX 32 OR BELOW: 0 0.01 INCH OR MORE: 13
MAX 90 OR ABOVE: 3 0.10 INCH OR MORE: 7
MIN 32 OR BELOW: 0 0.50 INCH OR MORE: 0
MIN 0 OR BELOW: 0 1.00 INCH OR MORE: 0
[HDD (BASE 65) ]
TOTAL THIS MO. 0 CLEAR (SCALE 0-3) 21
DPTR FM NORMAL -11 PTCLDY (SCALE 4-7) 10
TOTAL FM JUL 1 1614 CLOUDY (SCALE 8-10) 0
DPTR FM NORMAL -833
[CDD (BASE 65) ]
TOTAL THIS MO. 269
DPTR FM NORMAL 18 [PRESSURE DATA]
TOTAL FM JAN 1 364 HIGHEST SLP M ON M
DPTR FM NORMAL 2 LOWEST SLP M ON M
[REMARKS]
#FINAL-05-23#