000
CXUS56 KLOX 011155
CF6CQT
PRELIMINARY LOCAL CLIMATOLOGICAL DATA (WS FORM: F-6)
STATION: DOWNTOWN LOS ANGELES (USC) CA
MONTH: SEPTEMBER
YEAR: 2021
LATITUDE: 34 1 N
LONGITUDE: 118 17 W
TEMPERATURE IN F: :PCPN: SNOW: WIND :SUNSHINE: SKY :PK WND
================================================================================
1 2 3 4 5 6A 6B 7 8 9 10 11 12 13 14 15 16 17 18
12Z AVG MX 2MIN
DY MAX MIN AVG DEP HDD CDD WTR SNW DPTH SPD SPD DIR MIN PSBL S-S WX SPD DR
================================================================================
1 77 65 71 -4 0 6 0.00 M M 1.2 9 260 M M 7 8 12 270
2 76 63 70 -5 0 5 0.00 M M 1.2 9 260 M M 7 15 270
3 77 63 70 -5 0 5 0.00 M M 1.4 9 260 M M 4 18 15 270
4 88 61 75 0 0 10 0.00 M M 1.5 9 260 M M 0 14 270
5 94 62 78 3 0 13 0.00 M M 1.6 10 260 M M 0 8 16 280
6 86 68 77 2 0 12 0.00 M M 1.4 10 270 M M 2 8 15 270
7 84 67 76 1 0 11 0.00 M M 1.4 8 260 M M 0 18 13 260
8 84 64 74 0 0 9 0.00 M M 1.4 9 260 M M 3 18 13 260
9 89 64 77 3 0 12 0.00 M M 2.0 8 260 M M 1 14 260
10 83 65 74 0 0 9 0.01 M M 1.3 8 270 M M 1 12 270
11 88 67 78 4 0 13 0.00 M M 1.4 9 260 M M 0 16 270
12 85 61 73 -1 0 8 0.00 M M 1.2 9 260 M M 0 1 13 270
13 80 59 70 -4 0 5 0.00 M M 1.1 6 270 M M 4 18 M M
14 80 57 69 -5 0 4 0.00 M M 1.3 8 260 M M 1 18 12 260
15 76 61 69 -5 0 4 0.00 M M 1.8 8 260 M M 5 18 13 270
16 74 60 67 -7 0 2 0.00 M M 1.0 8 270 M M 5 8 14 270
17 75 60 68 -6 0 3 0.00 M M 1.5 9 260 M M 4 8 14 270
18 73 59 66 -8 0 1 0.00 M M 2.1 9 260 M M 2 16 280
19 76 59 68 -5 0 3 0.00 M M 0.8 9 260 M M 2 8 15 260
20 84 62 73 0 0 8 0.00 M M 0.7 7 260 M M 0 18 12 270
21 94 64 79 6 0 14 0.00 M M 1.1 7 270 M M 0 11 260
22 88 67 78 5 0 13 0.00 M M 0.9 9 260 M M 1 15 270
23 81 61 71 -2 0 6 0.00 M M 1.0 8 260 M M 0 1 12 260
24 76 60 68 -5 0 3 0.00 M M 0.8 8 260 M M 3 18 13 260
25 74 61 68 -4 0 3 0.00 M M 2.5 9 260 M M 2 18 14 270
26 69 63 66 -6 0 1 0.00 M M 1.5 8 270 M M 10 13 270
27 68 63 66 -6 0 1 0.00 M M 0.6 7 260 M M 10 9 260
28 72 62 67 -5 0 2 0.00 M M 1.2 9 270 M M 7 14 260
29 73 59 66 -6 0 1 0.00 M M 1.5 8 260 M M 0 15 270
30 86 58 72 0 0 7 0.00 M M 1.2 9 260 M M 0 8 14 260
================================================================================
SM 2410 1865 0 194 0.01 M 39.6 M 81
================================================================================
AV 80.3 62.2 1.3 FASTST M M 3 MAX(MPH)
MISC ----> # 10 260 # 16 280
================================================================================
NOTES:
# LAST OF SEVERAL OCCURRENCES
COLUMN 17 PEAK WIND IN M.P.H.
PRELIMINARY LOCAL CLIMATOLOGICAL DATA (WS FORM: F-6) , PAGE 2
STATION: DOWNTOWN LOS ANGELES (USC) CA
MONTH: SEPTEMBER
YEAR: 2021
LATITUDE: 34 1 N
LONGITUDE: 118 17 W
[TEMPERATURE DATA] [PRECIPITATION DATA] SYMBOLS USED IN COLUMN 16
AVERAGE MONTHLY: 71.3 TOTAL FOR MONTH: 0.01 1 = FOG OR MIST
DPTR FM NORMAL: -2.3 DPTR FM NORMAL: -0.12 2 = FOG REDUCING VISIBILITY
HIGHEST: 94 ON 21, 5 GRTST 24HR 0.01 ON 10-10 TO 1/4 MILE OR LESS
LOWEST: 57 ON 14 3 = THUNDER
SNOW, ICE PELLETS, HAIL 4 = ICE PELLETS
TOTAL MONTH: M 5 = HAIL
GRTST 24HR M ON M 6 = FREEZING RAIN OR DRIZZLE
GRTST DEPTH: M ON M 7 = DUSTSTORM OR SANDSTORM:
VSBY 1/2 MILE OR LESS
8 = SMOKE OR HAZE
[NO. OF DAYS WITH] [WEATHER - DAYS WITH] 9 = BLOWING SNOW
X = TORNADO
MAX 32 OR BELOW: 0 0.01 INCH OR MORE: 1
MAX 90 OR ABOVE: 2 0.10 INCH OR MORE: 0
MIN 32 OR BELOW: 0 0.50 INCH OR MORE: 0
MIN 0 OR BELOW: 0 1.00 INCH OR MORE: 0
[HDD (BASE 65) ]
TOTAL THIS MO. 0 CLEAR (SCALE 0-3) 19
DPTR FM NORMAL -1 PTCLDY (SCALE 4-7) 9
TOTAL FM JUL 1 0 CLOUDY (SCALE 8-10) 2
DPTR FM NORMAL 0
[CDD (BASE 65) ]
TOTAL THIS MO. 194
DPTR FM NORMAL -65 [PRESSURE DATA]
TOTAL FM JAN 1 1139 HIGHEST SLP M ON M
DPTR FM NORMAL 32 LOWEST SLP 29.77 ON 8
[REMARKS]
#FINAL-09-21#