000
CXUS56 KLOX 011655
CF6CQT
PRELIMINARY LOCAL CLIMATOLOGICAL DATA (WS FORM: F-6)
STATION: DOWNTOWN LOS ANGELES (USC) CA
MONTH: MAY
YEAR: 2020
LATITUDE: 34 1 N
LONGITUDE: 118 17 W
TEMPERATURE IN F: :PCPN: SNOW: WIND :SUNSHINE: SKY :PK WND
================================================================================
1 2 3 4 5 6A 6B 7 8 9 10 11 12 13 14 15 16 17 18
12Z AVG MX 2MIN
DY MAX MIN AVG DEP HDD CDD WTR SNW DPTH SPD SPD DIR MIN PSBL S-S WX SPD DR
================================================================================
1 79 62 71 6 0 6 0.00 0.0 0 1.3 9 260 M M 3 8 15 260
2 79 63 71 6 0 6 0.00 0.0 0 2.2 12 270 M M 1 19 270
3 77 61 69 4 0 4 0.00 0.0 0 1.4 9 270 M M 1 17 260
4 83 60 72 7 0 7 0.00 0.0 0 1.7 9 260 M M 0 8 13 270
5 89 64 77 12 0 12 0.00 0.0 0 1.9 9 260 M M 0 8 13 260
6 92 65 79 14 0 14 0.00 0.0 0 1.5 9 260 M M 0 8 14 280
7 95 68 82 17 0 17 0.00 0.0 0 1.6 10 260 M M 0 8 14 270
8 89 65 77 12 0 12 0.00 0.0 0 0.9 8 260 M M 0 8 14 270
9 79 64 72 7 0 7 0.00 0.0 0 2.0 9 260 M M 3 8 15 270
10 76 63 70 4 0 5 0.00 0.0 0 2.0 10 270 M M 7 8 17 270
11 75 61 68 2 0 3 0.00 0.0 0 2.6 8 270 M M 5 8 M M
12 73 60 67 1 0 2 0.00 0.0 0 2.3 12 260 M M 4 8 19 270
13 75 59 67 1 0 2 0.00 0.0 0 1.9 12 260 M M 1 18 270
14 77 62 70 4 0 5 0.00 0.0 0 3.5 13 260 M M 0 20 270
15 80 65 73 7 0 8 0.00 0.0 0 2.0 9 260 M M 1 14 270
16 82 62 72 6 0 7 0.00 0.0 0 2.1 10 260 M M 0 15 260
17 83 65 74 8 0 9 0.00 0.0 0 2.2 12 260 M M 3 8 18 270
18 75 61 68 2 0 3 0.14 0.0 0 3.1 13 270 M M 7 8 20 270
19 73 57 65 -1 0 0 0.00 0.0 0 3.4 15 260 M M 1 23 260
20 77 61 69 3 0 4 0.00 0.0 0 2.8 12 260 M M 1 19 270
21 80 59 70 4 0 5 0.00 0.0 0 1.9 10 260 M M 0 15 260
22 79 62 71 5 0 6 0.00 0.0 0 2.8 12 260 M M 3 8 19 270
23 75 61 68 2 0 3 0.00 0.0 0 3.1 10 260 M M 3 16 260
24 79 58 69 3 0 4 0.00 0.0 0 1.6 10 260 M M 1 8 16 260
25 77 59 68 2 0 3 0.00 0.0 0 1.4 8 260 M M 0 14 260
26 82 60 71 5 0 6 0.00 0.0 0 1.6 10 260 M M 2 18 15 270
27 81 60 71 5 0 6 0.00 0.0 0 1.4 10 270 M M 4 18 16 260
28 75 62 69 3 0 4 0.00 0.0 0 1.9 10 270 M M 5 8 18 270
29 73 63 68 1 0 3 0.00 0.0 0 1.4 9 260 M M 9 8 14 280
30 75 61 68 1 0 3 0.00 0.0 0 3.2 13 260 M M 4 22 280
31 75 59 67 0 0 2 0.00 0.0 0 1.7 12 270 M M 0 17 260
================================================================================
SM 2459 1912 0 178 0.14 0.0 64.4 M 69
================================================================================
AV 79.3 61.7 2.1 FASTST M M 2 MAX(MPH)
MISC ----> # 15 260 # 23 260
================================================================================
NOTES:
# LAST OF SEVERAL OCCURRENCES
COLUMN 17 PEAK WIND IN M.P.H.
PRELIMINARY LOCAL CLIMATOLOGICAL DATA (WS FORM: F-6) , PAGE 2
STATION: DOWNTOWN LOS ANGELES (USC) CA
MONTH: MAY
YEAR: 2020
LATITUDE: 34 1 N
LONGITUDE: 118 17 W
[TEMPERATURE DATA] [PRECIPITATION DATA] SYMBOLS USED IN COLUMN 16
AVERAGE MONTHLY: 70.5 TOTAL FOR MONTH: 0.14 1 = FOG OR MIST
DPTR FM NORMAL: 4.7 DPTR FM NORMAL: -0.12 2 = FOG REDUCING VISIBILITY
HIGHEST: 95 ON 7 GRTST 24HR 0.14 ON 18-18 TO 1/4 MILE OR LESS
LOWEST: 57 ON 19 3 = THUNDER
SNOW, ICE PELLETS, HAIL 4 = ICE PELLETS
TOTAL MONTH: 0.0 INCH 5 = HAIL
GRTST 24HR 0.0 6 = FREEZING RAIN OR DRIZZLE
GRTST DEPTH: 0 7 = DUSTSTORM OR SANDSTORM:
VSBY 1/2 MILE OR LESS
8 = SMOKE OR HAZE
[NO. OF DAYS WITH] [WEATHER - DAYS WITH] 9 = BLOWING SNOW
X = TORNADO
MAX 32 OR BELOW: 0 0.01 INCH OR MORE: 1
MAX 90 OR ABOVE: 2 0.10 INCH OR MORE: 1
MIN 32 OR BELOW: 0 0.50 INCH OR MORE: 0
MIN 0 OR BELOW: 0 1.00 INCH OR MORE: 0
[HDD (BASE 65) ]
TOTAL THIS MO. 0 CLEAR (SCALE 0-3) 22
DPTR FM NORMAL -43 PTCLDY (SCALE 4-7) 8
TOTAL FM JUL 1 634 CLOUDY (SCALE 8-10) 1
DPTR FM NORMAL -442
[CDD (BASE 65) ]
TOTAL THIS MO. 178
DPTR FM NORMAL 111 [PRESSURE DATA]
TOTAL FM JAN 1 340 HIGHEST SLP 30.06 ON 20
DPTR FM NORMAL 186 LOWEST SLP 29.79 ON 7
[REMARKS]
#FINAL-05-20#