000
CXUS52 KJAX 080242
CF6CRG
PRELIMINARY LOCAL CLIMATOLOGICAL DATA (WS FORM: F-6)
STATION: CRAIG EXEC ARPT
MONTH: JANUARY
YEAR: 2023
LATITUDE: 30 19 N
LONGITUDE: 81 31 W
TEMPERATURE IN F: :PCPN: SNOW: WIND :SUNSHINE: SKY :PK WND
================================================================================
1 2 3 4 5 6A 6B 7 8 9 10 11 12 13 14 15 16 17 18
12Z AVG MX 2MIN
DY MAX MIN AVG DEP HDD CDD WTR SNW DPTH SPD SPD DIR MIN PSBL S-S WX SPD DR
================================================================================
1 76 57 67 12 0 2 0.00 0.0 0 2.2 9 260 M M 5 12 12 260
2 77 55 66 11 0 1 0.00 0.0 0 2.8 10 100 M M 7 12 14 70
3 82 53 68 13 0 3 0.00 0.0 0 5.4 17 220 M M 4 12 23 220
4 81 67 74 19 0 9 0.28 0.0 0 8.1 25 270 M M 6 13 37 310
5 76 56 66 11 0 1 0.00 0.0 0 6.0 13 230 M M 1 19 240
6 67 43 55 0 10 0 0.00 0.0 0 6.6 15 340 M M 0 20 340
7 68 39 54 -1 11 0 0.00 0.0 0 2.1 10 40 M M 0 15 340
8 74 41 58 3 7 0 0.00 0.0 0 3.3 12 150 M M 1 18 100
9 73 46 60 5 5 0 0.00 0.0 0 6.4 17 330 M M 1 22 340
10 68 44 56 1 9 0 0.00 0.0 0 2.0 13 280 M M 0 17 280
11 74 41 58 3 7 0 0.00 0.0 0 4.6 10 140 M M 0 15 140
12 79 50 65 10 0 0 0.00 0.0 0 8.1 17 220 M M 0 25 220
13 65 43 54 0 11 0 0.35 0.0 0 13.2 24 310 M M 7 13 38 310
14 51 38 45 -10 20 0 0.00 0.0 0 13.7 26 330 M M 0 38 320
15 59 34 47 -8 18 0 0.00 0.0 0 5.8 14 330 M M 0 18 330
16 66 31 49 -6 16 0 0.00 0.0 0 1.3 9 210 M M 0 1 14 220
17 77 37 57 2 8 0 0.00 0.0 0 7.1 18 220 M M 1 24 210
18 78 57 68 13 0 3 0.00 0.0 0 6.2 12 100 M M 5 16 200
19 83 57 70 15 0 5 0.00 0.0 0 10.1 23 230 M M 2 31 210
20 76 49 63 8 2 0 0.00 0.0 0 6.4 16 300 M M 0 1 22 290
21 60 47 54 -1 11 0 0.07 0.0 0 3.7 10 40 M M 5 1 15 40
22 81 56 69 14 0 4 0.25 0.0 0 10.7 30 330 M M 7 1 39 330
23 65 45 55 0 10 0 T 0.0 0 9.5 22 320 M M 4 29 320
24 65 41 53 -2 12 0 0.00 0.0 0 6.0 14 40 M M 0 19 70
25 81 59 70 15 0 5 0.16 0.0 0 11.9 25 200 M M 3 1 40 290
26 64 46 55 0 10 0 0.00 0.0 0 9.9 21 320 M M 2 29 330
27 60 38 49 -6 16 0 0.00 0.0 0 6.0 14 320 M M 0 19 360
28 60 34 47 -8 18 0 0.00 0.0 0 6.5 17 20 M M 3 25 20
29 77 56 67 11 0 2 T 0.0 0 6.5 15 170 M M 9 20 180
30 87 60 74 18 0 9 0.01 0.0 0 5.3 15 220 M M 3 1 25 220
31 85 61 73 17 0 8 0.00 0.0 0 4.1 14 70 M M 6 1 18 70
================================================================================
SM 2235 1481 201 52 1.12 0.0 201.5 M 82
================================================================================
AV 72.1 47.8 6.5 FASTST M M 3 MAX(MPH)
MISC ----> 30 330 40 290
================================================================================
NOTES:
# LAST OF SEVERAL OCCURRENCES
COLUMN 17 PEAK WIND IN M.P.H.
PRELIMINARY LOCAL CLIMATOLOGICAL DATA (WS FORM: F-6) , PAGE 2
STATION: CRAIG EXEC ARPT
MONTH: JANUARY
YEAR: 2023
LATITUDE: 30 19 N
LONGITUDE: 81 31 W
[TEMPERATURE DATA] [PRECIPITATION DATA] SYMBOLS USED IN COLUMN 16
AVERAGE MONTHLY: 59.9 TOTAL FOR MONTH: 1.12 1 = FOG OR MIST
DPTR FM NORMAL: 5.0 DPTR FM NORMAL: -1.87 2 = FOG REDUCING VISIBILITY
HIGHEST: 87 ON 30 GRTST 24HR 0.35 ON 13-13 TO 1/4 MILE OR LESS
LOWEST: 31 ON 16 3 = THUNDER
SNOW, ICE PELLETS, HAIL 4 = ICE PELLETS
TOTAL MONTH: 0.0 INCH 5 = HAIL
GRTST 24HR 0.0 6 = FREEZING RAIN OR DRIZZLE
GRTST DEPTH: 0 7 = DUSTSTORM OR SANDSTORM:
VSBY 1/2 MILE OR LESS
8 = SMOKE OR HAZE
[NO. OF DAYS WITH] [WEATHER - DAYS WITH] 9 = BLOWING SNOW
X = TORNADO
MAX 32 OR BELOW: 0 0.01 INCH OR MORE: 6
MAX 90 OR ABOVE: 0 0.10 INCH OR MORE: 4
MIN 32 OR BELOW: 1 0.50 INCH OR MORE: 0
MIN 0 OR BELOW: 0 1.00 INCH OR MORE: 0
[HDD (BASE 65) ]
TOTAL THIS MO. 201 CLEAR (SCALE 0-3) 18
DPTR FM NORMAL -130 PTCLDY (SCALE 4-7) 12
TOTAL FM JUL 1 515 CLOUDY (SCALE 8-10) 1
DPTR FM NORMAL -209
[CDD (BASE 65) ]
TOTAL THIS MO. 52
DPTR FM NORMAL 36 [PRESSURE DATA]
TOTAL FM JAN 1 52 HIGHEST SLP 30.46 ON 28
DPTR FM NORMAL 36 LOWEST SLP 29.78 ON 22
[REMARKS]
#FINAL-01-23#