000
CXUS52 KJAX 071414
CF6CRG
PRELIMINARY LOCAL CLIMATOLOGICAL DATA (WS FORM: F-6)
STATION: CRAIG EXEC ARPT
MONTH: JUNE
YEAR: 2022
LATITUDE: 30 19 N
LONGITUDE: 81 31 W
TEMPERATURE IN F: :PCPN: SNOW: WIND :SUNSHINE: SKY :PK WND
================================================================================
1 2 3 4 5 6A 6B 7 8 9 10 11 12 13 14 15 16 17 18
12Z AVG MX 2MIN
DY MAX MIN AVG DEP HDD CDD WTR SNW DPTH SPD SPD DIR MIN PSBL S-S WX SPD DR
================================================================================
1 87 69 78 0 0 13 T 0.0 0 4.4 14 70 M M 2 19 90
2 89 66 78 0 0 13 0.00 0.0 0 5.2 14 140 M M 0 1 20 160
3 90 70 80 2 0 15 0.00 0.0 0 6.2 18 150 M M 0 3 25 160
4 87 68 78 0 0 13 0.07 0.0 0 6.4 17 80 M M 2 26 50
5 86 74 80 2 0 15 0.02 0.0 0 8.8 16 60 M M 4 23 40
6 87 74 81 2 0 16 0.12 0.0 0 4.3 15 110 M M 4 13 22 100
7 90 71 81 2 0 16 0.00 0.0 0 2.8 14 90 M M 2 19 90
8 95 72 84 5 0 19 0.46 0.0 0 4.6 16 230 M M 2 3 21 170
9 96 77 87 8 0 22 0.05 0.0 0 9.2 25 320 M M 2 3 36 320
10 94 77 86 7 0 21 0.00 0.0 0 6.5 15 160 M M 2 22 290
11 92 77 85 6 0 20 0.01 0.0 0 8.7 17 230 M M 3 3 24 240
12 92 73 83 3 0 18 0.10 0.0 0 8.5 23 230 M M 3 1 31 200
13 93 77 85 5 0 20 T 0.0 0 6.1 14 240 M M 3 3 18 220
14 95 75 85 5 0 20 T 0.0 0 6.3 16 360 M M 2 13 21 10
15 94 73 84 4 0 19 0.00 0.0 0 3.7 12 80 M M 0 17 50
16 93 76 85 5 0 20 0.00 0.0 0 6.3 17 70 M M 2 25 110
17 92 73 83 3 0 18 0.00 0.0 0 4.6 13 150 M M 0 17 110
18 97 74 86 6 0 21 0.31 0.0 0 7.2 22 330 M M 2 13 32 330
19 90 76 83 2 0 18 0.00 0.0 0 9.6 21 60 M M 4 3 28 70
20 87 69 78 -3 0 13 0.00 0.0 0 7.8 16 70 M M 3 22 110
21 89 66 78 -3 0 13 0.00 0.0 0 4.5 12 140 M M 0 18 160
22 93 74 84 3 0 19 0.00 0.0 0 6.5 14 110 M M 3 20 110
23 103 77 90 9 0 25 0.00 0.0 0 9.2 17 240 M M 0 23 250
24 91 77 84 3 0 19 0.00 0.0 0 6.2 20 90 M M 3 29 90
25 89 80 85 4 0 20 T 0.0 0 9.3 16 80 M M 2 26 100
26 89 73 81 0 0 16 T 0.0 0 7.0 17 100 M M 2 24 100
27 89 70 80 -1 0 15 0.00 0.0 0 5.2 15 110 M M 2 21 110
28 89 74 82 0 0 17 0.64 0.0 0 5.3 15 140 M M 1 3 22 150
29 91 74 83 1 0 18 0.00 0.0 0 5.2 17 90 M M 1 23 110
30 90 74 82 0 0 17 0.00 0.0 0 6.5 15 100 M M 2 23 60
================================================================================
SM 2739 2200 0 529 1.78 0.0 192.1 M 58
================================================================================
AV 91.3 73.3 6.4 FASTST M M 2 MAX(MPH)
MISC ----> 25 320 36 320
================================================================================
NOTES:
# LAST OF SEVERAL OCCURRENCES
COLUMN 17 PEAK WIND IN M.P.H.
PRELIMINARY LOCAL CLIMATOLOGICAL DATA (WS FORM: F-6) , PAGE 2
STATION: CRAIG EXEC ARPT
MONTH: JUNE
YEAR: 2022
LATITUDE: 30 19 N
LONGITUDE: 81 31 W
[TEMPERATURE DATA] [PRECIPITATION DATA] SYMBOLS USED IN COLUMN 16
AVERAGE MONTHLY: 82.3 TOTAL FOR MONTH: 1.78 1 = FOG OR MIST
DPTR FM NORMAL: 2.4 DPTR FM NORMAL: -4.50 2 = FOG REDUCING VISIBILITY
HIGHEST: 103 ON 23 GRTST 24HR 0.64 ON 28-28 TO 1/4 MILE OR LESS
LOWEST: 66 ON 21, 2 3 = THUNDER
SNOW, ICE PELLETS, HAIL 4 = ICE PELLETS
TOTAL MONTH: 0.0 INCH 5 = HAIL
GRTST 24HR 0.0 6 = FREEZING RAIN OR DRIZZLE
GRTST DEPTH: 0 7 = DUSTSTORM OR SANDSTORM:
VSBY 1/2 MILE OR LESS
8 = SMOKE OR HAZE
[NO. OF DAYS WITH] [WEATHER - DAYS WITH] 9 = BLOWING SNOW
X = TORNADO
MAX 32 OR BELOW: 0 0.01 INCH OR MORE: 9
MAX 90 OR ABOVE: 19 0.10 INCH OR MORE: 5
MIN 32 OR BELOW: 0 0.50 INCH OR MORE: 1
MIN 0 OR BELOW: 0 1.00 INCH OR MORE: 0
[HDD (BASE 65) ]
TOTAL THIS MO. 0 CLEAR (SCALE 0-3) 23
DPTR FM NORMAL 0 PTCLDY (SCALE 4-7) 7
TOTAL FM JUL 1 783 CLOUDY (SCALE 8-10) 0
DPTR FM NORMAL -329
[CDD (BASE 65) ]
TOTAL THIS MO. 529
DPTR FM NORMAL 82 [PRESSURE DATA]
TOTAL FM JAN 1 1293 HIGHEST SLP 30.23 ON 21
DPTR FM NORMAL 319 LOWEST SLP 29.70 ON 5
[REMARKS]
#FINAL-06-22#