000
CXUS54 KCRP 050247
CF6CRP
PRELIMINARY LOCAL CLIMATOLOGICAL DATA (WS FORM: F-6)
STATION: CORPUS CHRISTI
MONTH: JANUARY
YEAR: 2023
LATITUDE: 27 46 N
LONGITUDE: 97 30 W
TEMPERATURE IN F: :PCPN: SNOW: WIND :SUNSHINE: SKY :PK WND
================================================================================
1 2 3 4 5 6A 6B 7 8 9 10 11 12 13 14 15 16 17 18
12Z AVG MX 2MIN
DY MAX MIN AVG DEP HDD CDD WTR SNW DPTH SPD SPD DIR MIN PSBL S-S WX SPD DR
================================================================================
1 81 61 71 13 0 6 0.00 0.0 0 12.0 22 160 M M 9 128 27 160
2 84 70 77 19 0 12 0.00 0.0 0 19.6 32 170 M M 9 18 40 160
3 85 56 71 13 0 6 T 0.0 0 8.0 22 10 M M 6 18 31 20
4 82 47 65 7 0 0 0.00 0.0 0 8.1 25 360 M M 2 30 350
5 81 44 63 6 2 0 0.00 0.0 0 5.9 14 100 M M 2 17 90
6 82 46 64 7 1 0 0.00 0.0 0 13.9 31 160 M M 1 12 40 160
7 82 63 73 16 0 8 0.00 0.0 0 13.9 24 160 M M 5 12 30 160
8 75 56 66 9 0 1 0.05 0.0 0 11.3 24 20 M M 6 1 31 20
9 71 51 61 4 4 0 0.00 0.0 0 7.4 15 100 M M 9 17 90
10 81 55 68 11 0 3 T 0.0 0 7.8 21 160 M M 6 12 23 160
11 86 56 71 14 0 6 0.00 0.0 0 14.5 28 160 M M 3 1 34 160
12 75 45 60 3 5 0 0.00 0.0 0 14.3 28 350 M M 3 35 320
13 68 38 53 -5 12 0 0.00 0.0 0 10.0 20 10 M M 1 26 10
14 71 36 54 -4 11 0 0.00 0.0 0 8.8 21 130 M M 1 8 26 130
15 78 49 64 6 1 0 0.00 0.0 0 19.4 37 160 M M 3 47 160
16 85 59 72 14 0 7 0.00 0.0 0 9.4 23 190 M M 6 1 30 200
17 81 55 68 10 0 3 0.00 0.0 0 12.2 23 130 M M 8 12 28 130
18 87 61 74 16 0 9 0.00 0.0 0 10.4 20 150 M M 7 1 27 240
19 77 50 64 6 1 0 0.00 0.0 0 9.0 20 30 M M 6 27 360
20 68 58 63 5 2 0 T 0.0 0 17.3 26 60 M M 10 33 70
21 65 56 61 3 4 0 0.00 0.0 0 11.0 23 70 M M 10 31 60
22 73 49 61 3 4 0 0.00 0.0 0 11.3 21 20 M M 3 27 310
23 65 53 59 1 6 0 0.00 0.0 0 16.5 25 80 M M 7 8 34 60
24 77 48 63 5 2 0 0.51 0.0 0 18.3 35 310 M M 7 1 48 190
25 64 39 52 -6 13 0 0.00 0.0 0 11.9 25 320 M M 2 33 330
26 58 39 49 -10 16 0 0.00 0.0 0 8.7 16 50 M M 7 22 60
27 62 50 56 -3 9 0 0.08 0.0 0 7.3 13 40 M M 10 1 15 40
28 70 59 65 6 0 0 0.06 0.0 0 11.3 26 170 M M 9 1 34 170
29 81 67 74 15 0 9 0.02 0.0 0 11.3 23 190 M M 8 12 28 190
30 69 37 53 -6 12 0 T 0.0 0 15.0 22 20 M M 10 12 26 10
31 40 35 38 -21 27 0 T 0.0 0 14.9 21 10 M M 10 1 27 360
================================================================================
SM 2304 1588 132 70 0.72 0.0 370.7 M 186
================================================================================
AV 74.3 51.2 12.0 FASTST M M 6 MAX(MPH)
MISC ----> 37 160 48 190
================================================================================
NOTES:
# LAST OF SEVERAL OCCURRENCES
COLUMN 17 PEAK WIND IN M.P.H.
PRELIMINARY LOCAL CLIMATOLOGICAL DATA (WS FORM: F-6) , PAGE 2
STATION: CORPUS CHRISTI
MONTH: JANUARY
YEAR: 2023
LATITUDE: 27 46 N
LONGITUDE: 97 30 W
[TEMPERATURE DATA] [PRECIPITATION DATA] SYMBOLS USED IN COLUMN 16
AVERAGE MONTHLY: 62.8 TOTAL FOR MONTH: 0.72 1 = FOG OR MIST
DPTR FM NORMAL: 4.8 DPTR FM NORMAL: -0.67 2 = FOG REDUCING VISIBILITY
HIGHEST: 87 ON 18 GRTST 24HR 2.18 ON 24-24 TO 1/4 MILE OR LESS
LOWEST: 35 ON 31 3 = THUNDER
SNOW, ICE PELLETS, HAIL 4 = ICE PELLETS
TOTAL MONTH: 0.0 INCH 5 = HAIL
GRTST 24HR 0.0 6 = FREEZING RAIN OR DRIZZLE
GRTST DEPTH: 0 7 = DUSTSTORM OR SANDSTORM:
VSBY 1/2 MILE OR LESS
8 = SMOKE OR HAZE
[NO. OF DAYS WITH] [WEATHER - DAYS WITH] 9 = BLOWING SNOW
X = TORNADO
MAX 32 OR BELOW: 0 0.01 INCH OR MORE: 5
MAX 90 OR ABOVE: 0 0.10 INCH OR MORE: 1
MIN 32 OR BELOW: 0 0.50 INCH OR MORE: 1
MIN 0 OR BELOW: 0 1.00 INCH OR MORE: 0
[HDD (BASE 65) ]
TOTAL THIS MO. 132 CLEAR (SCALE 0-3) 9
DPTR FM NORMAL -121 PTCLDY (SCALE 4-7) 12
TOTAL FM JUL 1 533 CLOUDY (SCALE 8-10) 10
DPTR FM NORMAL -43
[CDD (BASE 65) ]
TOTAL THIS MO. 70
DPTR FM NORMAL 36 [PRESSURE DATA]
TOTAL FM JAN 1 70 HIGHEST SLP 30.49 ON 13
DPTR FM NORMAL 36 LOWEST SLP 29.64 ON 18
[REMARKS]
#FINAL-01-23#