000
CXUS54 KCRP 020812
CLMCRP
CLIMATE REPORT
NATIONAL WEATHER SERVICE CORPUS CHRISTI TX
153 AM CST SAT DEC 02 2023
...................................
...THE CORPUS CHRISTI CLIMATE SUMMARY FOR THE MONTH OF NOVEMBER 2023...
CLIMATE NORMAL PERIOD 1991 TO 2020
CLIMATE RECORD PERIOD 1887 TO 2023
WEATHER OBSERVED NORMAL DEPART LAST YEAR`S
VALUE DATE(S) VALUE FROM VALUE DATE(S)
NORMAL
................................................................
TEMPERATURE (F)
RECORD
HIGH 98 11/04/1988
LOW 27 11/28/2011
HIGHEST 89 11/06 75 14 86 11/07
11/29
LOWEST 38 11/01 55 -17 42 11/20
AVG. MAXIMUM 74.1 76.1 -2.0 70.4
AVG. MINIMUM 56.9 56.3 0.6 56.3
MEAN 65.5 66.2 -0.7 63.3
DAYS MAX >= 90 0 0.8 -0.8 0
DAYS MAX <= 32 0 0.0 0.0 0
DAYS MIN <= 32 0 0.2 -0.2 0
DAYS MIN <= 0 0 0.0 0.0 0
PRECIPITATION (INCHES)
RECORD
MAXIMUM 8.64 1888
MINIMUM T 1949
TOTALS 4.10 2.03 2.07 4.83
DAILY AVG. 0.14 0.07 0.07 0.16
DAYS >= .01 8 6.4 1.6 14
DAYS >= .10 5 2.8 2.2 4
DAYS >= .50 3 1.1 1.9 3
DAYS >= 1.00 2 0.5 1.5 1
GREATEST
24 HR. TOTAL 2.05 11/12 TO 11/13 3.25
SNOWFALL (INCHES)
RECORDS
TOTAL T 2018
24 HR TOTAL T 11/13/2018 TO 11/13/2018
TOTALS 0.0 0.0 0.0 0.0
SINCE 7/1 0.0 0.0 0.0 MM
SNOWDEPTH AVG. 0 0
DAYS >= 1.0 0 0.0 0.0 0
GREATEST
SNOW DEPTH 0 0
24 HR TOTAL MM MM
DEGREE DAYS
HEATING TOTAL 81 91 -10 157
SINCE 7/1 108 104 4 MM
COOLING TOTAL 104 127 -23 116
SINCE 1/1 4457 3682 775 MM
................................................................
WIND (MPH)
AVERAGE WIND SPEED 10.0
HIGHEST WIND SPEED/DIRECTION 30/350 DATE 11/21
HIGHEST GUST SPEED/DIRECTION 45/350 DATE 11/21
SKY COVER
AVERAGE SKY COVER 0.75
AVERAGE RH (PERCENT) 78
WEATHER CONDITIONS. NUMBER OF DAYS WITH
THUNDERSTORM 1 MIXED PRECIP 0
HEAVY RAIN 4 RAIN 4
LIGHT RAIN 12 FREEZING RAIN 0
LT FREEZING RAIN 0 HAIL 0
HEAVY SNOW 0 SNOW 0
LIGHT SNOW 0 SLEET 0
FOG 18 FOG W/VIS <= 1/4 MILE 3
HAZE 0
- INDICATES NEGATIVE NUMBERS.
R INDICATES RECORD WAS SET OR TIED.
MM INDICATES DATA IS MISSING.
T INDICATES TRACE AMOUNT.
$$