000
CXUS54 KCRP 011807
CLMCRP
CLIMATE REPORT
NATIONAL WEATHER SERVICE CORPUS CHRISTI TX
1238 PM CDT WED NOV 01 2023
...................................
...THE CORPUS CHRISTI CLIMATE SUMMARY FOR THE MONTH OF OCTOBER 2023...
CLIMATE NORMAL PERIOD 1991 TO 2020
CLIMATE RECORD PERIOD 1887 TO 2023
WEATHER OBSERVED NORMAL DEPART LAST YEAR`S
VALUE DATE(S) VALUE FROM VALUE DATE(S)
NORMAL
................................................................
TEMPERATURE (F)
RECORD
HIGH 101 10/17/2012
LOW 28 10/31/1993
HIGHEST 95 10/20 84 11 96 10/13
LOWEST 44 10/31 64 -20 47 10/20
AVG. MAXIMUM 84.7 84.9 -0.2 86.0
AVG. MINIMUM 66.7 65.4 1.3 63.6
MEAN 75.7 75.1 0.6 74.8
DAYS MAX >= 90 13 7.8 5.2 11
DAYS MAX <= 32 0 0.0 0.0 0
DAYS MIN <= 32 0 0.0 0.0 0
DAYS MIN <= 0 0 0.0 0.0 0
PRECIPITATION (INCHES)
RECORD
MAXIMUM 12.03 1997
MINIMUM 0.00 1952
TOTALS 3.47 3.13 0.34 0.81
DAILY AVG. 0.11 0.10 0.01 0.03
DAYS >= .01 8 6.5 1.5 5
DAYS >= .10 5 3.9 1.1 2
DAYS >= .50 1 1.7 -0.7 0
DAYS >= 1.00 1 0.8 0.2 0
GREATEST
24 HR. TOTAL 2.47 10/01 TO 10/02 0.43
SNOWFALL (INCHES)
RECORDS
TOTAL 0.0 MM
24 HR TOTAL 0.0 MM
TOTALS 0.0 0.0 0.0 0.0
SINCE 7/1 0.0 0.0 0.0 MM
SNOWDEPTH AVG. 0 0
DAYS >= 1.0 0 0.0 0.0 0
GREATEST
SNOW DEPTH 0 0
24 HR TOTAL 0.0 0.0
DEGREE DAYS
HEATING TOTAL 27 12 15 10
SINCE 7/1 27 8 19 MM
COOLING TOTAL 369 327 42 321
SINCE 1/1 4353 3555 798 MM
................................................................
WIND (MPH)
AVERAGE WIND SPEED 10.6
HIGHEST WIND SPEED/DIRECTION 35/360 DATE 10/30
HIGHEST GUST SPEED/DIRECTION 44/360 DATE 10/30
SKY COVER
AVERAGE SKY COVER 0.62
AVERAGE RH (PERCENT) 76
WEATHER CONDITIONS. NUMBER OF DAYS WITH
THUNDERSTORM 3 MIXED PRECIP 0
HEAVY RAIN 3 RAIN 5
LIGHT RAIN 14 FREEZING RAIN 0
LT FREEZING RAIN 0 HAIL 0
HEAVY SNOW 0 SNOW 0
LIGHT SNOW 0 SLEET 0
FOG 10 FOG W/VIS <= 1/4 MILE 2
HAZE 0
- INDICATES NEGATIVE NUMBERS.
R INDICATES RECORD WAS SET OR TIED.
MM INDICATES DATA IS MISSING.
T INDICATES TRACE AMOUNT.
$$