000
CXUS54 KFWD 072133
CF6CRS
PRELIMINARY LOCAL CLIMATOLOGICAL DATA (WS FORM: F-6)
STATION: CORSICANA
MONTH: MARCH
YEAR: 2022
LATITUDE: 32 1 N
LONGITUDE: 96 24 W
TEMPERATURE IN F: :PCPN: SNOW: WIND :SUNSHINE: SKY :PK WND
================================================================================
1 2 3 4 5 6A 6B 7 8 9 10 11 12 13 14 15 16 17 18
12Z AVG MX 2MIN
DY MAX MIN AVG DEP HDD CDD WTR SNW DPTH SPD SPD DIR MIN PSBL S-S WX SPD DR
================================================================================
1 73 35 54 -1 11 0 0.00 M M 5.2 12 220 M M 0 22 210
2 76 44 60 5 5 0 0.00 M M 6.1 13 170 M M 0 18 160
3 78 46 62 6 3 0 0.00 M M 6.2 14 160 M M 0 19 170
4 76 55 66 10 0 1 0.00 M M 11.0 21 170 M M 5 18 27 170
5 80 65 73 17 0 8 0.00 M M 15.1 24 210 M M 8 32 210
6 80 47 64 8 1 0 T M M 14.7 29 330 M M 8 1 38 160
7 50 40 45 -12 20 0 0.04 M M 12.5 26 330 M M 9 35 320
8 46 35 41 -16 24 0 0.03 M M 6.8 15 360 M M 6 19 360
9 58 29 44 -13 21 0 0.00 M M 5.7 14 10 M M 0 18 19 360
10 69 37 53 -5 12 0 0.00 M M 6.9 15 150 M M 1 21 60
11 57 34 46 -12 19 0 0.06 M M 15.3 28 340 M M 8 1 41 340
12 55 22 39 -19 26 0 0.00 M M 5.9 14 360 M M 0 8 21 350
13 65 34 50 -8 15 0 0.00 M M 13.4 26 160 M M 0 34 160
14 80 48 64 6 1 0 0.64 M M 12.6 35 290 M M 7 13 51 290
15 71 45 58 -1 7 0 0.00 M M 10.0 21 300 M M 2 1 26 310
16 78 43 61 2 4 0 0.00 M M 7.6 17 170 M M 0 128 23 160
17 75 52 64 5 1 0 0.00 M M 14.6 25 160 M M 5 1 34 150
18 65 47 56 -4 9 0 0.00 M M 14.8 30 310 M M 2 39 310
19 75 39 57 -3 8 0 0.00 M M 5.4 12 260 M M 0 8 21 260
20 79 47 63 3 2 0 0.00 M M 12.6 23 160 M M 2 29 160
21 72 59 66 6 0 1 2.16 M M 15.6 37 240 M M 9 13 50 260
22 67 40 54 -7 11 0 0.08 M M 15.9 28 250 M M 5 3 47 250
23 64 40 52 -9 13 0 M M M 11.6 23 300 M M 1 37 300
24 55 41 48 -13 17 0 M M M 6.9 9 300 M M 2 M M
25 M M M M M M M M M M M M M M M M M
26 M M M M M M M M M M M M M M M M M
27 87 53 70 8 0 5 M M M 9.8 14 180 M M 0 M M
28 M M M M M M M M M M M M M M M M M
29 80 67 74 12 0 9 T M M 21.6 38 160 M M 6 54 170
30 75 47 61 -1 4 0 0.42 M M 15.4 32 290 M M 5 13 43 180
31 71 41 56 -7 9 0 0.00 M M 6.1 18 260 M M 1 24 280
================================================================================
SM 1957 1232 243 24 3.43 M 305.3 M 92
================================================================================
AV 69.9 44.0 10.9 FASTST M M 3 MAX(MPH)
MISC ----> 38 160 54 170
================================================================================
NOTES:
# LAST OF SEVERAL OCCURRENCES
COLUMN 17 PEAK WIND IN M.P.H.
PRELIMINARY LOCAL CLIMATOLOGICAL DATA (WS FORM: F-6) , PAGE 2
STATION: CORSICANA
MONTH: MARCH
YEAR: 2022
LATITUDE: 32 1 N
LONGITUDE: 96 24 W
[TEMPERATURE DATA] [PRECIPITATION DATA] SYMBOLS USED IN COLUMN 16
AVERAGE MONTHLY: 56.9 TOTAL FOR MONTH: 3.43 1 = FOG OR MIST
DPTR FM NORMAL: -2.1 DPTR FM NORMAL: -0.15 2 = FOG REDUCING VISIBILITY
HIGHEST: 87 ON 27 GRTST 24HR 2.24 ON 21-22 TO 1/4 MILE OR LESS
LOWEST: 22 ON 12 3 = THUNDER
SNOW, ICE PELLETS, HAIL 4 = ICE PELLETS
TOTAL MONTH: M 5 = HAIL
GRTST 24HR M ON M 6 = FREEZING RAIN OR DRIZZLE
GRTST DEPTH: M ON M 7 = DUSTSTORM OR SANDSTORM:
VSBY 1/2 MILE OR LESS
8 = SMOKE OR HAZE
[NO. OF DAYS WITH] [WEATHER - DAYS WITH] 9 = BLOWING SNOW
X = TORNADO
MAX 32 OR BELOW: 0 0.01 INCH OR MORE: 7
MAX 90 OR ABOVE: 0 0.10 INCH OR MORE: 3
MIN 32 OR BELOW: 2 0.50 INCH OR MORE: 2
MIN 0 OR BELOW: 0 1.00 INCH OR MORE: 1
[HDD (BASE 65) ]
TOTAL THIS MO. 243 CLEAR (SCALE 0-3) 16
DPTR FM NORMAL 19 PTCLDY (SCALE 4-7) 10
TOTAL FM JUL 1 1697 CLOUDY (SCALE 8-10) 5
DPTR FM NORMAL -243
[CDD (BASE 65) ]
TOTAL THIS MO. 24
DPTR FM NORMAL -14 [PRESSURE DATA]
TOTAL FM JAN 1 33 HIGHEST SLP 30.54 ON 12
DPTR FM NORMAL -21 LOWEST SLP 29.49 ON 30
[REMARKS]
#FINAL-03-22#