000
CXUS52 KFFC 011010
CF6CSG
PRELIMINARY LOCAL CLIMATOLOGICAL DATA (WS FORM: F-6)
STATION: COLUMBUS
MONTH: MAY
YEAR: 2021
LATITUDE: 32 31 N
LONGITUDE: 84 56 W
TEMPERATURE IN F: :PCPN: SNOW: WIND :SUNSHINE: SKY :PK WND
================================================================================
1 2 3 4 5 6A 6B 7 8 9 10 11 12 13 14 15 16 17 18
12Z AVG MX 2MIN
DY MAX MIN AVG DEP HDD CDD WTR SNW DPTH SPD SPD DIR MIN PSBL S-S WX SPD DR
================================================================================
1 83 58 71 1 0 6 0.00 0.0 M 4.1 12 120 M M 0 17 80
2 84 60 72 2 0 7 T 0.0 M 6.6 16 220 M M 1 24 170
3 85 65 75 4 0 10 1.66 0.0 M 9.2 24 310 M M 9 138 35 220
4 89 63 76 5 0 11 0.55 0.0 M 7.6 36 260 M M 6 138 53 280
5 75 64 70 -1 0 5 0.03 0.0 M 6.4 14 270 M M 6 1 20 280
6 77 55 66 -6 0 1 0.00 0.0 M 7.3 18 330 M M 0 25 340
7 73 51 62 -10 3 0 0.00 0.0 M 8.5 23 330 M M 0 33 310
8 79 46 63 -9 2 0 0.00 0.0 M 2.1 10 230 M M 0 15 340
9 86 53 70 -2 0 5 0.00 0.0 M 8.2 23 200 M M 0 30 200
10 81 66 74 1 0 9 0.11 0.0 M 5.9 15 300 M M 5 1 21 300
11 83 66 75 2 0 10 0.14 0.0 M 3.9 21 340 M M 6 13 28 350
12 69 52 61 -12 4 0 0.25 0.0 M 7.2 17 80 M M 10 18 28 80
13 73 48 61 -12 4 0 0.00 0.0 M 6.4 17 80 M M 3 24 70
14 77 49 63 -11 2 0 0.00 0.0 M 3.7 14 80 M M 1 19 80
15 78 50 64 -10 1 0 0.00 0.0 M 1.9 10 120 M M 1 16 60
16 80 53 67 -7 0 2 0.00 0.0 M 2.7 10 190 M M 0 16 200
17 83 56 70 -4 0 5 0.00 0.0 M 6.9 22 140 M M 0 28 140
18 84 62 73 -2 0 8 0.00 0.0 M 9.3 20 160 M M 2 27 160
19 85 64 75 0 0 10 0.00 0.0 M 11.7 20 130 M M 2 30 120
20 83 63 73 -2 0 8 0.00 0.0 M 10.7 21 150 M M 1 28 110
21 86 60 73 -3 0 8 0.00 0.0 M 8.6 21 140 M M 2 29 150
22 86 62 74 -2 0 9 0.00 0.0 M 5.2 14 90 M M 1 20 80
23 90 59 75 -1 0 10 0.00 0.0 M 2.3 10 300 M M 0 15 310
24 92 63 78 2 0 13 0.00 0.0 M 2.2 10 280 M M 2 18 270
25 93 67 80 4 0 15 0.00 0.0 M 2.7 14 230 M M 2 21 230
26 91 65 78 1 0 13 0.00 0.0 M 4.7 16 250 M M 0 24 240
27 89 65 77 0 0 12 0.00 0.0 M 4.5 16 260 M M 4 24 270
28 89 68 79 2 0 14 1.02 0.0 M 6.6 21 10 M M 6 138 28 10
29 82 63 73 -4 0 8 0.00 0.0 M 9.3 18 330 M M 4 24 330
30 81 56 69 -9 0 4 0.00 0.0 M 5.8 13 360 M M 1 20 40
31 84 60 72 -6 0 7 0.00 0.0 M 6.1 15 90 M M 1 22 110
================================================================================
SM 2570 1832 16 210 3.76 0.0 188.3 M 76
================================================================================
AV 82.9 59.1 6.1 FASTST M M 2 MAX(MPH)
MISC ----> 36 260 53 280
================================================================================
NOTES:
# LAST OF SEVERAL OCCURRENCES
COLUMN 17 PEAK WIND IN M.P.H.
PRELIMINARY LOCAL CLIMATOLOGICAL DATA (WS FORM: F-6) , PAGE 2
STATION: COLUMBUS
MONTH: MAY
YEAR: 2021
LATITUDE: 32 31 N
LONGITUDE: 84 56 W
[TEMPERATURE DATA] [PRECIPITATION DATA] SYMBOLS USED IN COLUMN 16
AVERAGE MONTHLY: 71.0 TOTAL FOR MONTH: 3.76 1 = FOG OR MIST
DPTR FM NORMAL: -3.1 DPTR FM NORMAL: 0.52 2 = FOG REDUCING VISIBILITY
HIGHEST: 93 ON 25 GRTST 24HR 1.66 ON 3- 3 TO 1/4 MILE OR LESS
LOWEST: 46 ON 8 3 = THUNDER
SNOW, ICE PELLETS, HAIL 4 = ICE PELLETS
TOTAL MONTH: 0.0 INCH 5 = HAIL
GRTST 24HR 0.0 6 = FREEZING RAIN OR DRIZZLE
GRTST DEPTH: M ON M 7 = DUSTSTORM OR SANDSTORM:
VSBY 1/2 MILE OR LESS
8 = SMOKE OR HAZE
[NO. OF DAYS WITH] [WEATHER - DAYS WITH] 9 = BLOWING SNOW
X = TORNADO
MAX 32 OR BELOW: 0 0.01 INCH OR MORE: 7
MAX 90 OR ABOVE: 4 0.10 INCH OR MORE: 6
MIN 32 OR BELOW: 0 0.50 INCH OR MORE: 3
MIN 0 OR BELOW: 0 1.00 INCH OR MORE: 2
[HDD (BASE 65) ]
TOTAL THIS MO. 16 CLEAR (SCALE 0-3) 22
DPTR FM NORMAL 9 PTCLDY (SCALE 4-7) 7
TOTAL FM JUL 1 1790 CLOUDY (SCALE 8-10) 2
DPTR FM NORMAL -149
[CDD (BASE 65) ]
TOTAL THIS MO. 210
DPTR FM NORMAL -79 [PRESSURE DATA]
TOTAL FM JAN 1 313 HIGHEST SLP 30.40 ON 21
DPTR FM NORMAL -112 LOWEST SLP 29.80 ON 4
[REMARKS]
#FINAL-05-21#