000
CXUS54 KOUN 010910
CF6CSM
PRELIMINARY LOCAL CLIMATOLOGICAL DATA (WS FORM: F-6)
STATION: CLINTON
MONTH: JANUARY
YEAR: 2021
LATITUDE: 35 20 N
LONGITUDE: 99 12 W
TEMPERATURE IN F: :PCPN: SNOW: WIND :SUNSHINE: SKY :PK WND
================================================================================
1 2 3 4 5 6A 6B 7 8 9 10 11 12 13 14 15 16 17 18
12Z AVG MX 2MIN
DY MAX MIN AVG DEP HDD CDD WTR SNW DPTH SPD SPD DIR MIN PSBL S-S WX SPD DR
================================================================================
1 42 29 36 -1 29 0 0.10 M M 16.7 30 350 M M 8 168 38 350
2 47 33 40 3 25 0 0.00 M M 6.1 13 170 M M 4 15 170
3 54 30 42 5 23 0 0.00 M M 7.9 12 160 M M 0 13 160
4 58 33 46 9 19 0 0.00 M M 8.0 22 20 M M 0 26 10
5 54 34 44 7 21 0 0.00 M M 15.9 29 160 M M 0 34 180
6 49 33 41 3 24 0 0.00 M M 19.5 36 350 M M 2 42 340
7 45 30 38 0 27 0 0.00 M M 13.8 24 10 M M 4 30 360
8 42 29 36 -2 29 0 T M M 6.8 13 310 M M 9 1 17 310
9 40 27 34 -4 31 0 0.00 M M 5.4 12 70 M M 4 1 15 70
10 37 31 34 -4 31 0 T M M 7.1 14 10 M M 9 1 18 10
11 44 29 37 -1 28 0 0.00 M M 6.7 14 220 M M 5 22 110
12 51 24 38 0 27 0 0.00 0.0 M 9.2 14 200 M M 0 1 16 180
13 55 24 40 2 25 0 0.00 0.0 M 10.6 20 200 M M 0 8 22 210
14 52 35 44 6 21 0 0.00 M M 20.6 38 330 M M 1 49 350
15 47 31 39 1 26 0 0.00 M M 23.3 44 320 M M 1 53 320
16 52 27 40 2 25 0 0.00 M M 11.6 21 320 M M 0 25 310
17 54 33 44 6 21 0 0.00 M M 10.9 22 320 M M 5 28 320
18 54 29 42 4 23 0 0.00 M M 10.4 25 20 M M 3 29 10
19 47 28 38 -1 27 0 0.00 M M 10.6 25 10 M M 3 28 360
20 49 28 39 0 26 0 0.00 M M 16.0 33 190 M M 5 39 190
21 53 37 45 6 20 0 0.00 0.0 0 7.6 13 30 M M 0 1 15 40
22 51 32 42 3 23 0 0.00 M M 11.2 17 40 M M 3 1 21 60
23 47 35 41 2 24 0 0.00 0.0 0 16.0 25 190 M M 10 128 29 180
24 49 37 43 4 22 0 0.30 0.0 M 16.0 24 20 M M 10 123 30 300
25 54 31 43 4 22 0 0.54 0.0 M 14.0 30 290 M M 5 123 35 290
26 35 26 31 -8 34 0 0.00 0.0 M 13.6 22 350 M M 3 28 350
27 38 25 32 -8 33 0 0.00 0.0 M 11.2 18 320 M M 5 1 23 310
28 41 22 32 -8 33 0 0.00 M M 14.7 24 170 M M 0 28 170
29 52 30 41 1 24 0 0.00 M M 20.4 30 180 M M 0 1 36 180
30 63 36 50 10 15 0 0.14 M M 20.9 35 330 M M 3 13 42 320
31 53 30 42 2 23 0 0.00 M M 16.7 28 350 M M 0 33 340
================================================================================
SM 1509 938 781 0 1.08 0.0 399.4 M 102
================================================================================
AV 48.7 30.3 12.9 FASTST M M 3 MAX(MPH)
MISC ----> 44 320 53 320
================================================================================
NOTES:
# LAST OF SEVERAL OCCURRENCES
COLUMN 17 PEAK WIND IN M.P.H.
PRELIMINARY LOCAL CLIMATOLOGICAL DATA (WS FORM: F-6) , PAGE 2
STATION: CLINTON
MONTH: JANUARY
YEAR: 2021
LATITUDE: 35 20 N
LONGITUDE: 99 12 W
[TEMPERATURE DATA] [PRECIPITATION DATA] SYMBOLS USED IN COLUMN 16
AVERAGE MONTHLY: 39.5 TOTAL FOR MONTH: 1.08 1 = FOG OR MIST
DPTR FM NORMAL: 1.1 DPTR FM NORMAL: 0.33 2 = FOG REDUCING VISIBILITY
HIGHEST: 63 ON 30 GRTST 24HR 0.88 ON 31- 1 TO 1/4 MILE OR LESS
LOWEST: 22 ON 28 3 = THUNDER
SNOW, ICE PELLETS, HAIL 4 = ICE PELLETS
TOTAL MONTH: 0.0 INCH 5 = HAIL
GRTST 24HR 0.0 6 = FREEZING RAIN OR DRIZZLE
GRTST DEPTH: 0 7 = DUSTSTORM OR SANDSTORM:
VSBY 1/2 MILE OR LESS
8 = SMOKE OR HAZE
[NO. OF DAYS WITH] [WEATHER - DAYS WITH] 9 = BLOWING SNOW
X = TORNADO
MAX 32 OR BELOW: 0 0.01 INCH OR MORE: 4
MAX 90 OR ABOVE: 0 0.10 INCH OR MORE: 4
MIN 32 OR BELOW: 21 0.50 INCH OR MORE: 1
MIN 0 OR BELOW: 0 1.00 INCH OR MORE: 0
[HDD (BASE 65) ]
TOTAL THIS MO. 781 CLEAR (SCALE 0-3) 18
DPTR FM NORMAL -44 PTCLDY (SCALE 4-7) 9
TOTAL FM JUL 1 2197 CLOUDY (SCALE 8-10) 4
DPTR FM NORMAL -81
[CDD (BASE 65) ]
TOTAL THIS MO. 0
DPTR FM NORMAL 0 [PRESSURE DATA]
TOTAL FM JAN 1 0 HIGHEST SLP 30.57 ON 28
DPTR FM NORMAL 0 LOWEST SLP 29.50 ON 30
[REMARKS]
#FINAL-01-21#