000
CXUS55 KOHX 011110
CF6CSV
PRELIMINARY LOCAL CLIMATOLOGICAL DATA (WS FORM: F-6)
STATION: CROSSVILLE
MONTH: AUGUST
YEAR: 2023
LATITUDE: 35 57 N
LONGITUDE: 85 5 W
TEMPERATURE IN F: :PCPN: SNOW: WIND :SUNSHINE: SKY :PK WND
================================================================================
1 2 3 4 5 6A 6B 7 8 9 10 11 12 13 14 15 16 17 18
12Z AVG MX 2MIN
DY MAX MIN AVG DEP HDD CDD WTR SNW DPTH SPD SPD DIR MIN PSBL S-S WX SPD DR
================================================================================
1 81 60 71 -3 0 6 0.00 M M 3.2 10 70 M M 0 14 70
2 80 58 69 -5 0 4 T M M 2.3 12 190 M M 3 18 150
3 73 68 71 -3 0 6 0.55 M M 6.3 16 260 M M 9 1 24 260
4 82 65 74 0 0 9 0.00 M M 2.3 10 50 M M 7 12 17 350
5 83 61 72 -2 0 7 0.34 M M 2.3 13 280 M M 2 13 16 280
6 84 68 76 2 0 11 0.23 M M 4.5 13 280 M M 5 13 18 290
7 81 68 75 1 0 10 1.01 M M 8.4 39 260 M M 5 138 64 270
8 75 62 69 -5 0 4 0.00 M M 4.5 15 280 M M 5 20 270
9 79 59 69 -5 0 4 0.11 M M 4.2 9 250 M M 5 12 16 260
10 75 63 69 -5 0 4 2.88 M M 5.9 18 270 M M 8 13 32 220
11 84 62 73 -1 0 8 0.00 M M 2.4 13 280 M M 4 1 17 300
12 83 67 75 2 0 10 0.19 M M 4.3 32 270 M M 4 123 44 250
13 85 64 75 2 0 10 0.09 M M 3.2 20 270 M M 4 13 28 290
14 86 68 77 4 0 12 0.29 M M 5.3 20 330 M M 5 13 28 320
15 77 60 69 -4 0 4 0.07 M M 6.5 16 280 M M 5 13 22 280
16 76 57 67 -6 0 2 0.00 M M 3.7 12 30 M M 5 18 40
17 77 57 67 -6 0 2 0.00 M M 4.3 15 270 M M 2 1 22 270
18 79 59 69 -4 0 4 0.00 M M 4.5 12 350 M M 1 18 350
19 81 56 69 -4 0 4 0.00 M M 1.1 7 100 M M 0 1 12 150
20 84 61 73 0 0 8 0.00 M M 1.8 9 170 M M 0 1 13 190
21 88 64 76 3 0 11 0.00 M M 1.3 7 310 M M 2 1 10 260
22 88 67 78 6 0 13 0.00 M M 4.4 14 20 M M 1 12 20 10
23 90 68 79 7 0 14 0.00 M M 2.3 10 60 M M 0 128 16 70
24 89 69 79 7 0 14 0.00 M M 3.0 13 320 M M 0 1 18 270
25 90 68 79 7 0 14 0.00 M M 3.4 16 30 M M 3 128 25 30
26 89 67 78 6 0 13 0.00 M M 3.1 13 30 M M 0 17 40
27 84 67 76 4 0 11 0.04 M M 3.9 16 360 M M 4 13 23 10
28 77 68 73 1 0 8 3.24 M M 4.7 12 20 M M 9 123 18 70
29 77 64 71 -1 0 6 T M M 4.2 14 280 M M 8 13 17 290
30 76 61 69 -2 0 4 0.00 M M 9.3 16 40 M M 3 12 26 30
31 77 58 68 -3 0 3 0.00 M M 6.9 12 360 M M 3 18 30
================================================================================
SM 2530 1964 0 240 9.04 M 127.5 M 112
================================================================================
AV 81.6 63.4 4.1 FASTST M M 4 MAX(MPH)
MISC ----> 39 260 64 270
================================================================================
NOTES:
# LAST OF SEVERAL OCCURRENCES
COLUMN 17 PEAK WIND IN M.P.H.
PRELIMINARY LOCAL CLIMATOLOGICAL DATA (WS FORM: F-6) , PAGE 2
STATION: CROSSVILLE
MONTH: AUGUST
YEAR: 2023
LATITUDE: 35 57 N
LONGITUDE: 85 5 W
[TEMPERATURE DATA] [PRECIPITATION DATA] SYMBOLS USED IN COLUMN 16
AVERAGE MONTHLY: 72.5 TOTAL FOR MONTH: 9.04 1 = FOG OR MIST
DPTR FM NORMAL: -0.4 DPTR FM NORMAL: 5.43 2 = FOG REDUCING VISIBILITY
HIGHEST: 90 ON 25,23 GRTST 24HR 3.24 ON 28-28 TO 1/4 MILE OR LESS
LOWEST: 56 ON 19 3 = THUNDER
SNOW, ICE PELLETS, HAIL 4 = ICE PELLETS
TOTAL MONTH: M 5 = HAIL
GRTST 24HR M ON M 6 = FREEZING RAIN OR DRIZZLE
GRTST DEPTH: M ON M 7 = DUSTSTORM OR SANDSTORM:
VSBY 1/2 MILE OR LESS
8 = SMOKE OR HAZE
[NO. OF DAYS WITH] [WEATHER - DAYS WITH] 9 = BLOWING SNOW
X = TORNADO
MAX 32 OR BELOW: 0 0.01 INCH OR MORE: 12
MAX 90 OR ABOVE: 2 0.10 INCH OR MORE: 9
MIN 32 OR BELOW: 0 0.50 INCH OR MORE: 4
MIN 0 OR BELOW: 0 1.00 INCH OR MORE: 3
[HDD (BASE 65) ]
TOTAL THIS MO. 0 CLEAR (SCALE 0-3) 14
DPTR FM NORMAL -2 PTCLDY (SCALE 4-7) 15
TOTAL FM JUL 1 0 CLOUDY (SCALE 8-10) 2
DPTR FM NORMAL -1
[CDD (BASE 65) ]
TOTAL THIS MO. 240
DPTR FM NORMAL -7 [PRESSURE DATA]
TOTAL FM JAN 1 651 HIGHEST SLP 30.21 ON 21
DPTR FM NORMAL -115 LOWEST SLP 29.74 ON 10
[REMARKS]
#FINAL-08-23#