000
CXUS52 KTAE 010800
CF6CTY
PRELIMINARY LOCAL CLIMATOLOGICAL DATA (WS FORM: F-6)
STATION: CROSS CITY
MONTH: MARCH
YEAR: 2022
LATITUDE: 29 37 N
LONGITUDE: 83 6 W
TEMPERATURE IN F: :PCPN: SNOW: WIND :SUNSHINE: SKY :PK WND
================================================================================
1 2 3 4 5 6A 6B 7 8 9 10 11 12 13 14 15 16 17 18
12Z AVG MX 2MIN
DY MAX MIN AVG DEP HDD CDD WTR SNW DPTH SPD SPD DIR MIN PSBL S-S WX SPD DR
================================================================================
1 75 44 60 0 5 0 0.00 0.0 0 5.3 12 20 M M 1 8 17 40
2 79 36 58 -2 7 0 0.00 0.0 M 3.0 12 280 M M 0 M M
3 82 37 60 0 5 0 0.00 0.0 M 2.1 12 240 M M 0 17 220
4 86 42 64 4 1 0 0.00 0.0 M 3.0 9 280 M M 0 M M
5 86 49 68 8 0 3 0.00 0.0 M 5.3 13 110 M M 3 12 18 150
6 86 59 73 12 0 8 0.00 0.0 0 5.2 9 200 M M 2 M M
7 85 55 70 9 0 5 0.00 M M 6.1 14 230 M M 3 1 21 200
8 84 63 74 13 0 9 0.03 0.0 0 4.8 13 210 M M 8 12 21 200
9 80 66 73 12 0 8 1.15 0.0 0 6.9 15 220 M M 9 1 21 200
10 76 62 69 8 0 4 0.91 M M 3.3 8 210 M M 6 13 M M
11 68 61 65 3 0 0 6.18 M M 4.0 13 350 M M 7 138 18 190
12 73 42 58 -4 7 0 M M M 14.7 23 200 M M 4 13 40 220
13 61 34 48 -14 17 0 0.00 M M 8.0 14 30 M M 0 21 10
14 76 43 60 -2 5 0 0.00 M M 6.5 9 90 M M 2 16 90
15 71 58 65 3 0 0 0.69 0.0 0 6.3 12 110 M M 7 13 21 110
16 78 63 71 9 0 6 0.00 0.0 0 5.7 13 250 M M 7 21 250
17 77 53 65 3 0 0 0.00 0.0 0 4.8 14 230 M M 1 1 18 240
18 83 52 68 5 0 3 0.00 0.0 0 6.7 15 200 M M 7 12 25 360
19 80 62 71 8 0 6 0.23 0.0 0 8.7 18 180 M M 6 1 22 200
20 74 48 61 -2 4 0 0.11 0.0 0 6.4 15 20 M M 2 25 360
21 81 42 62 -1 3 0 0.00 0.0 0 5.1 12 130 M M 0 20 90
22 84 56 70 7 0 5 0.00 0.0 0 5.2 14 170 M M 3 22 150
23 74 65 70 7 0 5 0.93 0.0 0 9.6 18 190 M M 8 1 29 190
24 65 59 62 -2 3 0 1.17 0.0 0 2.2 7 360 M M 9 1 M M
25 73 49 61 -3 4 0 0.01 0.0 M 6.9 18 280 M M 3 12 28 280
26 74 46 60 -4 5 0 0.00 M M 6.9 14 280 M M 0 22 260
27 77 47 62 -2 3 0 0.00 0.0 M 5.9 16 250 M M 0 24 300
28 78 53 66 2 0 1 0.00 M M 5.8 15 250 M M 2 12 20 290
29 85 52 69 5 0 4 0.00 0.0 0 2.6 8 310 M M 3 12 M M
30 84 60 72 8 0 7 0.00 0.0 0 8.3 17 210 M M 0 25 160
31 75 62 69 4 0 4 0.80 0.0 M 12.5 24 180 M M 6 13 37 170
================================================================================
SM 2410 1620 69 78 12.21 0.0 187.7 M 109
================================================================================
AV 77.7 52.3 6.1 FASTST M M 4 MAX(MPH)
MISC ----> 24 180 40 220
================================================================================
NOTES:
# LAST OF SEVERAL OCCURRENCES
COLUMN 17 PEAK WIND IN M.P.H.
PRELIMINARY LOCAL CLIMATOLOGICAL DATA (WS FORM: F-6) , PAGE 2
STATION: CROSS CITY
MONTH: MARCH
YEAR: 2022
LATITUDE: 29 37 N
LONGITUDE: 83 6 W
[TEMPERATURE DATA] [PRECIPITATION DATA] SYMBOLS USED IN COLUMN 16
AVERAGE MONTHLY: 65.0 TOTAL FOR MONTH: 12.21 1 = FOG OR MIST
DPTR FM NORMAL: 2.8 DPTR FM NORMAL: 8.68 2 = FOG REDUCING VISIBILITY
HIGHEST: 86 ON 6, 4 GRTST 24HR 6.18 ON 11-11 TO 1/4 MILE OR LESS
LOWEST: 34 ON 13 3 = THUNDER
SNOW, ICE PELLETS, HAIL 4 = ICE PELLETS
TOTAL MONTH: 0.0 INCH 5 = HAIL
GRTST 24HR 0.0 6 = FREEZING RAIN OR DRIZZLE
GRTST DEPTH: 0 7 = DUSTSTORM OR SANDSTORM:
VSBY 1/2 MILE OR LESS
8 = SMOKE OR HAZE
[NO. OF DAYS WITH] [WEATHER - DAYS WITH] 9 = BLOWING SNOW
X = TORNADO
MAX 32 OR BELOW: 0 0.01 INCH OR MORE: 11
MAX 90 OR ABOVE: 0 0.10 INCH OR MORE: 9
MIN 32 OR BELOW: 0 0.50 INCH OR MORE: 7
MIN 0 OR BELOW: 0 1.00 INCH OR MORE: 3
[HDD (BASE 65) ]
TOTAL THIS MO. 69 CLEAR (SCALE 0-3) 18
DPTR FM NORMAL -71 PTCLDY (SCALE 4-7) 11
TOTAL FM JUL 1 944 CLOUDY (SCALE 8-10) 2
DPTR FM NORMAL -269
[CDD (BASE 65) ]
TOTAL THIS MO. 78
DPTR FM NORMAL 24 [PRESSURE DATA]
TOTAL FM JAN 1 147 HIGHEST SLP M ON M
DPTR FM NORMAL 56 LOWEST SLP M ON M
[REMARKS]
#FINAL-03-22#