000
CXUS52 KTAE 010800
CF6CTY
PRELIMINARY LOCAL CLIMATOLOGICAL DATA (WS FORM: F-6)
STATION: CROSS CITY
MONTH: JUNE
YEAR: 2020
LATITUDE: 29 37 N
LONGITUDE: 83 6 W
TEMPERATURE IN F: :PCPN: SNOW: WIND :SUNSHINE: SKY :PK WND
================================================================================
1 2 3 4 5 6A 6B 7 8 9 10 11 12 13 14 15 16 17 18
12Z AVG MX 2MIN
DY MAX MIN AVG DEP HDD CDD WTR SNW DPTH SPD SPD DIR MIN PSBL S-S WX SPD DR
================================================================================
1 91 71 81 3 0 16 0.00 0.0 0 7.7 14 60 M M 4 24 60
2 90 70 80 1 0 15 0.00 0.0 0 7.0 10 70 M M 3 M M
3 83 68 76 -3 0 11 0.02 0.0 0 3.0 7 50 M M 0 M M
4 86 68 77 -2 0 12 0.08 0.0 0 3.4 13 160 M M 6 22 160
5 84 72 78 -1 0 13 0.10 0.0 0 3.4 8 300 M M 4 2 M M
6 76 72 74 -5 0 9 1.28 0.0 0 5.3 13 170 M M 2 1 18 170
7 86 73 80 1 0 15 1.78 0.0 0 6.2 14 200 M M 7 13 23 200
8 90 74 82 3 0 17 0.37 0.0 0 6.0 13 220 M M 6 1 M M
9 91 73 82 2 0 17 0.05 0.0 0 2.3 8 210 M M 5 12 M M
10 94 69 82 2 0 17 0.00 0.0 0 3.5 10 230 M M 0 1 M M
11 95 71 83 3 0 18 0.00 0.0 0 2.8 12 170 M M 1 21 170
12 89 70 80 0 0 15 0.27 0.0 0 5.5 15 20 M M 6 13 27 20
13 88 68 78 -2 0 13 0.01 0.0 0 6.5 13 20 M M 2 17 120
14 90 68 79 -1 0 14 0.00 0.0 0 6.2 15 360 M M 2 1 20 360
15 89 65 77 -3 0 12 0.00 0.0 0 4.8 14 40 M M 2 20 350
16 85 67 76 -4 0 11 0.00 0.0 0 5.4 9 30 M M 4 8 M M
17 87 64 76 -4 0 11 0.47 0.0 0 4.0 10 320 M M 4 M M
18 90 64 77 -3 0 12 0.00 0.0 0 2.7 8 210 M M 0 1 M M
19 94 66 80 0 0 15 0.00 0.0 0 3.4 12 270 M M 1 3 M M
20 92 68 80 0 0 15 0.00 0.0 0 3.9 13 280 M M 2 12 M M
21 90 66 78 -2 0 13 0.00 0.0 0 4.5 12 250 M M 1 17 270
22 91 65 78 -2 0 13 0.00 0.0 0 4.5 12 250 M M 3 M M
23 92 71 82 2 0 17 0.00 0.0 0 7.7 16 240 M M 1 25 250
24 95 71 83 3 0 18 0.00 0.0 0 5.4 13 230 M M 1 20 230
25 94 74 84 3 0 19 0.00 0.0 0 3.9 9 240 M M 1 1 M M
26 98 71 85 4 0 20 0.00 0.0 0 3.4 9 320 M M 0 8 M M
27 94 74 84 3 0 19 0.30 0.0 0 2.1 8 190 M M 0 13 24 350
28 94 71 83 2 0 18 0.00 0.0 0 4.8 14 230 M M 1 M M
29 96 72 84 3 0 19 0.00 0.0 0 5.4 16 240 M M 1 1 21 240
30 95 73 84 3 0 19 0.20 0.0 0 6.9 14 250 M M 1 20 250
================================================================================
SM 2709 2089 0 453 4.93 0.0 141.6 M 71
================================================================================
AV 90.3 69.6 4.7 FASTST M M 2 MAX(MPH)
MISC ----> # 16 240 # 27 20
================================================================================
NOTES:
# LAST OF SEVERAL OCCURRENCES
COLUMN 17 PEAK WIND IN M.P.H.
PRELIMINARY LOCAL CLIMATOLOGICAL DATA (WS FORM: F-6) , PAGE 2
STATION: CROSS CITY
MONTH: JUNE
YEAR: 2020
LATITUDE: 29 37 N
LONGITUDE: 83 6 W
[TEMPERATURE DATA] [PRECIPITATION DATA] SYMBOLS USED IN COLUMN 16
AVERAGE MONTHLY: 80.0 TOTAL FOR MONTH: 4.93 1 = FOG OR MIST
DPTR FM NORMAL: 0.1 DPTR FM NORMAL: -0.16 2 = FOG REDUCING VISIBILITY
HIGHEST: 98 ON 26 GRTST 24HR 1.78 ON 7- 7 TO 1/4 MILE OR LESS
LOWEST: 64 ON 18,17 3 = THUNDER
SNOW, ICE PELLETS, HAIL 4 = ICE PELLETS
TOTAL MONTH: 0.0 INCH 5 = HAIL
GRTST 24HR 0.0 6 = FREEZING RAIN OR DRIZZLE
GRTST DEPTH: 0 7 = DUSTSTORM OR SANDSTORM:
VSBY 1/2 MILE OR LESS
8 = SMOKE OR HAZE
[NO. OF DAYS WITH] [WEATHER - DAYS WITH] 9 = BLOWING SNOW
X = TORNADO
MAX 32 OR BELOW: 0 0.01 INCH OR MORE: 12
MAX 90 OR ABOVE: 20 0.10 INCH OR MORE: 8
MIN 32 OR BELOW: 0 0.50 INCH OR MORE: 2
MIN 0 OR BELOW: 0 1.00 INCH OR MORE: 2
[HDD (BASE 65) ]
TOTAL THIS MO. 0 CLEAR (SCALE 0-3) 20
DPTR FM NORMAL 0 PTCLDY (SCALE 4-7) 10
TOTAL FM JUL 1 914 CLOUDY (SCALE 8-10) 0
DPTR FM NORMAL -392
[CDD (BASE 65) ]
TOTAL THIS MO. 453
DPTR FM NORMAL 6 [PRESSURE DATA]
TOTAL FM JAN 1 1166 HIGHEST SLP 30.25 ON 26
DPTR FM NORMAL 240 LOWEST SLP 29.92 ON 30
[REMARKS]
#FINAL-06-20#