000
CXUS52 KCAE 011400
CF6CUB
PRELIMINARY LOCAL CLIMATOLOGICAL DATA (WS FORM: F-6)
STATION: HAMILTON - OWENS AIRPORT SC
MONTH: SEPTEMBER
YEAR: 2023
LATITUDE: 33 58 N
LONGITUDE: 80 59 W
TEMPERATURE IN F: :PCPN: SNOW: WIND :SUNSHINE: SKY :PK WND
================================================================================
1 2 3 4 5 6A 6B 7 8 9 10 11 12 13 14 15 16 17 18
12Z AVG MX 2MIN
DY MAX MIN AVG DEP HDD CDD WTR SNW DPTH SPD SPD DIR MIN PSBL S-S WX SPD DR
================================================================================
1 85 64 75 -5 0 10 0.00 M M 2.5 10 70 M M 0 17 70
2 84 62 73 -7 0 8 0.00 M M 1.3 9 220 M M 0 13 60
3 88 60 74 -6 0 9 0.00 M M 1.9 8 180 M M 0 13 180
4 93 64 79 0 0 14 0.00 M M 1.8 12 270 M M 0 14 280
5 95 67 81 2 0 16 0.00 M M 3.0 9 310 M M 0 14 270
6 96 72 84 5 0 19 0.00 M M 2.5 10 220 M M 0 1 14 270
7 94 69 82 3 0 17 T M M 3.5 32 260 M M 0 38 45 260
8 89 66 78 -1 0 13 0.00 M M 1.8 9 160 M M 1 14 170
9 84 70 77 -1 0 12 0.23 M M 1.6 12 140 M M 4 13 18 170
10 86 69 78 0 0 13 0.60 M M 1.1 9 200 M M 4 123 12 220
11 91 69 80 2 0 15 0.00 M M 1.9 12 160 M M 1 1 15 160
12 87 69 78 0 0 13 0.60 M M 3.4 23 310 M M 3 13 36 300
13 87 69 78 0 0 13 0.00 M M 1.2 6 210 M M 3 3 9 190
14 85 70 78 1 0 13 0.00 M M 2.5 9 60 M M 2 1 14 20
15 84 65 75 -2 0 10 0.00 M M 2.7 10 70 M M 1 15 70
16 83 62 73 -4 0 8 0.00 M M 2.1 12 160 M M 0 15 170
17 78 67 73 -4 0 8 1.37 M M 1.5 8 300 M M 8 12 12 300
18 82 63 73 -3 0 8 0.00 M M 2.0 12 260 M M 2 17 290
19 84 59 72 -4 0 7 0.00 M M 1.2 9 200 M M 4 1 13 180
20 84 65 75 -1 0 10 0.00 M M 1.0 10 160 M M 5 15 170
21 82 65 74 -2 0 9 T M M 3.1 13 60 M M 5 21 60
22 80 64 72 -3 0 7 0.00 M M 4.9 14 30 M M 2 21 40
23 79 65 72 -3 0 7 0.00 M M 5.1 15 300 M M 9 8 24 280
24 87 61 74 -1 0 9 0.00 M M 0.9 9 220 M M 1 13 220
25 88 60 74 0 0 9 0.00 M M 2.3 12 250 M M 0 14 230
26 83 64 74 0 0 9 0.00 M M 3.8 10 70 M M 1 15 70
27 72 65 69 -5 0 4 0.00 M M 5.2 10 60 M M 9 17 40
28 77 61 69 -4 0 4 0.00 M M 2.5 9 30 M M 6 15 30
29 85 62 74 1 0 9 0.00 M M 1.7 8 30 M M 2 13 90
30 85 60 73 0 0 8 0.00 M M 1.4 8 70 M M 1 18 13 70
================================================================================
SM 2557 1948 0 311 2.80 M 71.4 M 74
================================================================================
AV 85.2 64.9 2.4 FASTST M M 2 MAX(MPH)
MISC ----> 32 260 45 260
================================================================================
NOTES:
# LAST OF SEVERAL OCCURRENCES
COLUMN 17 PEAK WIND IN M.P.H.
PRELIMINARY LOCAL CLIMATOLOGICAL DATA (WS FORM: F-6) , PAGE 2
STATION: HAMILTON - OWENS AIRPORT SC
MONTH: SEPTEMBER
YEAR: 2023
LATITUDE: 33 58 N
LONGITUDE: 80 59 W
[TEMPERATURE DATA] [PRECIPITATION DATA] SYMBOLS USED IN COLUMN 16
AVERAGE MONTHLY: 75.1 TOTAL FOR MONTH: 2.80 1 = FOG OR MIST
DPTR FM NORMAL: -1.7 DPTR FM NORMAL: -1.53 2 = FOG REDUCING VISIBILITY
HIGHEST: 96 ON 6 GRTST 24HR 1.37 ON 17-17 TO 1/4 MILE OR LESS
LOWEST: 59 ON 19 3 = THUNDER
SNOW, ICE PELLETS, HAIL 4 = ICE PELLETS
TOTAL MONTH: M 5 = HAIL
GRTST 24HR M ON M 6 = FREEZING RAIN OR DRIZZLE
GRTST DEPTH: M ON M 7 = DUSTSTORM OR SANDSTORM:
VSBY 1/2 MILE OR LESS
8 = SMOKE OR HAZE
[NO. OF DAYS WITH] [WEATHER - DAYS WITH] 9 = BLOWING SNOW
X = TORNADO
MAX 32 OR BELOW: 0 0.01 INCH OR MORE: 4
MAX 90 OR ABOVE: 5 0.10 INCH OR MORE: 4
MIN 32 OR BELOW: 0 0.50 INCH OR MORE: 3
MIN 0 OR BELOW: 0 1.00 INCH OR MORE: 1
[HDD (BASE 65) ]
TOTAL THIS MO. 0 CLEAR (SCALE 0-3) 21
DPTR FM NORMAL -3 PTCLDY (SCALE 4-7) 7
TOTAL FM JUL 1 0 CLOUDY (SCALE 8-10) 2
DPTR FM NORMAL 0
[CDD (BASE 65) ]
TOTAL THIS MO. 311
DPTR FM NORMAL -45 [PRESSURE DATA]
TOTAL FM JAN 1 2061 HIGHEST SLP 30.26 ON 2
DPTR FM NORMAL -223 LOWEST SLP 29.78 ON 7
[REMARKS]
#FINAL-09-23#