000
CXUS51 KILN 011307
CLMCVG
CLIMATE REPORT
NATIONAL WEATHER SERVICE WILMINGTON OH
907 AM EDT TUE AUG 01 2023
...................................
...THE CINCINNATI OH CLIMATE SUMMARY FOR THE MONTH OF JULY 2023...
CLIMATE NORMAL PERIOD: 1991 TO 2020
CLIMATE RECORD PERIOD: 1869 TO 2023
WEATHER OBSERVED NORMAL DEPART LAST YEAR`S
VALUE DATE(S) VALUE FROM VALUE DATE(S)
NORMAL
................................................................
TEMPERATURE (F)
RECORD
HIGH 108 07/22/1934
07/21/1934
LOW 47 07/11/1963
HIGHEST 91 07/28 86 5 95 07/06
LOWEST 59 07/10 65 -6 59 07/30
AVG. MAXIMUM 85.1 86.0 -0.9 86.9
AVG. MINIMUM 66.5 65.9 0.6 69.4
MEAN 75.8 75.9 -0.1 78.2
DAYS MAX >= 90 4 7.9 -3.9 9
DAYS MAX <= 32 0 0.0 0.0 0
DAYS MIN <= 32 0 0.0 0.0 0
DAYS MIN <= 0 0 0.0 0.0 0
PRECIPITATION (INCHES)
TOTALS 8.00 3.83 4.17 4.48
DAILY AVG. 0.26 0.12 0.14 0.14
DAYS >= .01 13 11.0 2.0 11
DAYS >= .10 11 7.1 3.9 9
DAYS >= .50 4 2.8 1.2 3
DAYS >= 1.00 3 0.9 2.1 1
GREATEST
24 HR. TOTAL 2.79 07/27 TO 07/27 1.42 07/17 TO 07/18
SNOWFALL (INCHES)
TOTALS T 0.0 0.0 0.0
SINCE 7/1 T 0.0 0.0 0.0
DAYS >= TRACE 1 0.0 1.0 0
DAYS >= 1.0 0 0.0 0.0 0
GREATEST
24 HR TOTAL T 07/24 TO 07/24 0.0
DEGREE DAYS
HEATING TOTAL 0 1 -1 0
SINCE 7/1 0 0 0 0
COOLING TOTAL 341 340 1 417
SINCE 1/1 598 682 -84 844
................................................................
WIND (MPH)
AVERAGE WIND SPEED 6.8
RESULTANT WIND SPEED/DIRECTION 3/240
HIGHEST WIND SPEED/DIRECTION 37/310 DATE 07/29
HIGHEST GUST SPEED/DIRECTION 49/270 DATE 07/24
SKY COVER
AVERAGE SKY COVER 0.52
AVERAGE RH (PERCENT) 78
WEATHER CONDITIONS. NUMBER OF DAYS WITH
THUNDERSTORM 16 MIXED PRECIP 0
HEAVY RAIN 7 RAIN 11
LIGHT RAIN 15 FREEZING RAIN 0
LT FREEZING RAIN 0 HAIL 1
HEAVY SNOW 0 SNOW 0
LIGHT SNOW 0 SLEET 0
FOG 26 FOG W/VIS <= 1/4 MILE 1
HAZE 13
- INDICATES NEGATIVE NUMBERS.
R INDICATES RECORD WAS SET OR TIED.
MM INDICATES DATA IS MISSING.
T INDICATES TRACE AMOUNT.
$$