000
CXUS51 KILN 012120
CLMCVG
CLIMATE REPORT
NATIONAL WEATHER SERVICE WILMINGTON OH
520 PM EDT WED NOV 01 2023
...................................
...THE CINCINNATI OH CLIMATE SUMMARY FOR THE MONTH OF OCTOBER 2023...
CLIMATE NORMAL PERIOD: 1991 TO 2020
CLIMATE RECORD PERIOD: 1869 TO 2023
WEATHER OBSERVED NORMAL DEPART LAST YEAR`S
VALUE DATE(S) VALUE FROM VALUE DATE(S)
NORMAL
................................................................
TEMPERATURE (F)
RECORD
HIGH 95 10/01/2019
LOW 16 10/27/1962
HIGHEST 86 10/03 67 19 78 10/12
10/22
10/24
LOWEST 25 10/31 45 -20 29 10/20
AVG. MAXIMUM 66.9 66.7 0.2 67.0
AVG. MINIMUM 47.5 45.7 1.8 43.7
MEAN 57.2 56.2 1.0 55.4
DAYS MAX >= 90 0 0.2 -0.2 0
DAYS MAX <= 32 0 0.0 0.0 0
DAYS MIN <= 32 1 2.4 -1.4 1
DAYS MIN <= 0 0 0.0 0.0 0
PRECIPITATION (INCHES)
TOTALS 3.72 3.35 0.37 0.99
DAILY AVG. 0.12 0.11 0.01 0.03
DAYS >= .01 11 8.7 2.3 8
DAYS >= .10 8 5.7 2.3 3
DAYS >= .50 2 2.3 -0.3 0
DAYS >= 1.00 0 0.9 -0.9 0
GREATEST
24 HR. TOTAL 1.28 10/28 TO 10/29 0.47 10/25 TO 10/26
SNOWFALL (INCHES)
TOTALS T 0.2 -0.2 T
SINCE 7/1 T 0.2 -0.2 T
DAYS >= TRACE 1 0.1 0.9 2
DAYS >= 1.0 0 0.0 0.0 0
GREATEST
24 HR TOTAL T 10/31 TO 10/31 T 10/17 TO 10/17
DEGREE DAYS
HEATING TOTAL 274 296 -22 294
SINCE 7/1 276 353 -77 347
COOLING TOTAL 40 23 17 3
SINCE 1/1 1099 1160 -61 1322
................................................................
WIND (MPH)
AVERAGE WIND SPEED 7.8
RESULTANT WIND SPEED/DIRECTION 3/250
HIGHEST WIND SPEED/DIRECTION 29/320 DATE 10/06
HIGHEST GUST SPEED/DIRECTION 35/320 DATE 10/06
SKY COVER
AVERAGE SKY COVER 0.58
AVERAGE RH (PERCENT) 72
WEATHER CONDITIONS. NUMBER OF DAYS WITH
THUNDERSTORM 0 MIXED PRECIP 0
HEAVY RAIN 5 RAIN 6
LIGHT RAIN 13 FREEZING RAIN 0
LT FREEZING RAIN 0 HAIL 0
HEAVY SNOW 0 SNOW 0
LIGHT SNOW 1 SLEET 0
FOG 15 FOG W/VIS <= 1/4 MILE 0
HAZE 3
- INDICATES NEGATIVE NUMBERS.
R INDICATES RECORD WAS SET OR TIED.
MM INDICATES DATA IS MISSING.
T INDICATES TRACE AMOUNT.
$$