000
CXUS52 KCHS 031456
CF6CXM
PRELIMINARY LOCAL CLIMATOLOGICAL DATA (WS FORM: F-6)
STATION: DOWNTOWN CHARLESTON SC
MONTH: JANUARY
YEAR: 2022
LATITUDE: 32 46 N
LONGITUDE: 79 56 W
TEMPERATURE IN F: :PCPN: SNOW: WIND :SUNSHINE: SKY :PK WND
================================================================================
1 2 3 4 5 6A 6B 7 8 9 10 11 12 13 14 15 16 17 18
12Z AVG MX 2MIN
DY MAX MIN AVG DEP HDD CDD WTR SNW DPTH SPD SPD DIR MIN PSBL S-S WX SPD DR
================================================================================
1 71 64 68 16 0 3 0.00 M M 8.2 15 210 M M M 19 220
2 71 64 68 17 0 3 0.00 M M 10.0 21 200 M M M 30 200
3 70 46 58 7 7 0 0.01 M M 15.7 27 200 M M M 41 220
4 54 38 46 -5 19 0 0.00 M M 10.5 15 30 M M M 20 40
5 63 48 56 5 9 0 0.07 M 0 4.5 10 20 M M M 13 20
6 62 49 56 5 9 0 0.00 M M 5.6 13 220 M M M 19 210
7 63 45 54 3 11 0 0.00 M M 7.4 14 230 M M M 21 230
8 50 38 44 -7 21 0 0.00 M M 12.3 19 60 M M M 24 60
9 68 46 57 6 8 0 0.08 M M 7.3 14 210 M M M 19 220
10 64 44 54 3 11 0 0.06 M M 8.3 20 360 M M M 25 360
11 50 41 46 -5 19 0 0.00 M M 8.8 18 20 M M M 21 30
12 55 39 47 -4 18 0 0.00 M M 6.5 13 20 M M M 15 20
13 59 46 53 2 12 0 0.00 M M 2.5 7 200 M M M 14 300
14 59 45 52 1 13 0 0.00 M M 5.3 13 350 M M M 19 350
15 54 45 50 0 15 0 0.00 M M 9.3 22 60 M M M 28 50
16 62 45 54 4 11 0 1.53 M M 14.2 29 70 M M M 36 70
17 51 40 46 -4 19 0 0.00 M M 10.6 18 260 M M M 26 290
18 52 35 44 -6 21 0 0.00 M M 4.0 9 180 M M M 12 300
19 60 42 51 1 14 0 0.00 M M 2.2 8 200 M M M 11 210
20 70 49 60 10 5 0 0.04 M M 4.5 13 360 M M M 17 250
21 52 34 43 -7 22 0 0.19 M M 14.0 19 30 M M M 23 30
22 39 31 35 -15 30 0 0.11 M M 10.9 17 360 M M M 23 360
23 52 30 41 -10 24 0 0.00 M M 3.8 8 200 M M M 11 260
24 54 38 46 -5 19 0 0.00 M M 4.7 10 170 M M M 12 140
25 57 47 52 1 13 0 0.00 M M 2.8 6 110 M M M 7 250
26 53 42 48 -3 17 0 0.00 M M 8.1 15 10 M M M 19 30
27 52 35 44 -7 21 0 0.00 M M 11.2 17 20 M M M 22 30
28 48 37 43 -8 22 0 0.00 M M 6.7 11 360 M M M 15 360
29 44 35 40 -11 25 0 0.06 M M 8.6 16 340 M M M 23 340
30 50 30 40 -11 25 0 0.00 M M 6.8 16 200 M M M 26 200
31 55 45 50 -1 15 0 0.00 M M 5.6 10 110 M M M 14 240
================================================================================
SM 1764 1313 475 6 2.15 M 240.9 M M
================================================================================
AV 56.9 42.4 7.8 FASTST M M M MAX(MPH)
MISC ----> 29 70 41 220
================================================================================
NOTES:
# LAST OF SEVERAL OCCURRENCES
COLUMN 17 PEAK WIND IN M.P.H.
PRELIMINARY LOCAL CLIMATOLOGICAL DATA (WS FORM: F-6) , PAGE 2
STATION: DOWNTOWN CHARLESTON SC
MONTH: JANUARY
YEAR: 2022
LATITUDE: 32 46 N
LONGITUDE: 79 56 W
[TEMPERATURE DATA] [PRECIPITATION DATA] SYMBOLS USED IN COLUMN 16
AVERAGE MONTHLY: 49.6 TOTAL FOR MONTH: 2.15 1 = FOG OR MIST
DPTR FM NORMAL: -1.2 DPTR FM NORMAL: -0.41 2 = FOG REDUCING VISIBILITY
HIGHEST: 71 ON 2, 1 GRTST 24HR 1.53 ON 16-16 TO 1/4 MILE OR LESS
LOWEST: 30 ON 30,23 3 = THUNDER
SNOW, ICE PELLETS, HAIL 4 = ICE PELLETS
TOTAL MONTH: M 5 = HAIL
GRTST 24HR M ON M 6 = FREEZING RAIN OR DRIZZLE
GRTST DEPTH: 0 7 = DUSTSTORM OR SANDSTORM:
VSBY 1/2 MILE OR LESS
8 = SMOKE OR HAZE
[NO. OF DAYS WITH] [WEATHER - DAYS WITH] 9 = BLOWING SNOW
X = TORNADO
MAX 32 OR BELOW: 0 0.01 INCH OR MORE: 9
MAX 90 OR ABOVE: 0 0.10 INCH OR MORE: 3
MIN 32 OR BELOW: 3 0.50 INCH OR MORE: 1
MIN 0 OR BELOW: 0 1.00 INCH OR MORE: 1
[HDD (BASE 65) ]
TOTAL THIS MO. 475 CLEAR (SCALE 0-3) 0
DPTR FM NORMAL 33 PTCLDY (SCALE 4-7) 0
TOTAL FM JUL 1 866 CLOUDY (SCALE 8-10) 31
DPTR FM NORMAL -137
[CDD (BASE 65) ]
TOTAL THIS MO. 6
DPTR FM NORMAL 4 [PRESSURE DATA]
TOTAL FM JAN 1 6 HIGHEST SLP M ON M
DPTR FM NORMAL 4 LOWEST SLP 29.36 ON 16
[REMARKS]
#FINAL-01-22#