000
CXUS53 KUNR 010930
CF6D07
PRELIMINARY LOCAL CLIMATOLOGICAL DATA (WS FORM: F-6)
STATION: FAITH SD
MONTH: JULY
YEAR: 2023
LATITUDE: 45 1 N
LONGITUDE: 102 1 W
TEMPERATURE IN F: :PCPN: SNOW: WIND :SUNSHINE: SKY :PK WND
================================================================================
1 2 3 4 5 6A 6B 7 8 9 10 11 12 13 14 15 16 17 18
12Z AVG MX 2MIN
DY MAX MIN AVG DEP HDD CDD WTR SNW DPTH SPD SPD DIR MIN PSBL S-S WX SPD DR
================================================================================
1 85 60 73 3 0 8 0.00 M M 9.1 15 210 M M M 23 200
2 91 61 76 5 0 11 0.01 M M 10.2 18 300 M M M 31 290
3 84 58 71 0 0 6 0.17 M M 12.7 32 340 M M M 43 340
4 68 49 59 -12 6 0 0.19 M M 11.1 25 30 M M M 36 40
5 70 46 58 -14 7 0 0.00 M M 6.1 14 340 M M M 19 20
6 79 50 65 -7 0 0 0.00 M M 10.6 15 160 M M M 23 160
7 79 50 65 -7 0 0 0.20 M M 7.7 33 330 M M M 43 330
8 77 53 65 -7 0 0 0.00 M M 8.2 14 190 M M M 19 170
9 86 56 71 -1 0 6 0.00 M M 8.1 14 180 M M M 17 250
10 90 63 77 4 0 12 0.00 M M 11.1 18 70 M M M 25 70
11 75 56 66 -7 0 1 0.00 M M 16.0 37 60 M M M 47 50
12 83 53 68 -5 0 3 0.00 M M 6.4 22 160 M M M 31 160
13 88 60 74 1 0 9 0.00 M M 9.7 18 310 M M M 24 350
14 81 60 71 -2 0 6 0.00 M M 10.1 23 250 M M M 31 250
15 78 57 68 -5 0 3 0.00 M M 10.3 22 310 M M M 28 320
16 77 55 66 -8 0 1 0.00 M M 8.2 17 40 M M M 22 40
17 79 53 66 -8 0 1 0.06 M M 10.4 26 130 M M M 37 120
18 90 57 74 0 0 9 0.00 M M 9.5 22 170 M M M 26 170
19 85 57 71 -3 0 6 0.00 M M 12.3 28 330 M M M 39 330
20 79 53 66 -8 0 1 0.00 M M 5.2 13 30 M M M 16 40
21 86 60 73 -1 0 8 0.00 M M 3.8 13 170 M M M 18 150
22 89 60 75 1 0 10 0.00 M M 8.7 23 20 M M M 30 20
23 97 62 80 6 0 15 0.00 M M 12.0 33 40 M M M 45 40
24 97 60 79 5 0 14 0.00 M M 10.8 21 120 M M M 27 130
25 97 70 84 10 0 19 0.00 M M 7.0 17 180 M M M 24 150
26 99 69 84 10 0 19 0.00 M M 10.4 23 320 M M M 34 220
27 94 63 79 5 0 14 0.00 M M 9.6 28 170 M M M 35 180
28 87 62 75 1 0 10 0.00 M M 10.6 20 40 M M M 25 30
29 83 61 72 -2 0 7 0.01 M M 14.1 26 140 M M M 36 140
30 85 61 73 -1 0 8 0.05 M M 13.2 25 80 M M M 32 80
31 91 64 78 4 0 13 0.00 M M 7.8 16 170 M M M 24 180
================================================================================
SM 2629 1799 13 220 0.69 M 301.0 M M
================================================================================
AV 84.8 58.0 9.7 FASTST M M M MAX(MPH)
MISC ----> 37 60 47 50
================================================================================
NOTES:
# LAST OF SEVERAL OCCURRENCES
COLUMN 17 PEAK WIND IN M.P.H.
PRELIMINARY LOCAL CLIMATOLOGICAL DATA (WS FORM: F-6) , PAGE 2
STATION: FAITH SD
MONTH: JULY
YEAR: 2023
LATITUDE: 45 1 N
LONGITUDE: 102 1 W
[TEMPERATURE DATA] [PRECIPITATION DATA] SYMBOLS USED IN COLUMN 16
AVERAGE MONTHLY: 71.4 TOTAL FOR MONTH: 0.69 1 = FOG OR MIST
DPTR FM NORMAL: -1.6 DPTR FM NORMAL: -1.46 2 = FOG REDUCING VISIBILITY
HIGHEST: 99 ON 26 GRTST 24HR 0.36 ON 3- 4 TO 1/4 MILE OR LESS
LOWEST: 46 ON 5 3 = THUNDER
SNOW, ICE PELLETS, HAIL 4 = ICE PELLETS
TOTAL MONTH: M 5 = HAIL
GRTST 24HR M ON M 6 = FREEZING RAIN OR DRIZZLE
GRTST DEPTH: M ON M 7 = DUSTSTORM OR SANDSTORM:
VSBY 1/2 MILE OR LESS
8 = SMOKE OR HAZE
[NO. OF DAYS WITH] [WEATHER - DAYS WITH] 9 = BLOWING SNOW
X = TORNADO
MAX 32 OR BELOW: 0 0.01 INCH OR MORE: 7
MAX 90 OR ABOVE: 9 0.10 INCH OR MORE: 3
MIN 32 OR BELOW: 0 0.50 INCH OR MORE: 0
MIN 0 OR BELOW: 0 1.00 INCH OR MORE: 0
[HDD (BASE 65) ]
TOTAL THIS MO. 13 CLEAR (SCALE 0-3) 0
DPTR FM NORMAL 5 PTCLDY (SCALE 4-7) 0
TOTAL FM JUL 1 13 CLOUDY (SCALE 8-10) 31
DPTR FM NORMAL 11
[CDD (BASE 65) ]
TOTAL THIS MO. 220
DPTR FM NORMAL -36 [PRESSURE DATA]
TOTAL FM JAN 1 402 HIGHEST SLP 30.24 ON 29
DPTR FM NORMAL 40 LOWEST SLP 29.73 ON 27
[REMARKS]
#FINAL-07-23#