000
CXUS55 KVEF 032219
CF6DAG
PRELIMINARY LOCAL CLIMATOLOGICAL DATA (WS FORM: F-6)
STATION: BARSTOW-DAGGETT CA
MONTH: MARCH
YEAR: 2020
LATITUDE: 34 51 N
LONGITUDE: 116 47 W
TEMPERATURE IN F: :PCPN: SNOW: WIND :SUNSHINE: SKY :PK WND
================================================================================
1 2 3 4 5 6A 6B 7 8 9 10 11 12 13 14 15 16 17 18
12Z AVG MX 2MIN
DY MAX MIN AVG DEP HDD CDD WTR SNW DPTH SPD SPD DIR MIN PSBL S-S WX SPD DR
================================================================================
1 66 49 58 3 7 0 0.00 0.0 0 22.6 37 240 M M 2 44 230
2 66 46 56 0 9 0 T 0.0 0 9.6 23 10 M M 6 33 20
3 75 40 58 2 7 0 0.00 0.0 0 7.4 16 40 M M 0 21 40
4 79 47 63 7 2 0 0.00 0.0 0 6.8 17 280 M M 0 21 270
5 80 44 62 6 3 0 0.00 0.0 0 6.5 16 90 M M 0 25 70
6 81 45 63 7 2 0 0.00 0.0 0 6.8 17 230 M M 0 22 230
7 69 51 60 3 5 0 0.00 0.0 0 17.9 30 240 M M 0 36 260
8 67 42 55 -2 10 0 0.00 0.0 0 13.4 21 220 M M 0 31 290
9 69 43 56 -1 9 0 0.00 0.0 0 8.1 16 50 M M 0 20 50
10 64 52 58 1 7 0 0.26 0.0 0 14.2 24 100 M M 9 1 31 90
11 70 49 60 3 5 0 0.00 0.0 0 5.0 14 90 M M 5 1 17 90
12 64 50 57 -1 8 0 0.61 0.0 0 7.5 22 220 M M 7 13 27 220
13 63 48 56 -2 9 0 T 0.0 0 6.9 20 230 M M 7 23 250
14 67 44 56 -2 9 0 0.00 0.0 0 10.5 26 250 M M 1 33 240
15 68 46 57 -1 8 0 0.00 0.0 0 11.9 26 240 M M 1 33 230
16 66 44 55 -3 10 0 0.00 0.0 0 10.9 29 220 M M 2 33 230
17 59 42 51 -8 14 0 0.04 0.0 0 13.3 25 270 M M 6 30 280
18 56 36 46 -13 19 0 0.00 0.0 0 10.4 28 240 M M 2 35 240
19 62 45 54 -5 11 0 0.00 0.0 0 13.2 25 240 M M 4 30 250
20 62 41 52 -7 13 0 0.00 0.0 0 5.8 16 250 M M 5 21 250
21 67 45 56 -3 9 0 0.00 0.0 0 5.2 14 250 M M 3 16 250
22 70 47 59 -1 6 0 0.02 0.0 0 8.9 24 250 M M 2 29 250
23 67 50 59 -1 6 0 0.01 0.0 0 18.2 32 280 M M 3 39 280
24 69 49 59 -1 6 0 0.00 0.0 0 15.8 25 250 M M 0 33 240
25 65 47 56 -4 9 0 0.00 0.0 0 20.0 31 280 M M 3 36 270
26 60 43 52 -8 13 0 0.00 0.0 0 20.5 31 270 M M 0 36 260
27 63 42 53 -7 12 0 T 0.0 0 16.8 26 280 M M 1 33 280
28 67 40 54 -6 11 0 0.00 0.0 0 7.9 17 290 M M 0 22 290
29 68 48 58 -3 7 0 0.00 0.0 0 17.6 31 270 M M 1 41 270
30 75 43 59 -2 6 0 0.00 0.0 0 9.1 17 320 M M 0 21 300
31 76 50 63 2 2 0 0.00 0.0 0 11.2 21 270 M M 0 25 260
================================================================================
SM 2100 1408 254 0 0.94 0.0 359.9 M 70
================================================================================
AV 67.7 45.4 11.6 FASTST M M 2 MAX(MPH)
MISC ----> 37 240 44 230
================================================================================
NOTES:
# LAST OF SEVERAL OCCURRENCES
COLUMN 17 PEAK WIND IN M.P.H.
PRELIMINARY LOCAL CLIMATOLOGICAL DATA (WS FORM: F-6) , PAGE 2
STATION: BARSTOW-DAGGETT CA
MONTH: MARCH
YEAR: 2020
LATITUDE: 34 51 N
LONGITUDE: 116 47 W
[TEMPERATURE DATA] [PRECIPITATION DATA] SYMBOLS USED IN COLUMN 16
AVERAGE MONTHLY: 56.6 TOTAL FOR MONTH: 0.94 1 = FOG OR MIST
DPTR FM NORMAL: -1.7 DPTR FM NORMAL: 0.44 2 = FOG REDUCING VISIBILITY
HIGHEST: 81 ON 6 GRTST 24HR 0.61 ON 12-12 TO 1/4 MILE OR LESS
LOWEST: 36 ON 18 3 = THUNDER
SNOW, ICE PELLETS, HAIL 4 = ICE PELLETS
TOTAL MONTH: 0.0 INCH 5 = HAIL
GRTST 24HR 0.0 6 = FREEZING RAIN OR DRIZZLE
GRTST DEPTH: 0 7 = DUSTSTORM OR SANDSTORM:
VSBY 1/2 MILE OR LESS
8 = SMOKE OR HAZE
[NO. OF DAYS WITH] [WEATHER - DAYS WITH] 9 = BLOWING SNOW
X = TORNADO
MAX 32 OR BELOW: 0 0.01 INCH OR MORE: 5
MAX 90 OR ABOVE: 0 0.10 INCH OR MORE: 2
MIN 32 OR BELOW: 0 0.50 INCH OR MORE: 1
MIN 0 OR BELOW: 0 1.00 INCH OR MORE: 0
[HDD (BASE 65) ]
TOTAL THIS MO. 254 CLEAR (SCALE 0-3) 22
DPTR FM NORMAL 28 PTCLDY (SCALE 4-7) 8
TOTAL FM JUL 1 1774 CLOUDY (SCALE 8-10) 1
DPTR FM NORMAL -214
[CDD (BASE 65) ]
TOTAL THIS MO. 0
DPTR FM NORMAL -18 [PRESSURE DATA]
TOTAL FM JAN 1 0 HIGHEST SLP M ON M
DPTR FM NORMAL -19 LOWEST SLP 29.63 ON 12
[REMARKS]
#FINAL-03-20#