000
CXUS51 KRNK 010727
CLMDAN
CLIMATE REPORT
NATIONAL WEATHER SERVICE BLACKSBURG, VA
327 AM EDT MON APR 01 2024
...................................
...THE DANVILLE VA CLIMATE SUMMARY FOR THE MONTH OF MARCH 2024...
CLIMATE NORMAL PERIOD: 1991 TO 2020
CLIMATE RECORD PERIOD: 1916 TO 2024
WEATHER OBSERVED NORMAL DEPART LAST YEAR`S
VALUE DATE(S) VALUE FROM VALUE
NORMAL
..............................................................
TEMPERATURE (F)
RECORD
HIGH 91 03/13/1990
LOW 8 03/06/1960
HIGHEST 82 03/31 87
LOWEST 27 03/01 23
03/12
03/19
AVG. MAXIMUM 65.5 61.1 4.4 61.9
AVG. MINIMUM 40.5 36.8 3.7 38.6
MEAN 53.0 49.0 4.0 50.3
DAYS MAX >= 90 0 0.0 0.0 0
DAYS MAX <= 32 0 0.0 0.0 0
DAYS MIN <= 32 5 11.6 -6.6 11
DAYS MIN <= 0 0 0.0 0.0 0
PRECIPITATION (INCHES)
RECORD
MAXIMUM 10.43 1975
MINIMUM 0.56 2006
TOTALS 4.91 3.53 1.38 1.90
DAYS >= .01 10 11.1 -1.1 10
DAYS >= .10 7 6.8 0.2 8
DAYS >= .50 5 2.0 3.0 0
DAYS >= 1.00 1 0.6 0.4 0
GREATEST
24 HR. TOTAL 1.23 0.46
SNOWFALL (INCHES)
TOTALS 0.0 1.5 -1.5 0.5
DAYS >= TRACE 0 0.7 -0.7 1
DAYS >= 1.0 0 0.3 -0.3 0
GREATEST
24 HR TOTAL 0.0 0.5
DEGREE DAYS
HEATING TOTAL 366 502 -136 457
COOLING TOTAL 0 5 -5 7
..............................................................
WIND (MPH)
AVERAGE WIND SPEED 6.1
RESULTANT WIND SPEED/DIRECTION 2/310
HIGHEST WIND SPEED/DIRECTION 26/250 DATE 03/20
HIGHEST GUST SPEED/DIRECTION 39/320 DATE 03/10
SKY COVER
AVERAGE SKY COVER 0.42
AVERAGE RH (PERCENT) 62
WEATHER CONDITIONS. NUMBER OF DAYS WITH
THUNDERSTORM 2 MIXED PRECIP 0
HEAVY RAIN 2 RAIN 6
LIGHT RAIN 11 FREEZING RAIN 0
LT FREEZING RAIN 0 HAIL 0
HEAVY SNOW 0 SNOW 0
LIGHT SNOW 0 SLEET 0
FOG 14 FOG W/VIS <= 1/4 MILE 1
HAZE 0
- INDICATES NEGATIVE NUMBERS.
R INDICATES RECORD WAS SET OR TIED.
MM INDICATES DATA IS MISSING.
T INDICATES TRACE AMOUNT.
$$
PW