000
CXUS51 KRNK 010807
CLSDAN
CLIMATE REPORT
NATIONAL WEATHER SERVICE BLACKSBURG, VA
407 AM EDT THU SEP 01 2022
...................................
...THE DANVILLE VA CLIMATE SUMMARY FOR THE SEASON, FROM
6/1/2022 TO 8/31/2022...
CLIMATE NORMAL PERIOD: 1991 TO 2020
CLIMATE RECORD PERIOD: 1916 TO 2022
WEATHER OBSERVED NORMAL DEPART LAST YEAR`S
VALUE DATE(S) VALUE FROM VALUE
NORMAL
..............................................................
TEMPERATURE (F)
RECORD
HIGH 107 08/31/1932
08/06/1918
LOW 40 06/11/1977
HIGHEST 96 06/17 97
07/23
07/24
LOWEST 49 06/19 48
AVG. MAXIMUM 87.6 87.1 0.5 88.8
AVG. MINIMUM 65.8 65.2 0.6 66.2
MEAN 76.7 76.1 0.6 77.5
DAYS MAX >= 90 40 35.5 4.5 42
DAYS MAX <= 32 0 0.0 0.0 0
DAYS MIN <= 32 0 0.0 0.0 0
DAYS MIN <= 0 0 0.0 0.0 0
PRECIPITATION (INCHES)
RECORD
MAXIMUM 22.94 1995
MINIMUM 6.76 2007
TOTALS 9.23 12.33 -3.10 9.05
DAYS >= .01 26 34.9 -8.9 26
DAYS >= .10 19 21.3 -2.3 19
DAYS >= .50 8 9.0 -1.0 5
DAYS >= 1.00 1 3.3 -2.3 2
GREATEST
24 HR. TOTAL 1.17 2.76
SNOWFALL (INCHES)
TOTALS 0.0 0.0 0.0 0.0
DAYS >= TRACE 0 0.0 0.0 0
DAYS >= 1.0 0 0.0 0.0 0
GREATEST
24 HR TOTAL 0.0 0.0
DEGREE DAYS
HEATING TOTAL 0 5 -5 0
COOLING TOTAL 1105 1030 75 1184
..............................................................
WIND (MPH)
AVERAGE WIND SPEED 3.7
RESULTANT WIND SPEED/DIRECTION 1/260
HIGHEST WIND SPEED/DIRECTION 40/320 DATE 06/08
HIGHEST GUST SPEED/DIRECTION 52/320 DATE 06/08
SKY COVER
AVERAGE SKY COVER 0.29
AVERAGE RH (PERCENT) 71
WEATHER CONDITIONS. NUMBER OF DAYS WITH
THUNDERSTORM 26 MIXED PRECIP 0
HEAVY RAIN 16 RAIN 20
LIGHT RAIN 43 FREEZING RAIN 0
LT FREEZING RAIN 0 HAIL 0
HEAVY SNOW 0 SNOW 0
LIGHT SNOW 0 SLEET 0
FOG 44 FOG W/VIS <= 1/4 MILE 5
HAZE 2
- INDICATES NEGATIVE NUMBERS.
R INDICATES RECORD WAS SET OR TIED.
MM INDICATES DATA IS MISSING.
T INDICATES TRACE AMOUNT.
$$