000
CXUS51 KILN 010551
CF6DAY
PRELIMINARY LOCAL CLIMATOLOGICAL DATA (WS FORM: F-6)
STATION: DAYTON OH
MONTH: MARCH
YEAR: 2020
LATITUDE: 39 54 N
LONGITUDE: 84 12 W
TEMPERATURE IN F: :PCPN: SNOW: WIND :SUNSHINE: SKY :PK WND
================================================================================
1 2 3 4 5 6A 6B 7 8 9 10 11 12 13 14 15 16 17 18
12Z AVG MX 2MIN
DY MAX MIN AVG DEP HDD CDD WTR SNW DPTH SPD SPD DIR MIN PSBL S-S WX SPD DR
================================================================================
1 57 22 40 5 25 0 0.00 0.0 0 12.3 22 190 M M 6 27 190
2 56 48 52 17 13 0 0.21 0.0 0 11.9 28 220 M M 10 1 34 220
3 55 37 46 10 19 0 0.93 0.0 0 14.0 43 280 M M 6 138 50 250
4 56 35 46 10 19 0 T 0.0 0 11.9 30 270 M M 3 38 280
5 56 29 43 7 22 0 T 0.0 0 8.3 26 290 M M 4 32 280
6 41 34 38 1 27 0 0.01 T 0 16.2 30 310 M M 9 1 38 300
7 50 28 39 2 26 0 0.00 0.0 0 6.3 17 360 M M 4 21 20
8 64 35 50 13 15 0 0.00 0.0 0 12.0 20 200 M M 3 25 210
9 65 49 57 19 8 0 T 0.0 0 18.2 30 190 M M 8 36 190
10 59 41 50 12 15 0 0.49 0.0 0 14.4 25 200 M M 9 1 34 190
11 50 41 46 8 19 0 T 0.0 0 4.5 14 240 M M 10 18 17 230
12 63 46 55 16 10 0 0.06 0.0 0 7.9 18 260 M M 10 1 25 260
13 60 36 48 9 17 0 0.01 0.0 0 14.8 26 280 M M 8 1 33 290
14 41 32 37 -3 28 0 0.32 1.9 0 8.1 20 20 M M 9 18 25 20
15 45 32 39 -1 26 0 0.00 0.0 1 11.5 17 30 M M 9 21 40
16 49 35 42 2 23 0 T 0.0 0 5.4 12 220 M M 10 1 13 220
17 48 35 42 1 23 0 0.00 0.0 0 8.2 18 320 M M 9 1 22 320
18 54 32 43 2 22 0 0.65 0.0 0 8.4 15 130 M M 9 18 19 150
19 66 44 55 13 10 0 0.84 0.0 0 10.2 30 220 M M 10 123 39 220
20 70 35 53 11 12 0 0.66 0.0 0 18.6 33 300 M M 9 13 40 270
21 35 30 33 -9 32 0 0.00 0.0 0 11.5 20 10 M M 10 23 10
22 43 24 34 -9 31 0 0.14 T 0 8.3 15 100 M M 7 14 19 120
23 47 40 44 1 21 0 0.12 0.0 0 7.1 14 290 M M 10 18 18 310
24 50 38 44 1 21 0 0.06 0.0 0 8.3 16 30 M M 10 1 20 40
25 62 35 49 5 16 0 0.00 0.0 0 6.2 12 330 M M 5 128 15 350
26 68 48 58 14 7 0 0.01 0.0 0 10.1 20 150 M M 7 24 150
27 57 50 54 10 11 0 0.55 0.0 0 8.7 17 140 M M 10 1 22 140
28 74 54 64 19 1 0 0.67 0.0 0 10.9 26 210 M M 10 13 34 210
29 66 53 60 15 5 0 0.02 0.0 0 21.1 39 240 M M 7 1 49 240
30 53 41 47 1 18 0 0.00 0.0 0 15.9 28 280 M M 7 35 250
31 45 36 41 -5 24 0 0.00 0.0 0 7.3 14 10 M M 10 20 10
================================================================================
SM 1705 1175 566 0 5.75 1.9 338.5 M 248
================================================================================
AV 55.0 37.9 10.9 FASTST M M 8 MAX(MPH)
MISC ----> # 43 280 # 50 250
================================================================================
NOTES:
# LAST OF SEVERAL OCCURRENCES
COLUMN 17 PEAK WIND IN M.P.H.
PRELIMINARY LOCAL CLIMATOLOGICAL DATA (WS FORM: F-6) , PAGE 2
STATION: DAYTON OH
MONTH: MARCH
YEAR: 2020
LATITUDE: 39 54 N
LONGITUDE: 84 12 W
[TEMPERATURE DATA] [PRECIPITATION DATA] SYMBOLS USED IN COLUMN 16
AVERAGE MONTHLY: 46.5 TOTAL FOR MONTH: 5.75 1 = FOG OR MIST
DPTR FM NORMAL: 6.1 DPTR FM NORMAL: 2.41 2 = FOG REDUCING VISIBILITY
HIGHEST: 74 ON 28 GRTST 24HR 0.93 ON 3- 3 TO 1/4 MILE OR LESS
LOWEST: 22 ON 1 3 = THUNDER
SNOW, ICE PELLETS, HAIL 4 = ICE PELLETS
TOTAL MONTH: 1.9 INCHES 5 = HAIL
GRTST 24HR 1.9 ON 14-14 6 = FREEZING RAIN OR DRIZZLE
GRTST DEPTH: 1 ON 15 7 = DUSTSTORM OR SANDSTORM:
VSBY 1/2 MILE OR LESS
8 = SMOKE OR HAZE
[NO. OF DAYS WITH] [WEATHER - DAYS WITH] 9 = BLOWING SNOW
X = TORNADO
MAX 32 OR BELOW: 0 0.01 INCH OR MORE: 17
MAX 90 OR ABOVE: 0 0.10 INCH OR MORE: 11
MIN 32 OR BELOW: 8 0.50 INCH OR MORE: 6
MIN 0 OR BELOW: 0 1.00 INCH OR MORE: 0
[HDD (BASE 65) ]
TOTAL THIS MO. 566 CLEAR (SCALE 0-3) 1
DPTR FM NORMAL -198 PTCLDY (SCALE 4-7) 12
TOTAL FM JUL 1 4212 CLOUDY (SCALE 8-10) 18
DPTR FM NORMAL -827
[CDD (BASE 65) ]
TOTAL THIS MO. 0
DPTR FM NORMAL 0 [PRESSURE DATA]
TOTAL FM JAN 1 0 HIGHEST SLP 30.61 ON 7
DPTR FM NORMAL 0 LOWEST SLP 29.55 ON 3
[REMARKS]
#FINAL-03-20#