000
CXUS51 KILN 010528
CF6DAY
PRELIMINARY LOCAL CLIMATOLOGICAL DATA (WS FORM: F-6)
STATION: DAYTON OH
MONTH: OCTOBER
YEAR: 2023
LATITUDE: 39 54 N
LONGITUDE: 84 12 W
TEMPERATURE IN F: :PCPN: SNOW: WIND :SUNSHINE: SKY :PK WND
================================================================================
1 2 3 4 5 6A 6B 7 8 9 10 11 12 13 14 15 16 17 18
12Z AVG MX 2MIN
DY MAX MIN AVG DEP HDD CDD WTR SNW DPTH SPD SPD DIR MIN PSBL S-S WX SPD DR
================================================================================
1 84 58 71 9 0 6 0.00 0.0 0 4.7 12 70 M M 1 1 18 80
2 87 57 72 10 0 7 0.00 0.0 0 2.8 9 110 M M 0 12 110
3 87 60 74 13 0 9 0.00 0.0 0 4.0 12 200 M M 1 16 150
4 87 62 75 14 0 10 0.00 0.0 0 8.5 17 220 M M 4 8 26 230
5 75 63 69 9 0 4 0.35 0.0 0 8.9 17 190 M M 9 1 23 190
6 72 46 59 -1 6 0 0.01 0.0 0 11.5 30 300 M M 5 1 38 300
7 61 39 50 -10 15 0 0.00 0.0 0 12.7 25 280 M M 5 31 270
8 58 39 49 -10 16 0 T 0.0 0 11.1 23 260 M M 7 26 260
9 62 44 53 -6 12 0 T 0.0 0 7.2 17 320 M M 8 23 340
10 64 38 51 -7 14 0 0.00 0.0 0 10.8 22 270 M M 2 30 270
11 69 39 54 -4 11 0 0.00 0.0 0 8.0 16 220 M M 4 22 230
12 77 51 64 6 1 0 0.01 0.0 0 7.2 15 30 M M 4 18 40
13 76 50 63 6 2 0 0.06 0.0 0 11.1 18 100 M M 4 1 23 110
14 63 50 57 0 8 0 0.32 0.0 0 14.1 23 10 M M 10 1 29 10
15 55 46 51 -5 14 0 0.03 0.0 0 10.3 20 340 M M 10 24 330
16 55 47 51 -5 14 0 0.01 0.0 0 9.3 16 330 M M 10 1 19 330
17 56 46 51 -5 14 0 0.00 0.0 0 6.0 10 260 M M 8 13 280
18 63 39 51 -4 14 0 0.00 0.0 0 8.6 15 210 M M 5 1 19 180
19 62 49 56 1 9 0 0.29 0.0 0 11.4 22 190 M M 9 1 34 190
20 56 49 53 -1 12 0 0.15 0.0 0 11.8 22 300 M M 10 1 29 300
21 60 39 50 -4 15 0 0.01 0.0 0 8.4 16 310 M M 5 22 300
22 57 39 48 -6 17 0 T 0.0 0 8.1 22 330 M M 5 26 350
23 65 34 50 -3 15 0 0.00 0.0 0 5.8 12 140 M M 2 14 150
24 78 48 63 10 2 0 0.00 0.0 0 9.6 17 190 M M 5 22 180
25 70 62 66 14 0 1 0.00 0.0 0 11.7 17 200 M M 9 27 200
26 75 60 68 16 0 3 0.00 0.0 0 10.8 21 210 M M 7 27 200
27 73 63 68 16 0 3 0.08 0.0 0 13.0 20 220 M M 8 1 27 210
28 67 51 59 8 6 0 0.15 0.0 0 8.4 17 330 M M 10 12 22 220
29 54 48 51 0 14 0 0.92 0.0 0 7.6 15 360 M M 10 1 19 320
30 48 33 41 -9 24 0 0.08 0.0 0 10.4 18 330 M M 9 1 23 330
31 45 26 36 -14 29 0 T T 0 10.3 25 280 M M 4 1 33 280
================================================================================
SM 2061 1475 284 43 2.47 T 284.1 M 190
================================================================================
AV 66.5 47.6 9.2 FASTST M M 6 MAX(MPH)
MISC ----> 30 300 38 300
================================================================================
NOTES:
# LAST OF SEVERAL OCCURRENCES
COLUMN 17 PEAK WIND IN M.P.H.
PRELIMINARY LOCAL CLIMATOLOGICAL DATA (WS FORM: F-6) , PAGE 2
STATION: DAYTON OH
MONTH: OCTOBER
YEAR: 2023
LATITUDE: 39 54 N
LONGITUDE: 84 12 W
[TEMPERATURE DATA] [PRECIPITATION DATA] SYMBOLS USED IN COLUMN 16
AVERAGE MONTHLY: 57.0 TOTAL FOR MONTH: 2.47 1 = FOG OR MIST
DPTR FM NORMAL: 1.0 DPTR FM NORMAL: -0.48 2 = FOG REDUCING VISIBILITY
HIGHEST: 87 ON 4, 3 GRTST 24HR 0.93 ON 28-29 TO 1/4 MILE OR LESS
LOWEST: 26 ON 31 3 = THUNDER
SNOW, ICE PELLETS, HAIL 4 = ICE PELLETS
TOTAL MONTH: T 5 = HAIL
GRTST 24HR T ON 31-31 6 = FREEZING RAIN OR DRIZZLE
GRTST DEPTH: 0 7 = DUSTSTORM OR SANDSTORM:
VSBY 1/2 MILE OR LESS
8 = SMOKE OR HAZE
[NO. OF DAYS WITH] [WEATHER - DAYS WITH] 9 = BLOWING SNOW
X = TORNADO
MAX 32 OR BELOW: 0 0.01 INCH OR MORE: 14
MAX 90 OR ABOVE: 0 0.10 INCH OR MORE: 6
MIN 32 OR BELOW: 1 0.50 INCH OR MORE: 1
MIN 0 OR BELOW: 0 1.00 INCH OR MORE: 0
[HDD (BASE 65) ]
TOTAL THIS MO. 284 CLEAR (SCALE 0-3) 5
DPTR FM NORMAL -16 PTCLDY (SCALE 4-7) 16
TOTAL FM JUL 1 302 CLOUDY (SCALE 8-10) 10
DPTR FM NORMAL -59
[CDD (BASE 65) ]
TOTAL THIS MO. 43
DPTR FM NORMAL 20 [PRESSURE DATA]
TOTAL FM JAN 1 1018 HIGHEST SLP M ON M
DPTR FM NORMAL -134 LOWEST SLP 28.98 ON 30
[REMARKS]
#FINAL-10-23#