000
CXUS54 KHUN 021519
CF6DCU
PRELIMINARY LOCAL CLIMATOLOGICAL DATA (WS FORM: F-6)
STATION: DECATUR
MONTH: MAY
YEAR: 2022
LATITUDE: 34 39 N
LONGITUDE: 86 56 W
TEMPERATURE IN F: :PCPN: SNOW: WIND :SUNSHINE: SKY :PK WND
================================================================================
1 2 3 4 5 6A 6B 7 8 9 10 11 12 13 14 15 16 17 18
12Z AVG MX 2MIN
DY MAX MIN AVG DEP HDD CDD WTR SNW DPTH SPD SPD DIR MIN PSBL S-S WX SPD DR
================================================================================
1 81 58 70 4 0 5 0.07 0.0 0 6.6 20 160 M M 4 3 27 160
2 85 53 69 3 0 4 0.02 0.0 0 3.2 13 260 M M 1 123 19 250
3 83 65 74 8 0 9 T 0.0 0 10.5 24 190 M M 3 35 190
4 83 62 73 6 0 8 0.00 0.0 0 4.5 14 330 M M 3 1 17 350
5 87 58 73 6 0 8 0.43 0.0 0 7.5 20 200 M M 2 138 28 260
6 74 60 67 0 0 2 0.50 0.0 0 13.6 32 280 M M 7 138 51 270
7 63 54 59 -9 6 0 M 0.0 0 9.2 20 290 M M 10 25 300
8 76 48 62 -6 3 0 0.00 0.0 0 4.1 12 130 M M 4 1 15 120
9 78 58 68 0 0 3 0.00 0.0 0 8.2 20 150 M M 2 27 140
10 81 57 69 1 0 4 0.00 0.0 0 4.0 14 160 M M 1 18 170
11 89 58 74 5 0 9 0.00 0.0 0 1.8 9 340 M M 1 1 14 250
12 89 62 76 7 0 11 0.00 0.0 0 4.3 14 150 M M 2 1 23 140
13 84 60 72 3 0 7 0.00 0.0 0 5.9 14 160 M M 1 26 150
14 86 61 74 5 0 9 0.00 0.0 0 4.6 15 170 M M 2 20 180
15 89 63 76 6 0 11 T 0.0 0 3.6 21 330 M M 1 3 28 340
16 83 60 72 2 0 7 0.00 0.0 0 5.8 17 330 M M 1 1 20 320
17 86 51 69 -1 0 4 0.00 0.0 0 2.7 12 360 M M 0 17 360
18 88 55 72 2 0 7 0.00 0.0 0 7.4 21 170 M M 0 28 160
19 91 67 79 8 0 14 0.00 0.0 0 9.0 18 210 M M 0 18 26 190
20 90 71 81 10 0 16 0.00 0.0 0 12.7 23 180 M M 3 34 200
21 91 70 81 10 0 16 0.00 0.0 0 10.0 26 320 M M 3 3 37 330
22 87 65 76 4 0 11 0.78 0.0 0 5.8 23 330 M M 6 13 30 340
23 74 62 68 -4 0 3 0.60 0.0 0 7.4 16 320 M M 8 1 21 320
24 80 62 71 -1 0 6 0.23 0.0 0 6.5 32 170 M M 8 18 48 190
25 77 67 72 0 0 7 0.41 0.0 0 11.3 22 140 M M 6 13 33 130
26 77 63 70 -3 0 5 1.08 0.0 0 11.0 23 280 M M 6 1 31 280
27 72 60 66 -7 0 1 0.00 0.0 0 7.3 18 290 M M 8 24 280
28 78 54 66 -7 0 1 0.00 0.0 0 3.1 13 260 M M 2 1 18 270
29 86 56 71 -2 0 6 0.00 0.0 0 4.8 14 180 M M 1 1 26 150
30 90 64 77 3 0 12 0.00 0.0 0 8.0 17 170 M M 2 25 170
31 91 66 79 5 0 14 0.00 0.0 0 4.2 12 210 M M 1 24 200
================================================================================
SM 2569 1870 9 220 4.12 0.0 208.6 M 99
================================================================================
AV 82.9 60.3 6.7 FASTST M M 3 MAX(MPH)
MISC ----> # 32 280 51 270
================================================================================
NOTES:
# LAST OF SEVERAL OCCURRENCES
COLUMN 17 PEAK WIND IN M.P.H.
PRELIMINARY LOCAL CLIMATOLOGICAL DATA (WS FORM: F-6) , PAGE 2
STATION: DECATUR
MONTH: MAY
YEAR: 2022
LATITUDE: 34 39 N
LONGITUDE: 86 56 W
[TEMPERATURE DATA] [PRECIPITATION DATA] SYMBOLS USED IN COLUMN 16
AVERAGE MONTHLY: 71.6 TOTAL FOR MONTH: 4.12 1 = FOG OR MIST
DPTR FM NORMAL: 1.7 DPTR FM NORMAL: -0.03 2 = FOG REDUCING VISIBILITY
HIGHEST: 91 ON 31,21 GRTST 24HR 1.34 ON 22-23 TO 1/4 MILE OR LESS
LOWEST: 48 ON 8 3 = THUNDER
SNOW, ICE PELLETS, HAIL 4 = ICE PELLETS
TOTAL MONTH: 0.0 INCH 5 = HAIL
GRTST 24HR 0.0 6 = FREEZING RAIN OR DRIZZLE
GRTST DEPTH: 0 7 = DUSTSTORM OR SANDSTORM:
VSBY 1/2 MILE OR LESS
8 = SMOKE OR HAZE
[NO. OF DAYS WITH] [WEATHER - DAYS WITH] 9 = BLOWING SNOW
X = TORNADO
MAX 32 OR BELOW: 0 0.01 INCH OR MORE: 9
MAX 90 OR ABOVE: 5 0.10 INCH OR MORE: 7
MIN 32 OR BELOW: 0 0.50 INCH OR MORE: 4
MIN 0 OR BELOW: 0 1.00 INCH OR MORE: 1
[HDD (BASE 65) ]
TOTAL THIS MO. 9 CLEAR (SCALE 0-3) 21
DPTR FM NORMAL -23 PTCLDY (SCALE 4-7) 8
TOTAL FM JUL 1 2984 CLOUDY (SCALE 8-10) 2
DPTR FM NORMAL -132
[CDD (BASE 65) ]
TOTAL THIS MO. 220
DPTR FM NORMAL 35 [PRESSURE DATA]
TOTAL FM JAN 1 266 HIGHEST SLP 30.28 ON 10
DPTR FM NORMAL 15 LOWEST SLP 29.63 ON 6
[REMARKS] PRECIPITATION DATA FOR MAY 6TH WERE TAKEN FROM THE BELLE
MINA COOPERATIVE OBSERVER (GHCND:USC00010655, BLMA1), WHICH IS
LOCATED APPROXIMATELY 4.1 MILES NORTHEAST OF THE DECATUR ASOS
(KDCU). MISSING PRECIPITATION DATA FOR MAY 7TH CANNOT BE RELIABLY
RECONSTRUCTED FROM AVAILABLE DATA.
#FINAL-05-22#