000
CXUS53 KDDC 011639
CF6DDC
PRELIMINARY LOCAL CLIMATOLOGICAL DATA (WS FORM: F-6)
STATION: DODGE CITY KS
MONTH: FEBRUARY
YEAR: 2022
LATITUDE: 37 46 N
LONGITUDE: 99 58 W
TEMPERATURE IN F: :PCPN: SNOW: WIND :SUNSHINE: SKY :PK WND
================================================================================
1 2 3 4 5 6A 6B 7 8 9 10 11 12 13 14 15 16 17 18
12Z AVG MX 2MIN
DY MAX MIN AVG DEP HDD CDD WTR SNW DPTH SPD SPD DIR MIN PSBL S-S WX SPD DR
================================================================================
1 46 24 35 1 30 0 T T 0 22.1 30 30 M M 4 8 40 40
2 24 9 17 -17 48 0 0.31 4.2 1 24.8 32 30 M M 10 128 42 30
3 15 2 9 -25 56 0 T T 4 15.7 26 30 M M 8 8 34 360
4 39 1 20 -14 45 0 0.00 0.0 2 11.0 17 300 M M 0 22 260
5 47 20 34 0 31 0 0.00 0.0 0 15.3 26 210 M M 0 35 210
6 47 23 35 1 30 0 0.00 0.0 0 15.9 32 360 M M 0 41 360
7 56 23 40 5 25 0 0.00 0.0 0 11.5 21 310 M M 0 30 310
8 61 28 45 10 20 0 0.00 0.0 0 15.8 38 360 M M 0 48 360
9 59 26 43 8 22 0 0.00 0.0 0 11.5 22 320 M M 0 30 320
10 60 26 43 8 22 0 T 0.0 0 10.9 23 260 M M 1 31 240
11 54 29 42 7 23 0 0.00 0.0 0 19.2 35 20 M M 2 43 10
12 46 11 29 -6 36 0 0.00 0.0 0 10.6 28 360 M M 2 35 360
13 56 21 39 3 26 0 0.00 0.0 0 10.3 20 220 M M 0 28 220
14 59 22 41 5 24 0 0.00 0.0 0 11.8 20 60 M M 0 26 130
15 71 32 52 16 13 0 0.00 0.0 0 17.3 26 210 M M 0 35 190
16 54 27 41 5 24 0 T T 0 17.5 37 20 M M 1 8 49 10
17 35 15 25 -11 40 0 0.03 0.6 T 17.3 37 10 M M 5 18 49 360
18 58 15 37 0 28 0 0.00 0.0 0 10.5 21 230 M M 0 8 29 220
19 54 20 37 0 28 0 0.00 0.0 0 15.3 29 170 M M 0 38 150
20 70 32 51 14 14 0 0.00 0.0 0 11.2 21 200 M M 0 32 180
21 74 11 43 6 22 0 T T 0 17.3 37 30 M M 1 46 30
22 21 4 13 -25 52 0 T T 0 21.1 35 350 M M 5 8 47 350
23 20 -2 9 -29 56 0 0.00 0.0 0 13.2 23 10 M M 0 29 40
24 24 0 12 -26 53 0 0.00 0.0 0 8.6 15 320 M M 1 22 300
25 34 1 18 -21 47 0 0.00 0.0 0 7.2 14 150 M M 0 8 22 140
26 43 9 26 -13 39 0 0.00 0.0 0 4.7 10 320 M M 0 15 340
27 60 13 37 -2 28 0 0.00 0.0 0 8.8 18 260 M M 0 25 260
28 70 26 48 8 17 0 0.00 0.0 0 6.6 15 260 M M 0 20 250
================================================================================
SM 1357 468 899 0 0.34 4.8 383.0 M 40
================================================================================
AV 48.5 16.7 13.7 FASTST M M 1 MAX(MPH)
MISC ----> 38 360 49 360
================================================================================
NOTES:
# LAST OF SEVERAL OCCURRENCES
COLUMN 17 PEAK WIND IN M.P.H.
PRELIMINARY LOCAL CLIMATOLOGICAL DATA (WS FORM: F-6) , PAGE 2
STATION: DODGE CITY KS
MONTH: FEBRUARY
YEAR: 2022
LATITUDE: 37 46 N
LONGITUDE: 99 58 W
[TEMPERATURE DATA] [PRECIPITATION DATA] SYMBOLS USED IN COLUMN 16
AVERAGE MONTHLY: 32.6 TOTAL FOR MONTH: 0.34 1 = FOG OR MIST
DPTR FM NORMAL: -3.6 DPTR FM NORMAL: -0.28 2 = FOG REDUCING VISIBILITY
HIGHEST: 74 ON 21 GRTST 24HR 0.31 ON 2- 2 TO 1/4 MILE OR LESS
LOWEST: -2 ON 23 3 = THUNDER
SNOW, ICE PELLETS, HAIL 4 = ICE PELLETS
TOTAL MONTH: 4.8 INCHES 5 = HAIL
GRTST 24HR 4.2 ON 2- 2 6 = FREEZING RAIN OR DRIZZLE
GRTST DEPTH: 4 ON 3 7 = DUSTSTORM OR SANDSTORM:
VSBY 1/2 MILE OR LESS
8 = SMOKE OR HAZE
[NO. OF DAYS WITH] [WEATHER - DAYS WITH] 9 = BLOWING SNOW
X = TORNADO
MAX 32 OR BELOW: 5 0.01 INCH OR MORE: 2
MAX 90 OR ABOVE: 0 0.10 INCH OR MORE: 1
MIN 32 OR BELOW: 28 0.50 INCH OR MORE: 0
MIN 0 OR BELOW: 2 1.00 INCH OR MORE: 0
[HDD (BASE 65) ]
TOTAL THIS MO. 899 CLEAR (SCALE 0-3) 23
DPTR FM NORMAL 93 PTCLDY (SCALE 4-7) 3
TOTAL FM JUL 1 3416 CLOUDY (SCALE 8-10) 2
DPTR FM NORMAL -327
[CDD (BASE 65) ]
TOTAL THIS MO. 0
DPTR FM NORMAL 0 [PRESSURE DATA]
TOTAL FM JAN 1 0 HIGHEST SLP 30.65 ON 23
DPTR FM NORMAL 0 LOWEST SLP 29.46 ON 21
[REMARKS]
PRECIP GAUGE WAS NOT ABLE TO CATCH ALL THE PRECIP ON THE 2ND SO A SNOW CORE
SAMPLE WAS USED TO OBTAIN THE PRECIPITATION FOR THAT DAY.
#FINAL-02-22#