000
CXUS53 KDDC 011552
CLSDDC
CLIMATE REPORT
NATIONAL WEATHER SERVICE DODGE CITY, KANSAS
1052 AM CDT WED JUN 01 2022
...................................
...THE DODGE CITY KS CLIMATE SUMMARY FOR THE SEASON, FROM
3/1/2022 TO 5/31/2022...
CLIMATE NORMAL PERIOD 1991 TO 2020
CLIMATE RECORD PERIOD 1875 TO 2022
WEATHER OBSERVED NORMAL DEPART LAST YEAR`S
VALUE DATE(S) VALUE FROM VALUE DATE(S)
NORMAL
................................................................
TEMPERATURE (F)
RECORD
HIGH 106 05/29/2011
LOW -15 03/11/1948
HIGHEST 100 05/29 MM MM 91 05/08
04/26
LOWEST 8 03/12 MM MM 16 03/01
AVG. MAXIMUM 70.3 68.8 1.5 66.9
AVG. MINIMUM 39.3 40.9 -1.6 41.3
MEAN 54.8 54.8 -0.0 54.1
DAYS MAX >= 90 13 5.3 7.7 2
DAYS MAX <= 32 1 1.4 -0.4 0
DAYS MIN <= 32 30 23.5 6.5 23
DAYS MIN <= 0 0 0.2 -0.2 0
PRECIPITATION (INCHES)
RECORD
MAXIMUM 15.62 1881
MINIMUM 1.35 1893
TOTALS 2.69 6.33 -3.64 9.46
DAYS >= .01 16 21.3 -5.3 31
DAYS >= .10 8 12.0 -4.0 22
DAYS >= .50 0 4.1 -4.1 8
DAYS >= 1.00 0 1.5 -1.5 1
GREATEST
24 HR. TOTAL 0.56 03/21 TO 03/22 1.20 03/22 TO 03/23
SNOWFALL (INCHES)
RECORDS
TOTAL 25.8 1970
24 HR TOTAL 13.3 03/16/1924
SNOW DEPTH 14 03/25/1957
03/26/1957
03/13/1999
TOTALS 3.5 4.5 -1.0 2.5
SINCE 7/1 20.0 19.1 0.9 16.5
SNOWDEPTH AVG. 0 -1
DAYS >= TRACE 10 2.5 7.5 4
DAYS >= 1.0 2 1.2 0.8 1
GREATEST
SNOW DEPTH 1 03/10 2 04/20
03/22
24 HR TOTAL 1.5R 03/22 TO 03/22 1.9
DEGREE DAYS
HEATING TOTAL 1116 1063 53 1058
SINCE 7/1 4532 4805 -273 3416
COOLING TOTAL 194 128 66 79
SINCE 1/1 194 128 66 0
................................................................
WIND (MPH)
AVERAGE WIND SPEED 15.7
RESULTANT WIND SPEED/DIRECTION 1/140
HIGHEST WIND SPEED/DIRECTION 52/190 DATE 05/11
HIGHEST GUST SPEED/DIRECTION 76/190 DATE 05/11
SKY COVER
POSSIBLE SUNSHINE (PERCENT) MM
AVERAGE SKY COVER 0.20
NUMBER OF DAYS FAIR 67
NUMBER OF DAYS PC 19
NUMBER OF DAYS CLOUDY 6
AVERAGE RH (PERCENT) 54
WEATHER CONDITIONS. NUMBER OF DAYS WITH
THUNDERSTORM 7 MIXED PRECIP 0
HEAVY RAIN 3 RAIN 6
LIGHT RAIN 21 FREEZING RAIN 0
LT FREEZING RAIN 0 HAIL 0
HEAVY SNOW 0 SNOW 1
LIGHT SNOW 9 SLEET 0
FOG 27 FOG W/VIS <= 1/4 MILE 1
HAZE 29
- INDICATES NEGATIVE NUMBERS.
R INDICATES RECORD WAS SET OR TIED.
MM INDICATES DATA IS MISSING.
T INDICATES TRACE AMOUNT.
$$