000
CXUS55 KALY 010810
CF6DDH
PRELIMINARY LOCAL CLIMATOLOGICAL DATA (WS FORM: F-6)
STATION: BENNINGTON VT
MONTH: JANUARY
YEAR: 2022
LATITUDE: 42 53 N
LONGITUDE: 73 15 W
TEMPERATURE IN F: :PCPN: SNOW: WIND :SUNSHINE: SKY :PK WND
================================================================================
1 2 3 4 5 6A 6B 7 8 9 10 11 12 13 14 15 16 17 18
12Z AVG MX 2MIN
DY MAX MIN AVG DEP HDD CDD WTR SNW DPTH SPD SPD DIR MIN PSBL S-S WX SPD DR
================================================================================
1 51 42 47 23 18 0 0.08 M M 2.0 12 120 M M 10 12 16 120
2 46 22 34 10 31 0 0.15 M M 5.1 13 310 M M 10 1 19 310
3 23 8 16 -8 49 0 0.00 M M 4.7 10 350 M M 4 8 14 320
4 29 7 18 -6 47 0 0.00 M M 1.5 13 110 M M 4 18 160
5 43 26 35 11 30 0 0.00 M M 9.4 33 190 M M 1 50 190
6 39 21 30 6 35 0 0.01 M M 6.1 18 270 M M 7 18 24 280
7 28 15 22 -1 43 0 0.11 M M 7.1 21 280 M M 10 18 28 270
8 22 -1 11 -12 54 0 0.00 M M 3.5 14 280 M M 2 22 290
9 38 17 28 5 37 0 0.34 M M 6.6 20 280 M M 10 16 28 250
10 31 15 23 0 42 0 T M M 9.0 20 270 M M 8 1 30 270
11 15 -2 7 -16 58 0 T M M 5.9 15 280 M M 4 1 21 270
12 31 3 17 -6 48 0 0.00 M M 2.9 14 200 M M 6 24 200
13 41 26 34 12 31 0 0.00 M M 1.0 9 150 M M 7 11 140
14 32 0 16 -6 49 0 0.00 M M 9.3 23 340 M M 4 1 40 330
15 3 -8 -2 -24 67 0 0.00 M M 8.8 22 320 M M 0 33 320
16 28 -8 10 -12 55 0 T M M 3.5 25 140 M M 1 35 140
17 39 26 33 11 32 0 0.43 M M 9.7 30 110 M M 10 1 53 140
18 26 2 14 -8 51 0 T M M 9.8 25 280 M M 3 38 280
19 42 2 22 0 43 0 0.00 M M 7.2 22 180 M M 7 34 180
20 40 6 23 1 42 0 0.00 M M 8.1 17 280 M M 7 25 270
21 12 -5 4 -18 61 0 0.00 M M 2.4 10 270 M M 0 14 280
22 23 -11 6 -16 59 0 0.00 M M 1.0 9 300 M M 1 11 300
23 28 11 20 -2 45 0 T M M 4.7 13 200 M M 7 18 16 200
24 25 7 16 -6 49 0 0.01 M M 2.3 9 260 M M 7 18 13 300
25 31 16 24 2 41 0 T M M 7.7 15 270 M M 8 18 22 300
26 18 -4 7 -15 58 0 0.00 M M 5.1 13 350 M M 0 18 250
27 25 -9 8 -14 57 0 T M M 4.4 13 180 M M 2 8 18 170
28 29 11 20 -2 45 0 T M M 1.6 8 220 M M 10 18 11 210
29 11 2 7 -15 58 0 0.05 M M 8.0 23 340 M M 9 189 35 350
30 17 -12 3 -19 62 0 0.00 M M 3.0 13 280 M M 0 17 270
31 28 -8 10 -12 55 0 T M M 1.5 7 140 M M 1 10 140
================================================================================
SM 894 217 1452 0 1.18 M 162.9 M 160
================================================================================
AV 28.8 7.0 5.3 FASTST M M 5 MAX(MPH)
MISC ----> 33 190 53 140
================================================================================
NOTES:
# LAST OF SEVERAL OCCURRENCES
COLUMN 17 PEAK WIND IN M.P.H.
PRELIMINARY LOCAL CLIMATOLOGICAL DATA (WS FORM: F-6) , PAGE 2
STATION: BENNINGTON VT
MONTH: JANUARY
YEAR: 2022
LATITUDE: 42 53 N
LONGITUDE: 73 15 W
[TEMPERATURE DATA] [PRECIPITATION DATA] SYMBOLS USED IN COLUMN 16
AVERAGE MONTHLY: 17.9 TOTAL FOR MONTH: 1.18 1 = FOG OR MIST
DPTR FM NORMAL: -4.7 DPTR FM NORMAL: -1.19 2 = FOG REDUCING VISIBILITY
HIGHEST: 51 ON 1 GRTST 24HR 0.43 ON 17-17 TO 1/4 MILE OR LESS
LOWEST: -12 ON 30 3 = THUNDER
SNOW, ICE PELLETS, HAIL 4 = ICE PELLETS
TOTAL MONTH: M 5 = HAIL
GRTST 24HR M ON M 6 = FREEZING RAIN OR DRIZZLE
GRTST DEPTH: M ON M 7 = DUSTSTORM OR SANDSTORM:
VSBY 1/2 MILE OR LESS
8 = SMOKE OR HAZE
[NO. OF DAYS WITH] [WEATHER - DAYS WITH] 9 = BLOWING SNOW
X = TORNADO
MAX 32 OR BELOW: 22 0.01 INCH OR MORE: 8
MAX 90 OR ABOVE: 0 0.10 INCH OR MORE: 4
MIN 32 OR BELOW: 30 0.50 INCH OR MORE: 0
MIN 0 OR BELOW: 11 1.00 INCH OR MORE: 0
[HDD (BASE 65) ]
TOTAL THIS MO. 1452 CLEAR (SCALE 0-3) 11
DPTR FM NORMAL 138 PTCLDY (SCALE 4-7) 13
TOTAL FM JUL 1 3706 CLOUDY (SCALE 8-10) 7
DPTR FM NORMAL -247
[CDD (BASE 65) ]
TOTAL THIS MO. 0
DPTR FM NORMAL 0 [PRESSURE DATA]
TOTAL FM JAN 1 0 HIGHEST SLP 30.64 ON 21
DPTR FM NORMAL 0 LOWEST SLP 28.96 ON 17
[REMARKS]
#FINAL-01-22#