000
CXUS53 KILX 010900
CF6DEC
PRELIMINARY LOCAL CLIMATOLOGICAL DATA (WS FORM: F-6)
STATION: DECATUR IL AIRPORT
MONTH: JUNE
YEAR: 2021
LATITUDE: 39 49 N
LONGITUDE: 88 51 W
TEMPERATURE IN F: :PCPN: SNOW: WIND :SUNSHINE: SKY :PK WND
================================================================================
1 2 3 4 5 6A 6B 7 8 9 10 11 12 13 14 15 16 17 18
12Z AVG MX 2MIN
DY MAX MIN AVG DEP HDD CDD WTR SNW DPTH SPD SPD DIR MIN PSBL S-S WX SPD DR
================================================================================
1 74 58 66 -3 0 1 0.00 M M 4.6 12 130 M M 7 15 90
2 76 58 67 -2 0 2 0.00 M M 6.1 15 80 M M 9 1 22 40
3 84 59 72 2 0 7 0.00 M M 3.7 13 340 M M 3 1 18 360
4 85 62 74 4 0 9 0.00 M M 9.1 18 210 M M 0 28 210
5 87 66 77 7 0 12 0.00 M M 9.7 16 210 M M 1 24 240
6 85 66 76 5 0 11 0.00 M M 9.8 18 170 M M 5 24 160
7 84 70 77 6 0 12 0.11 M M 9.1 16 160 M M 7 1 24 180
8 84 65 75 4 0 10 0.00 M M 7.2 15 180 M M 4 1 M M
9 86 67 77 6 0 12 0.01 M M 6.2 14 90 M M 6 1 20 40
10 89 67 78 6 0 13 0.01 M M 3.4 18 350 M M 2 123 24 340
11 95 68 82 10 0 17 0.00 M M 3.7 14 40 M M 1 18 40
12 96 70 83 11 0 18 0.05 M M 4.5 20 70 M M 2 3 27 60
13 90 68 79 7 0 14 0.00 M M 9.2 18 10 M M 0 24 360
14 89 63 76 3 0 11 0.00 M M 9.5 21 350 M M 0 8 27 360
15 87 57 72 -1 0 7 0.00 M M 4.3 14 60 M M 2 20 330
16 85 56 71 -2 0 6 0.00 M M 5.4 12 30 M M 1 17 360
17 90 54 72 -1 0 7 0.00 M M 7.7 17 170 M M 0 24 180
18 96 74 85 11 0 20 0.01 M M 11.2 23 280 M M 1 34 260
19 84 68 76 2 0 11 0.58 M M 10.0 32 330 M M 4 13 46 330
20 87 68 78 4 0 13 0.00 M M 9.4 24 210 M M 1 33 220
21 82 60 71 -3 0 6 T M M 12.9 29 250 M M 4 43 250
22 76 49 63 -11 2 0 0.00 M M 5.7 14 180 M M 0 19 180
23 82 61 72 -2 0 7 T M M 13.3 24 170 M M 2 35 170
24 77 65 71 -4 0 6 1.27 M M 11.2 21 200 M M 5 13 28 200
25 86 70 78 3 0 13 1.71 M M 13.2 35 230 M M 4 13 68 210
26 87 71 79 4 0 14 0.54 M M 16.6 31 200 M M 6 138 44 190
27 87 72 80 5 0 15 0.54 M M 11.0 23 190 M M 6 13 29 200
28 88 72 80 5 0 15 1.10 M M 8.1 22 260 M M 4 13 32 280
29 89 70 80 5 0 15 0.14 M M 5.9 21 240 M M 2 13 28 220
30 81 72 77 2 0 12 0.39 M M 3.8 16 220 M M 6 13 20 240
================================================================================
SM 2568 1946 2 316 6.46 M 245.5 M 95
================================================================================
AV 85.6 64.9 8.2 FASTST M M 3 MAX(MPH)
MISC ----> 35 230 68 210
================================================================================
NOTES:
# LAST OF SEVERAL OCCURRENCES
COLUMN 17 PEAK WIND IN M.P.H.
PRELIMINARY LOCAL CLIMATOLOGICAL DATA (WS FORM: F-6) , PAGE 2
STATION: DECATUR IL AIRPORT
MONTH: JUNE
YEAR: 2021
LATITUDE: 39 49 N
LONGITUDE: 88 51 W
[TEMPERATURE DATA] [PRECIPITATION DATA] SYMBOLS USED IN COLUMN 16
AVERAGE MONTHLY: 75.2 TOTAL FOR MONTH: 6.46 1 = FOG OR MIST
DPTR FM NORMAL: 2.5 DPTR FM NORMAL: 2.08 2 = FOG REDUCING VISIBILITY
HIGHEST: 96 ON 18,12 GRTST 24HR 2.15 ON 25-26 TO 1/4 MILE OR LESS
LOWEST: 49 ON 22 3 = THUNDER
SNOW, ICE PELLETS, HAIL 4 = ICE PELLETS
TOTAL MONTH: M 5 = HAIL
GRTST 24HR M ON M 6 = FREEZING RAIN OR DRIZZLE
GRTST DEPTH: M ON M 7 = DUSTSTORM OR SANDSTORM:
VSBY 1/2 MILE OR LESS
8 = SMOKE OR HAZE
[NO. OF DAYS WITH] [WEATHER - DAYS WITH] 9 = BLOWING SNOW
X = TORNADO
MAX 32 OR BELOW: 0 0.01 INCH OR MORE: 13
MAX 90 OR ABOVE: 5 0.10 INCH OR MORE: 9
MIN 32 OR BELOW: 0 0.50 INCH OR MORE: 6
MIN 0 OR BELOW: 0 1.00 INCH OR MORE: 3
[HDD (BASE 65) ]
TOTAL THIS MO. 2 CLEAR (SCALE 0-3) 16
DPTR FM NORMAL -9 PTCLDY (SCALE 4-7) 13
TOTAL FM JUL 1 5342 CLOUDY (SCALE 8-10) 1
DPTR FM NORMAL -48
[CDD (BASE 65) ]
TOTAL THIS MO. 316
DPTR FM NORMAL 74 [PRESSURE DATA]
TOTAL FM JAN 1 424 HIGHEST SLP 30.23 ON 1
DPTR FM NORMAL 72 LOWEST SLP 29.54 ON 21
[REMARKS]
#FINAL-06-21#