000
CXUS53 KARX 011000
CF6DEH
PRELIMINARY LOCAL CLIMATOLOGICAL DATA (WS FORM: F-6)
STATION: DECORAH IA
MONTH: FEBRUARY
YEAR: 2023
LATITUDE: 43 16 N
LONGITUDE: 91 44 W
TEMPERATURE IN F: :PCPN: SNOW: WIND :SUNSHINE: SKY :PK WND
================================================================================
1 2 3 4 5 6A 6B 7 8 9 10 11 12 13 14 15 16 17 18
12Z AVG MX 2MIN
DY MAX MIN AVG DEP HDD CDD WTR SNW DPTH SPD SPD DIR MIN PSBL S-S WX SPD DR
================================================================================
1 19 5 12 M 53 0 0.00 0.0 M 4.8 10 220 M M 1 16 220
2 19 -4 8 M 57 0 0.00 0.0 M 11.2 22 340 M M 1 33 340
3 5 -11 -3 M 68 0 0.00 0.0 M 6.6 15 330 M M 7 17 160
4 32 5 19 M 46 0 0.00 0.0 M 7.5 12 170 M M 3 20 160
5 32 19 26 M 39 0 0.00 0.0 M 5.9 16 340 M M 1 1 21 330
6 39 16 28 M 37 0 0.02 0.0 M 10.0 16 150 M M 3 1 27 130
7 39 27 33 M 32 0 0.00 0.0 M 7.9 13 290 M M 5 23 290
8 43 27 35 M 30 0 0.00 0.0 M 4.7 9 210 M M 0 15 99
9 39 30 35 M 30 0 0.00 0.0 M 8.9 14 330 M M 6 23 330
10 28 12 20 M 45 0 0.00 0.0 M 8.6 18 320 M M 0 25 320
11 41 23 32 M 33 0 0.00 0.0 M 7.6 13 220 M M 0 21 210
12 39 28 34 M 31 0 0.00 0.0 M 5.2 7 99 M M 0 14 210
13 43 27 35 M 30 0 0.00 0.0 M 5.8 9 180 M M 1 22 160
14 45 37 41 M 24 0 0.47 0.0 M 12.5 22 150 M M 4 1 32 150
15 43 21 32 M 33 0 0.02 0.0 0 10.7 17 240 M M 9 1 33 280
16 27 14 21 M 44 0 M M 0 11.9 20 330 M M 7 27 330
17 27 9 18 M 47 0 0.00 0.0 M 6.9 14 340 M M 2 21 220
18 41 21 31 M 34 0 0.00 0.0 M 6.6 14 150 M M 1 25 200
19 43 25 34 M 31 0 0.00 0.0 0 8.1 13 320 M M 5 23 220
20 43 21 32 M 33 0 0.00 0.0 0 7.4 14 300 M M 6 28 290
21 25 9 17 M 48 0 M M 0 8.6 20 290 M M 6 32 300
22 25 23 24 M 41 0 M M M 14.4 18 70 M M 8 1 27 60
23 23 7 15 M 50 0 M M M 9.8 21 70 M M 6 1 30 70
24 19 -2 9 M 56 0 M M M 3.4 7 99 M M 6 M M
25 32 14 23 M 42 0 M M M 6.0 16 210 M M 3 23 210
26 41 16 29 M 36 0 0.00 0.0 M 6.3 15 130 M M 1 24 130
27 39 34 37 M 28 0 0.95 0.0 M 12.3 21 100 M M 10 29 100
28 39 28 34 M 31 0 M M M 4.9 10 70 M M 4 15 99
================================================================================
SM 930 481 1109 0 1.46 0.0 224.5 M 106
================================================================================
AV 33.2 17.2 8.0 FASTST M M 4 MAX(MPH)
MISC ----> # 22 340 # 33 340
================================================================================
NOTES:
# LAST OF SEVERAL OCCURRENCES
COLUMN 17 PEAK WIND IN M.P.H.
PRELIMINARY LOCAL CLIMATOLOGICAL DATA (WS FORM: F-6) , PAGE 2
STATION: DECORAH IA
MONTH: FEBRUARY
YEAR: 2023
LATITUDE: 43 16 N
LONGITUDE: 91 44 W
[TEMPERATURE DATA] [PRECIPITATION DATA] SYMBOLS USED IN COLUMN 16
AVERAGE MONTHLY: 25.2 TOTAL FOR MONTH: 1.46 1 = FOG OR MIST
DPTR FM NORMAL: 0.0 DPTR FM NORMAL: 1.46 2 = FOG REDUCING VISIBILITY
HIGHEST: 45 ON 14 GRTST 24HR 0.95 ON 27-27 TO 1/4 MILE OR LESS
LOWEST: -11 ON 3 3 = THUNDER
SNOW, ICE PELLETS, HAIL 4 = ICE PELLETS
TOTAL MONTH: 0.0 INCH 5 = HAIL
GRTST 24HR 0.0 6 = FREEZING RAIN OR DRIZZLE
GRTST DEPTH: 0 7 = DUSTSTORM OR SANDSTORM:
VSBY 1/2 MILE OR LESS
8 = SMOKE OR HAZE
[NO. OF DAYS WITH] [WEATHER - DAYS WITH] 9 = BLOWING SNOW
X = TORNADO
MAX 32 OR BELOW: 13 0.01 INCH OR MORE: 4
MAX 90 OR ABOVE: 0 0.10 INCH OR MORE: 2
MIN 32 OR BELOW: 26 0.50 INCH OR MORE: 1
MIN 0 OR BELOW: 3 1.00 INCH OR MORE: 0
[HDD (BASE 65) ]
TOTAL THIS MO. 1109 CLEAR (SCALE 0-3) 12
DPTR FM NORMAL M PTCLDY (SCALE 4-7) 14
TOTAL FM JUL 1 5237 CLOUDY (SCALE 8-10) 2
DPTR FM NORMAL M
[CDD (BASE 65) ]
TOTAL THIS MO. 0
DPTR FM NORMAL M [PRESSURE DATA]
TOTAL FM JAN 1 0 HIGHEST SLP M ON M
DPTR FM NORMAL M LOWEST SLP M ON M
[REMARKS]
#FINAL-02-23#