000
CXUS55 KBOU 041236
CF6DEN
PRELIMINARY LOCAL CLIMATOLOGICAL DATA (WS FORM: F-6)
STATION: DENVER CO
MONTH: SEPTEMBER
YEAR: 2022
LATITUDE: 39 52 N
LONGITUDE: 104 40 W
TEMPERATURE IN F: :PCPN: SNOW: WIND :SUNSHINE: SKY :PK WND
================================================================================
1 2 3 4 5 6A 6B 7 8 9 10 11 12 13 14 15 16 17 18
12Z AVG MX 2MIN
DY MAX MIN AVG DEP HDD CDD WTR SNW DPTH SPD SPD DIR MIN PSBL S-S WX SPD DR
================================================================================
1 93 60 77 7 0 12 0.00 0.0 0 7.4 20 200 M M 2 29 200
2 95 64 80 10 0 15 0.50 0.0 0 10.3 36 320 M M 5 3 44 320
3 89 61 75 6 0 10 0.00 0.0 0 11.0 21 210 M M 2 28 220
4 95 61 78 9 0 13 0.00 0.0 0 8.5 18 170 M M 1 26 170
5 97 65 81 12 0 16 0.00 0.0 0 9.8 24 200 M M 1 32 190
6 98 67 83 15 0 18 0.00 0.0 0 7.9 21 200 M M 1 27 200
7 99 66 83 15 0 18 0.00 0.0 0 9.5 24 190 M M 2 31 190
8 99 63 81 13 0 16 0.00 0.0 0 11.3 31 320 M M 4 8 42 310
9 66 50 58 -10 7 0 0.04 0.0 0 10.1 32 340 M M 8 17 42 340
10 51 43 47 -20 18 0 0.18 0.0 0 9.6 17 60 M M 9 12 22 60
11 78 43 61 -6 4 0 0.00 0.0 0 4.7 10 210 M M 3 12 13 190
12 88 51 70 4 0 5 0.00 0.0 0 9.4 15 230 M M 1 18 280
13 91 53 72 6 0 7 0.00 0.0 0 11.4 25 140 M M 5 32 140
14 82 52 67 1 0 2 0.05 0.0 0 9.8 33 220 M M 7 42 220
15 80 53 67 2 0 2 T 0.0 0 7.2 22 140 M M 6 28 140
16 83 49 66 1 0 1 0.00 0.0 0 7.2 28 340 M M 4 34 310
17 85 52 69 4 0 4 0.00 0.0 0 11.5 28 160 M M 5 44 160
18 86 51 69 5 0 4 0.00 0.0 0 11.4 23 100 M M 1 32 90
19 92 57 75 11 0 10 T 0.0 0 8.9 18 110 M M 3 26 110
20 92 60 76 13 0 11 0.00 0.0 0 11.2 20 360 M M 5 25 80
21 67 47 57 -6 8 0 0.14 0.0 0 9.6 16 50 M M 9 18 20 50
22 63 48 56 -6 9 0 0.03 0.0 0 5.7 13 330 M M 8 1 17 20
23 82 46 64 2 1 0 0.00 0.0 0 10.5 29 290 M M 2 1 40 280
24 82 48 65 4 0 0 0.00 0.0 0 8.1 15 210 M M 1 19 70
25 77 42 60 -1 5 0 0.00 0.0 0 6.6 14 40 M M 1 20 80
26 83 45 64 4 1 0 0.00 0.0 0 9.6 16 40 M M 1 22 30
27 82 52 67 7 0 2 0.00 0.0 0 8.0 20 220 M M 5 28 260
28 86 52 69 9 0 4 0.00 0.0 0 9.6 18 200 M M 4 27 190
29 85 57 71 12 0 6 T 0.0 0 8.8 22 360 M M 6 35 310
30 83 51 67 9 0 2 0.31 0.0 0 9.7 29 300 M M 6 138 37 300
================================================================================
SM 2529 1609 53 178 1.25 0.0 274.3 M 118
================================================================================
AV 84.3 53.6 9.1 FASTST M M 4 MAX(MPH)
MISC ----> 36 320 # 44 320
================================================================================
NOTES:
# LAST OF SEVERAL OCCURRENCES
COLUMN 17 PEAK WIND IN M.P.H.
PRELIMINARY LOCAL CLIMATOLOGICAL DATA (WS FORM: F-6) , PAGE 2
STATION: DENVER CO
MONTH: SEPTEMBER
YEAR: 2022
LATITUDE: 39 52 N
LONGITUDE: 104 40 W
[TEMPERATURE DATA] [PRECIPITATION DATA] SYMBOLS USED IN COLUMN 16
AVERAGE MONTHLY: 69.0 TOTAL FOR MONTH: 1.25 1 = FOG OR MIST
DPTR FM NORMAL: 4.2 DPTR FM NORMAL: -0.10 2 = FOG REDUCING VISIBILITY
HIGHEST: 99 ON 8, 7 GRTST 24HR 0.50 ON 2- 2 TO 1/4 MILE OR LESS
LOWEST: 42 ON 25 3 = THUNDER
SNOW, ICE PELLETS, HAIL 4 = ICE PELLETS
TOTAL MONTH: 0.0 INCH 5 = HAIL
GRTST 24HR 0.0 6 = FREEZING RAIN OR DRIZZLE
GRTST DEPTH: 0 7 = DUSTSTORM OR SANDSTORM:
VSBY 1/2 MILE OR LESS
8 = SMOKE OR HAZE
[NO. OF DAYS WITH] [WEATHER - DAYS WITH] 9 = BLOWING SNOW
X = TORNADO
MAX 32 OR BELOW: 0 0.01 INCH OR MORE: 7
MAX 90 OR ABOVE: 10 0.10 INCH OR MORE: 4
MIN 32 OR BELOW: 0 0.50 INCH OR MORE: 1
MIN 0 OR BELOW: 0 1.00 INCH OR MORE: 0
[HDD (BASE 65) ]
TOTAL THIS MO. 53 CLEAR (SCALE 0-3) 14
DPTR FM NORMAL -52 PTCLDY (SCALE 4-7) 12
TOTAL FM JUL 1 53 CLOUDY (SCALE 8-10) 4
DPTR FM NORMAL -64
[CDD (BASE 65) ]
TOTAL THIS MO. 178
DPTR FM NORMAL 79 [PRESSURE DATA]
TOTAL FM JAN 1 1168 HIGHEST SLP M ON M
DPTR FM NORMAL 326 LOWEST SLP 29.58 ON 8
[REMARKS]
#FINAL-09-22#