000
CXUS56 KOTX 030131
CF6DEW
PRELIMINARY LOCAL CLIMATOLOGICAL DATA (WS FORM: F-6)
STATION: DEER_PARK WA AIRPORT
MONTH: JANUARY
YEAR: 2022
LATITUDE: 47 58 N
LONGITUDE: 117 25 W
TEMPERATURE IN F: :PCPN: SNOW: WIND :SUNSHINE: SKY :PK WND
================================================================================
1 2 3 4 5 6A 6B 7 8 9 10 11 12 13 14 15 16 17 18
12Z AVG MX 2MIN
DY MAX MIN AVG DEP HDD CDD WTR SNW DPTH SPD SPD DIR MIN PSBL S-S WX SPD DR
================================================================================
1 14 -6 4 -22 61 0 0.00 M M 3.1 9 20 M M 8 11 10
2 26 9 18 -8 47 0 0.00 M M 5.0 12 10 M M 6 14 20
3 34 26 30 4 35 0 0.11 M M 8.6 15 200 M M 10 1 19 210
4 29 7 18 -8 47 0 0.03 M M 1.9 13 200 M M 9 128 14 180
5 28 20 24 -3 41 0 0.04 M M 3.5 12 20 M M 7 1 16 10
6 29 23 26 -1 39 0 0.70 M M 5.3 12 30 M M 10 126 14 40
7 41 28 35 8 30 0 0.57 M M 14.0 30 230 M M 7 16 37 220
8 30 8 19 -8 46 0 0.00 M M 4.1 14 210 M M 2 128 18 210
9 36 6 21 -6 44 0 0.00 M M 3.1 9 30 M M 2 128 13 40
10 31 5 18 -9 47 0 0.00 M M 2.6 7 330 M M 5 128 8 170
11 36 28 32 5 33 0 0.19 M M 2.6 8 40 M M 10 1 9 60
12 39 28 34 7 31 0 0.07 M M 2.4 8 60 M M 8 12 9 60
13 35 23 29 2 36 0 0.00 M M 2.4 8 360 M M 6 128 9 170
14 36 26 31 4 34 0 0.00 M M 2.0 7 60 M M 9 128 8 40
15 34 31 33 5 32 0 0.00 M M 2.2 10 180 M M 10 12 14 190
16 32 24 28 0 37 0 0.00 M M 1.2 6 70 M M 10 12 6 310
17 36 25 31 3 34 0 0.00 M M 1.4 7 190 M M 6 128 10 90
18 35 30 33 5 32 0 T M M 1.1 7 300 M M 10 1 8 210
19 37 33 35 7 30 0 0.06 M M 3.1 9 30 M M 10 1 11 30
20 36 31 34 6 31 0 0.51 M M 5.6 16 180 M M 10 1 18 190
21 32 22 27 -1 38 0 0.00 M M 2.4 8 170 M M 9 12 10 210
22 36 28 32 4 33 0 0.00 M M 2.2 8 10 M M 10 12 10 10
23 36 20 28 0 37 0 0.00 M M 2.3 8 30 M M 5 12 10 30
24 31 18 25 -3 40 0 0.00 M M 1.6 8 50 M M 9 128 10 60
25 30 27 29 1 36 0 0.00 M M 1.8 6 40 M M 10 1 7 40
26 30 28 29 1 36 0 0.00 M M 3.3 8 20 M M 10 10 20
27 36 9 23 -5 42 0 0.00 M M 3.9 9 30 M M 1 18 11 30
28 29 5 17 -11 48 0 0.00 M M 1.2 6 190 M M 0 1 7 80
29 29 7 18 -10 47 0 0.00 M M 1.2 7 300 M M 6 1 7 50
30 33 23 28 0 37 0 0.08 M M 1.8 14 230 M M 9 18 18 230
31 33 9 21 -7 44 0 0.00 M M 6.6 20 230 M M 6 18 24 210
================================================================================
SM 1009 601 1205 0 2.36 M 103.5 M 230
================================================================================
AV 32.5 19.4 3.3 FASTST M M 7 MAX(MPH)
MISC ----> 30 230 37 220
================================================================================
NOTES:
# LAST OF SEVERAL OCCURRENCES
COLUMN 17 PEAK WIND IN M.P.H.
PRELIMINARY LOCAL CLIMATOLOGICAL DATA (WS FORM: F-6) , PAGE 2
STATION: DEER_PARK WA AIRPORT
MONTH: JANUARY
YEAR: 2022
LATITUDE: 47 58 N
LONGITUDE: 117 25 W
[TEMPERATURE DATA] [PRECIPITATION DATA] SYMBOLS USED IN COLUMN 16
AVERAGE MONTHLY: 26.0 TOTAL FOR MONTH: 2.36 1 = FOG OR MIST
DPTR FM NORMAL: -1.5 DPTR FM NORMAL: -0.53 2 = FOG REDUCING VISIBILITY
HIGHEST: 41 ON 7 GRTST 24HR 0.89 ON 6- 7 TO 1/4 MILE OR LESS
LOWEST: -6 ON 1 3 = THUNDER
SNOW, ICE PELLETS, HAIL 4 = ICE PELLETS
TOTAL MONTH: M 5 = HAIL
GRTST 24HR M ON M 6 = FREEZING RAIN OR DRIZZLE
GRTST DEPTH: M ON M 7 = DUSTSTORM OR SANDSTORM:
VSBY 1/2 MILE OR LESS
8 = SMOKE OR HAZE
[NO. OF DAYS WITH] [WEATHER - DAYS WITH] 9 = BLOWING SNOW
X = TORNADO
MAX 32 OR BELOW: 14 0.01 INCH OR MORE: 10
MAX 90 OR ABOVE: 0 0.10 INCH OR MORE: 5
MIN 32 OR BELOW: 30 0.50 INCH OR MORE: 3
MIN 0 OR BELOW: 1 1.00 INCH OR MORE: 0
[HDD (BASE 65) ]
TOTAL THIS MO. 1205 CLEAR (SCALE 0-3) 4
DPTR FM NORMAL 43 PTCLDY (SCALE 4-7) 10
TOTAL FM JUL 1 4124 CLOUDY (SCALE 8-10) 17
DPTR FM NORMAL -150
[CDD (BASE 65) ]
TOTAL THIS MO. 0
DPTR FM NORMAL 0 [PRESSURE DATA]
TOTAL FM JAN 1 0 HIGHEST SLP 30.70 ON 27
DPTR FM NORMAL 0 LOWEST SLP 29.27 ON 7
[REMARKS]
#FINAL-01-22#